000
CDUS41 KCLE 210545
CLICAK


CLIMATE REPORT
NATIONAL WEATHER SERVICE CLEVELAND OH
145 AM EDT FRI AUG 21 2015


...................................

...THE AKRON CANTON OH CLIMATE SUMMARY FOR AUGUST 20 2015...

CLIMATE NORMAL PERIOD 1981 TO 2010
CLIMATE RECORD PERIOD 1887 TO 2015


WEATHER ITEM   OBSERVED TIME   RECORD YEAR NORMAL DEPARTURE LAST
                VALUE   (LST)  VALUE       VALUE  FROM      YEAR
                                                  NORMAL
..................................................................
TEMPERATURE (F)
 YESTERDAY
  MAXIMUM         79    235 PM  97    1916  80     -1       81
  MINIMUM         61   1154 PM  44    1949  60      1       66
  AVERAGE         70                        70      0       74

PRECIPITATION (IN)
  YESTERDAY        0.32                      0.11   0.21     0.85
  MONTH TO DATE    0.38                      2.32  -1.94     5.19
  SINCE JUN 1     12.55                     10.23   2.32    18.63
  SINCE JAN 1     28.96                     25.96   3.00    35.26

SNOWFALL (IN)
  YESTERDAY        0.0                       0.0    0.0      0.0
  MONTH TO DATE    0.0                       0.0    0.0      0.0
  SINCE JUN 1      0.0                       0.0    0.0      0.0
  SINCE JUL 1      0.0                       0.0    0.0      0.0
  SNOW DEPTH       0

DEGREE DAYS
 HEATING
  YESTERDAY        0                         0      0        0
  MONTH TO DATE    0                         0      0        6
  SINCE JUN 1     25                        55    -30       31
  SINCE JUL 1      0                         6     -6       16

 COOLING
  YESTERDAY        5                         6     -1        9
  MONTH TO DATE  164                       129     35      108
  SINCE JUN 1    590                       486    104      468
  SINCE JAN 1    734                       528    206      544
..................................................................


WIND (MPH)
  HIGHEST WIND SPEED    31   HIGHEST WIND DIRECTION    SW (210)
  HIGHEST GUST SPEED    37   HIGHEST GUST DIRECTION    SW (210)
  AVERAGE WIND SPEED    11.1


SKY COVER
  POSSIBLE SUNSHINE  MM
  AVERAGE SKY COVER 0.7


WEATHER CONDITIONS
 THE FOLLOWING WEATHER WAS RECORDED YESTERDAY.
  HEAVY RAIN
  LIGHT RAIN
  FOG
  HAZE


RELATIVE HUMIDITY (PERCENT)
 HIGHEST    90           500 AM
 LOWEST     42           200 PM
 AVERAGE    66

..........................................................


THE AKRON CANTON OH CLIMATE NORMALS FOR TODAY
                         NORMAL    RECORD    YEAR
 MAXIMUM TEMPERATURE (F)   80        98      1916
 MINIMUM TEMPERATURE (F)   60        44      1950


SUNRISE AND SUNSET
AUGUST 21 2015........SUNRISE   641 AM EDT   SUNSET   816 PM EDT
AUGUST 22 2015........SUNRISE   642 AM EDT   SUNSET   814 PM EDT


-  INDICATES NEGATIVE NUMBERS.
R  INDICATES RECORD WAS SET OR TIED.
MM INDICATES DATA IS MISSING.
T  INDICATES TRACE AMOUNT.




$$
