000
CDUS41 KCLE 280534
CLICAK


CLIMATE REPORT
NATIONAL WEATHER SERVICE CLEVELAND OH
133 AM EDT FRI MAR 28 2014


...................................

...THE AKRON CANTON OH CLIMATE SUMMARY FOR MARCH 27 2014...

CLIMATE NORMAL PERIOD 1981 TO 2010
CLIMATE RECORD PERIOD 1887 TO 2014


WEATHER ITEM   OBSERVED TIME   RECORD YEAR NORMAL DEPARTURE LAST
                VALUE   (LST)  VALUE       VALUE  FROM      YEAR
                                                  NORMAL
..................................................................
TEMPERATURE (F)
 YESTERDAY
  MAXIMUM         50    937 PM  79    1950  51     -1       44
  MINIMUM         21   1246 AM  12    1982  32    -11       32
  AVERAGE         36                        42     -6       38

PRECIPITATION (IN)
  YESTERDAY        0.08                      0.11  -0.03     0.02
  MONTH TO DATE    1.07                      2.54  -1.47     2.06
  SINCE MAR 1      1.07                      2.54  -1.47     2.06
  SINCE JAN 1      4.58                      7.46  -2.88     6.25

SNOWFALL (IN)
  YESTERDAY        0.0                       0.2   -0.2      0.2
  MONTH TO DATE    8.9                       7.5    1.4     10.5
  SINCE MAR 1      8.9                       7.5    1.4     10.5
  SINCE JUL 1     68.2                      44.0   24.2     46.9
  SNOW DEPTH       1

DEGREE DAYS
 HEATING
  YESTERDAY       29                        23      6       27
  MONTH TO DATE  922                       761    161      852
  SINCE MAR 1    922                       761    161      852
  SINCE JUL 1   5745                      5305    440     5113

 COOLING
  YESTERDAY        0                         0      0        0
  MONTH TO DATE    0                         0      0        0
  SINCE MAR 1      0                         0      0        0
  SINCE JAN 1      0                         0      0        0
..................................................................


WIND (MPH)
  HIGHEST WIND SPEED    18   HIGHEST WIND DIRECTION     S (200)
  HIGHEST GUST SPEED    18   HIGHEST GUST DIRECTION     S (200)
  AVERAGE WIND SPEED    10.4


SKY COVER
  POSSIBLE SUNSHINE  MM
  AVERAGE SKY COVER 0.8


WEATHER CONDITIONS
 THE FOLLOWING WEATHER WAS RECORDED YESTERDAY.
  LIGHT RAIN
  FOG


RELATIVE HUMIDITY (PERCENT)
 HIGHEST    67          1200 AM
 LOWEST     30           900 PM
 AVERAGE    49

..........................................................


THE AKRON CANTON OH CLIMATE NORMALS FOR TODAY
                         NORMAL    RECORD    YEAR
 MAXIMUM TEMPERATURE (F)   52        80      1910
 MINIMUM TEMPERATURE (F)   32        12      1982


SUNRISE AND SUNSET
MARCH 28 2014.........SUNRISE   716 AM EDT   SUNSET   746 PM EDT
MARCH 29 2014.........SUNRISE   714 AM EDT   SUNSET   747 PM EDT


-  INDICATES NEGATIVE NUMBERS.
R  INDICATES RECORD WAS SET OR TIED.
MM INDICATES DATA IS MISSING.
T  INDICATES TRACE AMOUNT.




$$
