000
CDUS41 KCLE 160535
CLICAK


CLIMATE REPORT
NATIONAL WEATHER SERVICE CLEVELAND OH
134 AM EDT MON MAY 16 2016


...................................

...THE AKRON CANTON OH CLIMATE SUMMARY FOR MAY 15 2016...

CLIMATE NORMAL PERIOD 1981 TO 2010
CLIMATE RECORD PERIOD 1887 TO 2016


WEATHER ITEM   OBSERVED TIME   RECORD YEAR NORMAL DEPARTURE LAST
                VALUE   (LST)  VALUE       VALUE  FROM      YEAR
                                                  NORMAL
..................................................................
TEMPERATURE (F)
 YESTERDAY
  MAXIMUM         50    428 PM  91    1991  69    -19       81
  MINIMUM         35    535 AM  30    1910  48    -13       55
  AVERAGE         43                        59    -16       68

PRECIPITATION (IN)
  YESTERDAY        T                         0.15  -0.15      T
  MONTH TO DATE    1.33                      2.00  -0.67     0.22
  SINCE MAR 1      9.41                      8.53   0.88     6.82
  SINCE JAN 1     14.00                     13.45   0.55    12.30

SNOWFALL (IN)
  YESTERDAY        T                         0.0    0.0      0.0
  MONTH TO DATE    T                         0.1   -0.1      0.0
  SINCE MAR 1      7.5                      11.0   -3.5      6.9
  SINCE JUL 1     30.2                      47.5  -17.3     59.8
  SNOW DEPTH       0

DEGREE DAYS
 HEATING
  YESTERDAY       22                         7     15        0
  MONTH TO DATE  147                       136     11       53
  SINCE MAR 1   1260                      1468   -208     1383
  SINCE JUL 1   4907                      6012  -1105     6226

 COOLING
  YESTERDAY        0                         1     -1        3
  MONTH TO DATE    1                         9     -8       62
  SINCE MAR 1      1                        15    -14       64
  SINCE JAN 1      1                        15    -14       64
..................................................................


WIND (MPH)
  HIGHEST WIND SPEED    24   HIGHEST WIND DIRECTION     W (290)
  HIGHEST GUST SPEED    34   HIGHEST GUST DIRECTION     W (290)
  AVERAGE WIND SPEED    11.7


SKY COVER
  POSSIBLE SUNSHINE  MM
  AVERAGE SKY COVER 0.8


WEATHER CONDITIONS
 THE FOLLOWING WEATHER WAS RECORDED YESTERDAY.
  FOG


RELATIVE HUMIDITY (PERCENT)
 HIGHEST    79          1100 AM
 LOWEST     42           400 PM
 AVERAGE    61

..........................................................


THE AKRON CANTON OH CLIMATE NORMALS FOR TODAY
                         NORMAL    RECORD    YEAR
 MAXIMUM TEMPERATURE (F)   69        90      1962
 MINIMUM TEMPERATURE (F)   49        30      1910


SUNRISE AND SUNSET
MAY 16 2016...........SUNRISE   607 AM EDT   SUNSET   838 PM EDT
MAY 17 2016...........SUNRISE   606 AM EDT   SUNSET   839 PM EDT


-  INDICATES NEGATIVE NUMBERS.
R  INDICATES RECORD WAS SET OR TIED.
MM INDICATES DATA IS MISSING.
T  INDICATES TRACE AMOUNT.




$$
