000
CDUS41 KCLE 161146
CLICAK


CLIMATE REPORT
NATIONAL WEATHER SERVICE CLEVELAND OH
745 AM EDT TUE AUG 16 2016


...................................

...THE AKRON CANTON OH CLIMATE SUMMARY FOR AUGUST 15 2016...

CLIMATE NORMAL PERIOD 1981 TO 2010
CLIMATE RECORD PERIOD 1887 TO 2016


WEATHER ITEM   OBSERVED TIME   RECORD YEAR NORMAL DEPARTURE LAST
                VALUE   (LST)  VALUE       VALUE  FROM      YEAR
                                                  NORMAL
..................................................................
TEMPERATURE (F)
 YESTERDAY
  MAXIMUM         81    430 PM  95    1944  81      0       88
  MINIMUM         71    103 AM  47    1979  61     10       65
                                      1964
  AVERAGE         76                        71      5       77

PRECIPITATION (IN)
  YESTERDAY        T                         0.11  -0.11     0.00
  MONTH TO DATE    1.45                      1.76  -0.31     0.06
  SINCE JUN 1      7.02                      9.67  -2.65    12.23
  SINCE JAN 1     21.69                     25.40  -3.71    28.64

SNOWFALL (IN)
  YESTERDAY        0.0                       0.0    0.0      0.0
  MONTH TO DATE    0.0                       0.0    0.0      0.0
  SINCE JUN 1      0.0                       0.0    0.0      0.0
  SINCE JUL 1      0.0                       0.0    0.0      0.0
  SNOW DEPTH       0

DEGREE DAYS
 HEATING
  YESTERDAY        0                         0      0        0
  MONTH TO DATE    0                         0      0        0
  SINCE JUN 1     22                        55    -33       25
  SINCE JUL 1      3                         6     -3        0

 COOLING
  YESTERDAY       11                         6      5       12
  MONTH TO DATE  198                        99     99      105
  SINCE JUN 1    721                       456    265      531
  SINCE JAN 1    782                       498    284      675
..................................................................


WIND (MPH)
  HIGHEST WIND SPEED    10   HIGHEST WIND DIRECTION    SE (150)
  HIGHEST GUST SPEED    13   HIGHEST GUST DIRECTION    SE (150)
  AVERAGE WIND SPEED     5.3


SKY COVER
  POSSIBLE SUNSHINE  MM
  AVERAGE SKY COVER 0.9


WEATHER CONDITIONS
 THE FOLLOWING WEATHER WAS RECORDED YESTERDAY.
  LIGHT RAIN
  FOG


RELATIVE HUMIDITY (PERCENT)
 HIGHEST    93           200 AM
 LOWEST     62           400 PM
 AVERAGE    78

..........................................................


THE AKRON CANTON OH CLIMATE NORMALS FOR TODAY
                         NORMAL    RECORD    YEAR
 MAXIMUM TEMPERATURE (F)   81        93      1965
                                             1944
 MINIMUM TEMPERATURE (F)   61        44      1979


SUNRISE AND SUNSET
AUGUST 16 2016........SUNRISE   637 AM EDT   SUNSET   822 PM EDT
AUGUST 17 2016........SUNRISE   638 AM EDT   SUNSET   820 PM EDT


-  INDICATES NEGATIVE NUMBERS.
R  INDICATES RECORD WAS SET OR TIED.
MM INDICATES DATA IS MISSING.
T  INDICATES TRACE AMOUNT.




$$
