000
CDUS41 KCLE 290531
CLICAK


CLIMATE REPORT
NATIONAL WEATHER SERVICE CLEVELAND OH
131 AM EDT SAT MAR 29 2014


...................................

...THE AKRON CANTON OH CLIMATE SUMMARY FOR MARCH 28 2014...

CLIMATE NORMAL PERIOD 1981 TO 2010
CLIMATE RECORD PERIOD 1887 TO 2014


WEATHER ITEM   OBSERVED TIME   RECORD YEAR NORMAL DEPARTURE LAST
                VALUE   (LST)  VALUE       VALUE  FROM      YEAR
                                                  NORMAL
..................................................................
TEMPERATURE (F)
 YESTERDAY
  MAXIMUM         57   1153 AM  80    1910  52      5       45
  MINIMUM         40   1028 PM  12    1982  32      8       33
  AVERAGE         49                        42      7       39

PRECIPITATION (IN)
  YESTERDAY        0.02                      0.11  -0.09      T
  MONTH TO DATE    1.48                      2.65  -1.17     2.06
  SINCE MAR 1      1.48                      2.65  -1.17     2.06
  SINCE JAN 1      4.99                      7.57  -2.58     6.25

SNOWFALL (IN)
  YESTERDAY        0.0                       0.2   -0.2       T
  MONTH TO DATE    8.9                       7.7    1.2     10.5
  SINCE MAR 1      8.9                       7.7    1.2     10.5
  SINCE JUL 1     68.2                      44.2   24.0     46.9
  SNOW DEPTH       0

DEGREE DAYS
 HEATING
  YESTERDAY       16                        23     -7       26
  MONTH TO DATE  938                       784    154      878
  SINCE MAR 1    938                       784    154      878
  SINCE JUL 1   5761                      5328    433     5139

 COOLING
  YESTERDAY        0                         0      0        0
  MONTH TO DATE    0                         0      0        0
  SINCE MAR 1      0                         0      0        0
  SINCE JAN 1      0                         0      0        0
..................................................................


WIND (MPH)
  HIGHEST WIND SPEED    30   HIGHEST WIND DIRECTION    SW (240)
  HIGHEST GUST SPEED    30   HIGHEST GUST DIRECTION    SW (240)
  AVERAGE WIND SPEED    16.2


SKY COVER
  POSSIBLE SUNSHINE  MM
  AVERAGE SKY COVER 0.9


WEATHER CONDITIONS
 THE FOLLOWING WEATHER WAS RECORDED YESTERDAY.
  LIGHT RAIN


RELATIVE HUMIDITY (PERCENT)
 HIGHEST    79           900 PM
 LOWEST     38           400 AM
 AVERAGE    59

..........................................................


THE AKRON CANTON OH CLIMATE NORMALS FOR TODAY
                         NORMAL    RECORD    YEAR
 MAXIMUM TEMPERATURE (F)   52        80      1910
                                             1905
 MINIMUM TEMPERATURE (F)   33         9      1887


SUNRISE AND SUNSET
MARCH 29 2014.........SUNRISE   714 AM EDT   SUNSET   747 PM EDT
MARCH 30 2014.........SUNRISE   713 AM EDT   SUNSET   749 PM EDT


-  INDICATES NEGATIVE NUMBERS.
R  INDICATES RECORD WAS SET OR TIED.
MM INDICATES DATA IS MISSING.
T  INDICATES TRACE AMOUNT.




$$
