000
CDUS41 KCLE 090537
CLICAK


CLIMATE REPORT
NATIONAL WEATHER SERVICE CLEVELAND OH
136 AM EDT SUN APR 9 2017


...................................

...THE AKRON CANTON OH CLIMATE SUMMARY FOR APRIL 8 2017...

CLIMATE NORMAL PERIOD 1981 TO 2010
CLIMATE RECORD PERIOD 1887 TO 2017


WEATHER ITEM   OBSERVED TIME   RECORD YEAR NORMAL DEPARTURE LAST
                VALUE   (LST)  VALUE       VALUE  FROM      YEAR
                                                  NORMAL
..................................................................
TEMPERATURE (F)
 YESTERDAY
  MAXIMUM         58    413 PM  80    2001  57      1       43
  MINIMUM         28    623 AM  14    1972  36     -8       30
  AVERAGE         43                        46     -3       37

PRECIPITATION (IN)
  YESTERDAY        0.00                      0.12  -0.12     0.16
  MONTH TO DATE    0.88                      0.95  -0.07     1.14
  SINCE MAR 1      6.41                      3.93   2.48     5.72
  SINCE JAN 1     14.92                      8.85   6.07    10.31

SNOWFALL (IN)
  YESTERDAY        0.0                       0.1   -0.1      1.0
  MONTH TO DATE    2.5                       1.2    1.3      3.2
  SINCE MAR 1     16.0                       9.4    6.6      5.6
  SINCE JUL 1     37.2                      45.9   -8.7     28.3
  SNOW DEPTH       0

DEGREE DAYS
 HEATING
  YESTERDAY       22                        19      3       28
  MONTH TO DATE  145                       160    -15      202
  SINCE MAR 1    948                      1011    -63      804
  SINCE JUL 1   4548                      5555  -1007     4451

 COOLING
  YESTERDAY        0                         0      0        0
  MONTH TO DATE    0                         0      0        0
  SINCE MAR 1      0                         0      0        0
  SINCE JAN 1      2                         0      2        0
..................................................................


WIND (MPH)
  HIGHEST WIND SPEED    12   HIGHEST WIND DIRECTION     W (250)
  HIGHEST GUST SPEED    17   HIGHEST GUST DIRECTION     W (280)
  AVERAGE WIND SPEED     6.0


SKY COVER
  POSSIBLE SUNSHINE  MM
  AVERAGE SKY COVER 0.2


WEATHER CONDITIONS
 THE FOLLOWING WEATHER WAS RECORDED YESTERDAY.
  NO SIGNIFICANT WEATHER WAS OBSERVED.


RELATIVE HUMIDITY (PERCENT)
 HIGHEST    75           300 AM
 LOWEST     25           500 PM
 AVERAGE    50

..........................................................


THE AKRON CANTON OH CLIMATE NORMALS FOR TODAY
                         NORMAL    RECORD    YEAR
 MAXIMUM TEMPERATURE (F)   57        80      2013
 MINIMUM TEMPERATURE (F)   37        15      1972


SUNRISE AND SUNSET
APRIL  9 2017.........SUNRISE   656 AM EDT   SUNSET   759 PM EDT
APRIL 10 2017.........SUNRISE   654 AM EDT   SUNSET   800 PM EDT


-  INDICATES NEGATIVE NUMBERS.
R  INDICATES RECORD WAS SET OR TIED.
MM INDICATES DATA IS MISSING.
T  INDICATES TRACE AMOUNT.




$$
