000
CDUS41 KCLE 070545
CLICAK


CLIMATE REPORT
NATIONAL WEATHER SERVICE CLEVELAND OH
145 AM EDT SUN SEP 7 2014


...................................

...THE AKRON CANTON OH CLIMATE SUMMARY FOR SEPTEMBER 6 2014...

CLIMATE NORMAL PERIOD 1981 TO 2010
CLIMATE RECORD PERIOD 1887 TO 2014


WEATHER ITEM   OBSERVED TIME   RECORD YEAR NORMAL DEPARTURE LAST
                VALUE   (LST)  VALUE       VALUE  FROM      YEAR
                                                  NORMAL
..................................................................
TEMPERATURE (F)
 YESTERDAY
  MAXIMUM         75   1053 AM  96    1954  77     -2       75
  MINIMUM         57   1159 PM  40    1976  57      0       48
  AVERAGE         66                        67     -1       62

PRECIPITATION (IN)
  YESTERDAY        0.28                      0.12   0.16     0.00
  MONTH TO DATE    0.30                      0.71  -0.41     0.61
  SINCE SEP 1      0.30                      0.71  -0.41     0.61
  SINCE JAN 1     36.09                     27.91   8.18    27.68

SNOWFALL (IN)
  YESTERDAY        0.0                       0.0    0.0      0.0
  MONTH TO DATE    0.0                       0.0    0.0      0.0
  SINCE SEP 1      0.0                       0.0    0.0      0.0
  SINCE JUL 1      0.0                       0.0    0.0      0.0
  SNOW DEPTH       0

DEGREE DAYS
 HEATING
  YESTERDAY        0                         2     -2        3
  MONTH TO DATE    0                         7     -7        9
  SINCE SEP 1      0                         7     -7        9
  SINCE JUL 1     16                        27    -11       22

 COOLING
  YESTERDAY        1                         3     -2        0
  MONTH TO DATE   52                        23     29       20
  SINCE SEP 1     52                        23     29       20
  SINCE JAN 1    688                       605     83      744
..................................................................


WIND (MPH)
  HIGHEST WIND SPEED    21   HIGHEST WIND DIRECTION     N (360)
  HIGHEST GUST SPEED    25   HIGHEST GUST DIRECTION     N (360)
  AVERAGE WIND SPEED     5.9


SKY COVER
  POSSIBLE SUNSHINE  MM
  AVERAGE SKY COVER 0.7


WEATHER CONDITIONS
 THE FOLLOWING WEATHER WAS RECORDED YESTERDAY.
  THUNDERSTORM
  LIGHT RAIN
  FOG


RELATIVE HUMIDITY (PERCENT)
 HIGHEST    90           300 AM
 LOWEST     73           500 PM
 AVERAGE    82

..........................................................


THE AKRON CANTON OH CLIMATE NORMALS FOR TODAY
                         NORMAL    RECORD    YEAR
 MAXIMUM TEMPERATURE (F)   76        97      1939
 MINIMUM TEMPERATURE (F)   57        42      1988
                                             1986
                                             1951


SUNRISE AND SUNSET
SEPTEMBER  7 2014.....SUNRISE   658 AM EDT   SUNSET   748 PM EDT
SEPTEMBER  8 2014.....SUNRISE   659 AM EDT   SUNSET   747 PM EDT


-  INDICATES NEGATIVE NUMBERS.
R  INDICATES RECORD WAS SET OR TIED.
MM INDICATES DATA IS MISSING.
T  INDICATES TRACE AMOUNT.




$$
