000
CDUS41 KCLE 122212
CLICAK


CLIMATE REPORT
NATIONAL WEATHER SERVICE CLEVELAND OH
511 PM EST SAT NOV 12 2016


...................................

...THE AKRON CANTON OH CLIMATE SUMMARY FOR NOVEMBER 12 2016...
VALID TODAY AS OF 0500 PM LOCAL TIME.

CLIMATE NORMAL PERIOD 1981 TO 2010
CLIMATE RECORD PERIOD 1887 TO 2016


WEATHER ITEM   OBSERVED TIME   RECORD YEAR NORMAL DEPARTURE LAST
                VALUE   (LST)  VALUE       VALUE  FROM      YEAR
                                                  NORMAL
..................................................................
TEMPERATURE (F)
 TODAY
  MAXIMUM         49    245 PM  72    1949  51     -2       57
  MINIMUM         28    730 AM  16    1950  35     -7       46
  AVERAGE         39                        43     -4       52

PRECIPITATION (IN)
  TODAY            0.00                      0.11  -0.11     0.15
  MONTH TO DATE    0.66                      1.28  -0.62     0.94
  SINCE SEP 1     10.96                      7.56   3.40     7.37
  SINCE JAN 1     34.56                     34.76  -0.20    36.71

SNOWFALL (IN)
  TODAY            0.0                       0.1   -0.1      0.0
  MONTH TO DATE    0.0                       0.8   -0.8      0.0
  SINCE SEP 1      0.0                       1.2   -1.2      0.0
  SINCE JUL 1      0.0                       1.2   -1.2      0.0
  SNOW DEPTH       0

DEGREE DAYS
 HEATING
  TODAY           26                        22      4       13
  MONTH TO DATE  162                       242    -80      136
  SINCE SEP 1    469                       777   -308      505
  SINCE JUL 1    472                       797   -325      514

 COOLING
  TODAY            0                         0      0        0
  MONTH TO DATE    3                         0      3        5
  SINCE SEP 1    179                        70    109      174
  SINCE JAN 1   1133                       652    481      958
..................................................................


WIND (MPH)
  HIGHEST WIND SPEED    14   HIGHEST WIND DIRECTION    NE (40)
  HIGHEST GUST SPEED    17   HIGHEST GUST DIRECTION    NE (30)


SKY COVER
  POSSIBLE SUNSHINE  MM
  AVERAGE SKY COVER 0.3


WEATHER CONDITIONS
 THE FOLLOWING WEATHER WAS RECORDED TODAY.
  NO SIGNIFICANT WEATHER WAS OBSERVED.


RELATIVE HUMIDITY (PERCENT)
 HIGHEST    78           700 AM
 LOWEST     46           300 PM
 AVERAGE    62

..........................................................


THE AKRON CANTON OH CLIMATE NORMALS FOR TOMORROW
                         NORMAL    RECORD    YEAR
 MAXIMUM TEMPERATURE (F)   51        73      1909
 MINIMUM TEMPERATURE (F)   35        12      1911


SUNRISE AND SUNSET
NOVEMBER 12 2016......SUNRISE   710 AM EST   SUNSET   509 PM EST
NOVEMBER 13 2016......SUNRISE   711 AM EST   SUNSET   509 PM EST


-  INDICATES NEGATIVE NUMBERS.
R  INDICATES RECORD WAS SET OR TIED.
MM INDICATES DATA IS MISSING.
T  INDICATES TRACE AMOUNT.




$$
