000
CDUS41 KCLE 020529
CLICAK


CLIMATE REPORT
NATIONAL WEATHER SERVICE CLEVELAND OH
128 AM EDT WED APR 2 2014


...................................

...THE AKRON CANTON OH CLIMATE SUMMARY FOR APRIL 1 2014...

CLIMATE NORMAL PERIOD 1981 TO 2010
CLIMATE RECORD PERIOD 1887 TO 2014


WEATHER ITEM   OBSERVED TIME   RECORD YEAR NORMAL DEPARTURE LAST
                VALUE   (LST)  VALUE       VALUE  FROM      YEAR
                                                  NORMAL
..................................................................
TEMPERATURE (F)
 YESTERDAY
  MAXIMUM         71    532 PM  81    1986  54     17       48
  MINIMUM         47    723 AM  10    1964  34     13       29
  AVERAGE         59                        44     15       39

PRECIPITATION (IN)
  YESTERDAY        0.00                      0.12  -0.12      T
  MONTH TO DATE    0.00                      0.12  -0.12      T
  SINCE MAR 1      2.58                      3.10  -0.52     2.06
  SINCE JAN 1      6.09                      8.02  -1.93     6.25

SNOWFALL (IN)
  YESTERDAY        0.0                       0.2   -0.2       T
  MONTH TO DATE    0.0                       0.2   -0.2       T
  SINCE MAR 1      9.7                       8.4    1.3     10.5
  SINCE JUL 1     69.0                      44.9   24.1     46.9
  SNOW DEPTH       0

DEGREE DAYS
 HEATING
  YESTERDAY        6                        21    -15       26
  MONTH TO DATE    6                        21    -15       26
  SINCE MAR 1   1022                       872    150      969
  SINCE JUL 1   5845                      5416    429     5230

 COOLING
  YESTERDAY        0                         0      0        0
  MONTH TO DATE    0                         0      0        0
  SINCE MAR 1      0                         0      0        0
  SINCE JAN 1      0                         0      0        0
..................................................................


WIND (MPH)
  HIGHEST WIND SPEED    28   HIGHEST WIND DIRECTION     W (250)
  HIGHEST GUST SPEED    28   HIGHEST GUST DIRECTION     W (250)
  AVERAGE WIND SPEED    13.8


SKY COVER
  POSSIBLE SUNSHINE  MM
  AVERAGE SKY COVER 0.5


WEATHER CONDITIONS
 THE FOLLOWING WEATHER WAS RECORDED YESTERDAY.
  NO SIGNIFICANT WEATHER WAS OBSERVED.


RELATIVE HUMIDITY (PERCENT)
 HIGHEST    50          1100 PM
 LOWEST     18           600 PM
 AVERAGE    34

..........................................................


THE AKRON CANTON OH CLIMATE NORMALS FOR TODAY
                         NORMAL    RECORD    YEAR
 MAXIMUM TEMPERATURE (F)   54        82      2010
 MINIMUM TEMPERATURE (F)   34        16      1907


SUNRISE AND SUNSET
APRIL  2 2014.........SUNRISE   708 AM EDT   SUNSET   752 PM EDT
APRIL  3 2014.........SUNRISE   706 AM EDT   SUNSET   753 PM EDT


-  INDICATES NEGATIVE NUMBERS.
R  INDICATES RECORD WAS SET OR TIED.
MM INDICATES DATA IS MISSING.
T  INDICATES TRACE AMOUNT.




$$
