000
CDUS41 KCLE 080527
CLICAK


CLIMATE REPORT
NATIONAL WEATHER SERVICE CLEVELAND OH
127 AM EDT SAT APR 8 2017


...................................

...THE AKRON CANTON OH CLIMATE SUMMARY FOR APRIL 7 2017...

CLIMATE NORMAL PERIOD 1981 TO 2010
CLIMATE RECORD PERIOD 1887 TO 2017


WEATHER ITEM   OBSERVED TIME   RECORD YEAR NORMAL DEPARTURE LAST
                VALUE   (LST)  VALUE       VALUE  FROM      YEAR
                                                  NORMAL
..................................................................
TEMPERATURE (F)
 YESTERDAY
  MAXIMUM         43    516 PM  82    1929  56    -13       50
  MINIMUM         30   1138 PM  16    1972  36     -6       32
  AVERAGE         37                        46     -9       41

PRECIPITATION (IN)
  YESTERDAY        0.23                      0.12   0.11     0.30
  MONTH TO DATE    0.88                      0.83   0.05     0.98
  SINCE MAR 1      6.41                      3.81   2.60     5.56
  SINCE JAN 1     14.92                      8.73   6.19    10.15

SNOWFALL (IN)
  YESTERDAY        2.2                       0.1    2.1       T
  MONTH TO DATE    2.5                       1.1    1.4      2.2
  SINCE MAR 1     16.0                       9.3    6.7      4.6
  SINCE JUL 1     37.2                      45.8   -8.6     27.3
  SNOW DEPTH       0

DEGREE DAYS
 HEATING
  YESTERDAY       28                        19      9       24
  MONTH TO DATE  123                       141    -18      174
  SINCE MAR 1    926                       992    -66      776
  SINCE JUL 1   4526                      5536  -1010     4423

 COOLING
  YESTERDAY        0                         0      0        0
  MONTH TO DATE    0                         0      0        0
  SINCE MAR 1      0                         0      0        0
  SINCE JAN 1      2                         0      2        0
..................................................................


WIND (MPH)
  HIGHEST WIND SPEED    25   HIGHEST WIND DIRECTION    NW (330)
  HIGHEST GUST SPEED    36   HIGHEST GUST DIRECTION    NW (300)
  AVERAGE WIND SPEED    15.4


SKY COVER
  POSSIBLE SUNSHINE  MM
  AVERAGE SKY COVER 0.8


WEATHER CONDITIONS
 THE FOLLOWING WEATHER WAS RECORDED YESTERDAY.
  LIGHT SNOW
  FOG
  BLOWING SNOW


RELATIVE HUMIDITY (PERCENT)
 HIGHEST    89          1200 AM
 LOWEST     49           600 PM
 AVERAGE    69

..........................................................


THE AKRON CANTON OH CLIMATE NORMALS FOR TODAY
                         NORMAL    RECORD    YEAR
 MAXIMUM TEMPERATURE (F)   57        80      2001
 MINIMUM TEMPERATURE (F)   36        14      1972


SUNRISE AND SUNSET
APRIL  8 2017.........SUNRISE   657 AM EDT   SUNSET   758 PM EDT
APRIL  9 2017.........SUNRISE   656 AM EDT   SUNSET   759 PM EDT


-  INDICATES NEGATIVE NUMBERS.
R  INDICATES RECORD WAS SET OR TIED.
MM INDICATES DATA IS MISSING.
T  INDICATES TRACE AMOUNT.




$$
