000
CDUS41 KCLE 130545
CLICAK


CLIMATE REPORT
NATIONAL WEATHER SERVICE CLEVELAND OH
145 AM EDT FRI OCT 13 2017


...................................

...THE AKRON CANTON OH CLIMATE SUMMARY FOR OCTOBER 12 2017...

CLIMATE NORMAL PERIOD 1981 TO 2010
CLIMATE RECORD PERIOD 1887 TO 2017


WEATHER ITEM   OBSERVED TIME   RECORD YEAR NORMAL DEPARTURE LAST
                VALUE   (LST)  VALUE       VALUE  FROM      YEAR
                                                  NORMAL
..................................................................
TEMPERATURE (F)
 YESTERDAY
  MAXIMUM         71    140 PM  86    1928  62      9       75
  MINIMUM         58    707 AM  27    1906  44     14       48
  AVERAGE         65                        53     12       62

PRECIPITATION (IN)
  YESTERDAY        0.00                      0.09  -0.09     0.01
  MONTH TO DATE    2.29                      1.11   1.18     0.05
  SINCE SEP 1      4.31                      4.56  -0.25     6.59
  SINCE JAN 1     38.98                     31.76   7.22    30.19

SNOWFALL (IN)
  YESTERDAY        0.0                       0.0    0.0      0.0
  MONTH TO DATE    0.0                       0.0    0.0      0.0
  SINCE SEP 1      0.0                       0.0    0.0      0.0
  SINCE JUL 1      0.0                       0.0    0.0      0.0
  SNOW DEPTH       0

DEGREE DAYS
 HEATING
  YESTERDAY        0                        12    -12        3
  MONTH TO DATE   12                       126   -114       66
  SINCE SEP 1     81                       245   -164       96
  SINCE JUL 1     87                       265   -178       99

 COOLING
  YESTERDAY        0                         0      0        0
  MONTH TO DATE   33                         3     30        4
  SINCE SEP 1    182                        67    115      159
  SINCE JAN 1    924                       649    275     1113
..................................................................


WIND (MPH)
  HIGHEST WIND SPEED    16   HIGHEST WIND DIRECTION    SE (150)
  HIGHEST GUST SPEED    19   HIGHEST GUST DIRECTION    SE (150)
  AVERAGE WIND SPEED     6.0


SKY COVER
  POSSIBLE SUNSHINE  MM
  AVERAGE SKY COVER 0.9


WEATHER CONDITIONS
 THE FOLLOWING WEATHER WAS RECORDED YESTERDAY.
  FOG
  FOG W/VISIBILITY <= 1/4 MILE
  HAZE


RELATIVE HUMIDITY (PERCENT)
 HIGHEST    93           200 AM
 LOWEST     61           100 PM
 AVERAGE    77

..........................................................


THE AKRON CANTON OH CLIMATE NORMALS FOR TODAY
                         NORMAL    RECORD    YEAR
 MAXIMUM TEMPERATURE (F)   62        82      1969
 MINIMUM TEMPERATURE (F)   43        29      1895


SUNRISE AND SUNSET
OCTOBER 13 2017.......SUNRISE   735 AM EDT   SUNSET   648 PM EDT
OCTOBER 14 2017.......SUNRISE   736 AM EDT   SUNSET   646 PM EDT


-  INDICATES NEGATIVE NUMBERS.
R  INDICATES RECORD WAS SET OR TIED.
MM INDICATES DATA IS MISSING.
T  INDICATES TRACE AMOUNT.




$$
