000
CDUS41 KCLE 300540
CLICAK


CLIMATE REPORT
NATIONAL WEATHER SERVICE CLEVELAND OH
1238 AM EST SAT DEC 30 2017


...................................

...THE AKRON CANTON OH CLIMATE SUMMARY FOR DECEMBER 29 2017...

CLIMATE NORMAL PERIOD 1981 TO 2010
CLIMATE RECORD PERIOD 1887 TO 2017


WEATHER ITEM   OBSERVED TIME   RECORD YEAR NORMAL DEPARTURE LAST
                VALUE   (LST)  VALUE       VALUE  FROM      YEAR
                                                  NORMAL
..................................................................
TEMPERATURE (F)
 YESTERDAY
  MAXIMUM         19    206 PM  65    1889  34    -15       39
  MINIMUM         13    811 AM  -5    1961  21     -8       30
                                      1924
  AVERAGE         16                        27    -11       35

PRECIPITATION (IN)
  YESTERDAY        0.05                      0.09  -0.04     0.05
  MONTH TO DATE    1.81                      2.67  -0.86     2.96
  SINCE DEC 1      1.81                      2.67  -0.86     2.96
  SINCE JAN 1     48.39                     39.45   8.94    38.61

SNOWFALL (IN)
  YESTERDAY        1.3                       0.3    0.0      0.5
  MONTH TO DATE   11.7                       9.4    2.3      7.2
  SINCE DEC 1     11.7                       9.4    2.3      7.2
  SINCE JUL 1     11.8                      12.8   -1.0      9.3
  SNOW DEPTH       T

DEGREE DAYS
 HEATING
  YESTERDAY       49                        38     11       30
  MONTH TO DATE 1016                       997     19      998
  SINCE DEC 1   1016                       997     19      998
  SINCE JUL 1   2006                      2256   -250     1876

 COOLING
  YESTERDAY        0                         0      0        0
  MONTH TO DATE    0                         0      0        0
  SINCE DEC 1      0                         0      0        0
  SINCE JAN 1    926                       652    274     1133
..................................................................


WIND (MPH)
  HIGHEST WIND SPEED    17   HIGHEST WIND DIRECTION     W (270)
  HIGHEST GUST SPEED    21   HIGHEST GUST DIRECTION     W (270)
  AVERAGE WIND SPEED     7.5


SKY COVER
  POSSIBLE SUNSHINE  MM
  AVERAGE SKY COVER 1.0


WEATHER CONDITIONS
 THE FOLLOWING WEATHER WAS RECORDED YESTERDAY.
  LIGHT SNOW


RELATIVE HUMIDITY (PERCENT)
 HIGHEST    80          1000 PM
 LOWEST     61           400 PM
 AVERAGE    71

..........................................................


THE AKRON CANTON OH CLIMATE NORMALS FOR TODAY
                         NORMAL    RECORD    YEAR
 MAXIMUM TEMPERATURE (F)   34        62      1972
 MINIMUM TEMPERATURE (F)   20        -6      1917


SUNRISE AND SUNSET
DECEMBER 30 2017......SUNRISE   750 AM EST   SUNSET   507 PM EST
DECEMBER 31 2017......SUNRISE   750 AM EST   SUNSET   508 PM EST


-  INDICATES NEGATIVE NUMBERS.
R  INDICATES RECORD WAS SET OR TIED.
MM INDICATES DATA IS MISSING.
T  INDICATES TRACE AMOUNT.




$$
