000
CDUS41 KCLE 120546
CLICAK


CLIMATE REPORT
NATIONAL WEATHER SERVICE CLEVELAND OH
145 AM EDT TUE MAY 12 2015


...................................

...THE AKRON CANTON OH CLIMATE SUMMARY FOR MAY 11 2015...

CLIMATE NORMAL PERIOD 1981 TO 2010
CLIMATE RECORD PERIOD 1887 TO 2015


WEATHER ITEM   OBSERVED TIME   RECORD YEAR NORMAL DEPARTURE LAST
                VALUE   (LST)  VALUE       VALUE  FROM      YEAR
                                                  NORMAL
..................................................................
TEMPERATURE (F)
 YESTERDAY
  MAXIMUM         87    336 PM  88    1936  68     19       76
  MINIMUM         64    503 AM  30    1913  47     17       54
  AVERAGE         76                        57     19       65

PRECIPITATION (IN)
  YESTERDAY        0.11                      0.14  -0.03     0.00
  MONTH TO DATE    0.22                      1.43  -1.21     0.59
  SINCE MAR 1      6.82                      7.96  -1.14     9.41
  SINCE JAN 1     12.30                     12.88  -0.58    12.92

SNOWFALL (IN)
  YESTERDAY        0.0                       0.0    0.0      0.0
  MONTH TO DATE    0.0                       0.1   -0.1      0.0
  SINCE MAR 1      6.9                      11.0   -4.1     10.6
  SINCE JUL 1     59.8                      47.5   12.3     69.9
  SNOW DEPTH       0

DEGREE DAYS
 HEATING
  YESTERDAY        0                         8     -8        0
  MONTH TO DATE   16                       105    -89       84
  SINCE MAR 1   1346                      1437    -91     1512
  SINCE JUL 1   6189                      5981    208     6335

 COOLING
  YESTERDAY       11                         1     10        0
  MONTH TO DATE   59                         5     54       14
  SINCE MAR 1     61                        11     50       17
  SINCE JAN 1     61                        11     50       17
..................................................................


WIND (MPH)
  HIGHEST WIND SPEED    46   HIGHEST WIND DIRECTION    SW (220)
  HIGHEST GUST SPEED    56   HIGHEST GUST DIRECTION    SW (220)
  AVERAGE WIND SPEED    10.9


SKY COVER
  POSSIBLE SUNSHINE  MM
  AVERAGE SKY COVER 0.7


WEATHER CONDITIONS
 THE FOLLOWING WEATHER WAS RECORDED YESTERDAY.
  THUNDERSTORM
  LIGHT RAIN
  FOG


RELATIVE HUMIDITY (PERCENT)
 HIGHEST    87          1000 PM
 LOWEST     37           200 PM
 AVERAGE    62

..........................................................


THE AKRON CANTON OH CLIMATE NORMALS FOR TODAY
                         NORMAL    RECORD    YEAR
 MAXIMUM TEMPERATURE (F)   68        87      1991
 MINIMUM TEMPERATURE (F)   47        30      1907


SUNRISE AND SUNSET
MAY 12 2015...........SUNRISE   611 AM EDT   SUNSET   833 PM EDT
MAY 13 2015...........SUNRISE   610 AM EDT   SUNSET   834 PM EDT


-  INDICATES NEGATIVE NUMBERS.
R  INDICATES RECORD WAS SET OR TIED.
MM INDICATES DATA IS MISSING.
T  INDICATES TRACE AMOUNT.




$$
