000
CDUS41 KCLE 060527
CLICAK


CLIMATE REPORT
NATIONAL WEATHER SERVICE CLEVELAND OH
1226 AM EST MON FEB 6 2017


...................................

...THE AKRON CANTON OH CLIMATE SUMMARY FOR FEBRUARY 5 2017...

CLIMATE NORMAL PERIOD 1981 TO 2010
CLIMATE RECORD PERIOD 1887 TO 2017


WEATHER ITEM   OBSERVED TIME   RECORD YEAR NORMAL DEPARTURE LAST
                VALUE   (LST)  VALUE       VALUE  FROM      YEAR
                                                  NORMAL
..................................................................
TEMPERATURE (F)
 YESTERDAY
  MAXIMUM         46    238 PM  63    1890  35     11       42
  MINIMUM         27   1236 AM -15    1918  20      7       20
  AVERAGE         37                        27     10       31

PRECIPITATION (IN)
  YESTERDAY        0.00                      0.09  -0.09     0.01
  MONTH TO DATE    T                         0.41  -0.41     0.69
  SINCE DEC 1      9.14                      5.86   3.28     5.60
  SINCE JAN 1      6.14                      3.02   3.12     1.90

SNOWFALL (IN)
  YESTERDAY        0.0                       0.4   -0.4      0.3
  MONTH TO DATE    T                         1.9   -1.9      0.3
  SINCE DEC 1     14.9                      24.5   -9.6      6.6
  SINCE JUL 1     17.0                      27.9  -10.9      6.6
  SNOW DEPTH       0

DEGREE DAYS
 HEATING
  YESTERDAY       28                        38    -10       34
  MONTH TO DATE  182                       190     -8      129
  SINCE DEC 1   2208                      2467   -259     1949
  SINCE JUL 1   3086                      3726   -640     2829

 COOLING
  YESTERDAY        0                         0      0        0
  MONTH TO DATE    0                         0      0        0
  SINCE DEC 1      0                         0      0        0
  SINCE JAN 1      0                         0      0        0
..................................................................


WIND (MPH)
  HIGHEST WIND SPEED    23   HIGHEST WIND DIRECTION     W (260)
  HIGHEST GUST SPEED    31   HIGHEST GUST DIRECTION     W (260)
  AVERAGE WIND SPEED    12.4


SKY COVER
  POSSIBLE SUNSHINE  MM
  AVERAGE SKY COVER 0.8


WEATHER CONDITIONS
 THE FOLLOWING WEATHER WAS RECORDED YESTERDAY.
  NO SIGNIFICANT WEATHER WAS OBSERVED.


RELATIVE HUMIDITY (PERCENT)
 HIGHEST    69           900 PM
 LOWEST     39           700 AM
 AVERAGE    54

..........................................................


THE AKRON CANTON OH CLIMATE NORMALS FOR TODAY
                         NORMAL    RECORD    YEAR
 MAXIMUM TEMPERATURE (F)   35        55      1938
 MINIMUM TEMPERATURE (F)   20       -12      1918


SUNRISE AND SUNSET
FEBRUARY  6 2017......SUNRISE   731 AM EST   SUNSET   550 PM EST
FEBRUARY  7 2017......SUNRISE   729 AM EST   SUNSET   551 PM EST


-  INDICATES NEGATIVE NUMBERS.
R  INDICATES RECORD WAS SET OR TIED.
MM INDICATES DATA IS MISSING.
T  INDICATES TRACE AMOUNT.




$$
