000
CDUS41 KCLE 130533
CLICAK


CLIMATE REPORT
NATIONAL WEATHER SERVICE CLEVELAND OH
1232 AM EST TUE JAN 13 2015


...................................

...THE AKRON CANTON OH CLIMATE SUMMARY FOR JANUARY 12 2015...

CLIMATE NORMAL PERIOD 1981 TO 2010
CLIMATE RECORD PERIOD 1887 TO 2015


WEATHER ITEM   OBSERVED TIME   RECORD YEAR NORMAL DEPARTURE LAST
                VALUE   (LST)  VALUE       VALUE  FROM      YEAR
                                                  NORMAL
..................................................................
TEMPERATURE (F)
 YESTERDAY
  MAXIMUM         34   1116 AM  64    1916  33      1       37
  MINIMUM         21   1159 PM  -7    1918  19      2       30
                                      1903
  AVERAGE         28                        26      2       34

PRECIPITATION (IN)
  YESTERDAY        0.45                      0.08   0.37      T
  MONTH TO DATE    2.32                      1.04   1.28     1.28
  SINCE DEC 1      4.63                      3.88   0.75     4.77
  SINCE JAN 1      2.32                      1.04   1.28     1.28

SNOWFALL (IN)
  YESTERDAY        0.7                       0.4    0.3       T
  MONTH TO DATE    9.3                       4.7    4.6      7.8
  SINCE DEC 1      9.8                      14.9   -5.1     20.3
  SINCE JUL 1     17.8                      18.3   -0.5     31.0
  SNOW DEPTH       4

DEGREE DAYS
 HEATING
  YESTERDAY       37                        39     -2       31
  MONTH TO DATE  522                       466     56      507
  SINCE DEC 1   1444                      1537    -93     1536
  SINCE JUL 1   2727                      2796    -69     2786

 COOLING
  YESTERDAY        0                         0      0        0
  MONTH TO DATE    0                         0      0        0
  SINCE DEC 1      0                         0      0        0
  SINCE JAN 1      0                         0      0        0
..................................................................


WIND (MPH)
  HIGHEST WIND SPEED    20   HIGHEST WIND DIRECTION     N (10)
  HIGHEST GUST SPEED    26   HIGHEST GUST DIRECTION     N (350)
  AVERAGE WIND SPEED     9.9


SKY COVER
  POSSIBLE SUNSHINE  MM
  AVERAGE SKY COVER 1.0


WEATHER CONDITIONS
 THE FOLLOWING WEATHER WAS RECORDED YESTERDAY.
  LIGHT RAIN
  LT FREEZING RAIN
  SNOW
  LIGHT SNOW
  FOG
  HAZE


RELATIVE HUMIDITY (PERCENT)
 HIGHEST    96           900 AM
 LOWEST     75           800 PM
 AVERAGE    86

..........................................................


THE AKRON CANTON OH CLIMATE NORMALS FOR TODAY
                         NORMAL    RECORD    YEAR
 MAXIMUM TEMPERATURE (F)   33        68      2005
 MINIMUM TEMPERATURE (F)   19       -13      1912


SUNRISE AND SUNSET
JANUARY 13 2015.......SUNRISE   749 AM EST   SUNSET   520 PM EST
JANUARY 14 2015.......SUNRISE   749 AM EST   SUNSET   521 PM EST


-  INDICATES NEGATIVE NUMBERS.
R  INDICATES RECORD WAS SET OR TIED.
MM INDICATES DATA IS MISSING.
T  INDICATES TRACE AMOUNT.




$$
