000
CDUS41 KCLE 170528
CLICAK


CLIMATE REPORT
NATIONAL WEATHER SERVICE CLEVELAND OH
127 AM EDT TUE MAR 17 2015


...................................

...THE AKRON CANTON OH CLIMATE SUMMARY FOR MARCH 16 2015...

CLIMATE NORMAL PERIOD 1981 TO 2010
CLIMATE RECORD PERIOD 1887 TO 2015


WEATHER ITEM   OBSERVED TIME   RECORD YEAR NORMAL DEPARTURE LAST
                VALUE   (LST)  VALUE       VALUE  FROM      YEAR
                                                  NORMAL
..................................................................
TEMPERATURE (F)
 YESTERDAY
  MAXIMUM         64    346 PM  77    1945  46     18       29
  MINIMUM         36   1238 AM   5    1911  28      8       17
  AVERAGE         50                        37     13       23

PRECIPITATION (IN)
  YESTERDAY        T                         0.09  -0.09     0.00
  MONTH TO DATE    1.87                      1.42   0.45     0.74
  SINCE MAR 1      1.87                      1.42   0.45     0.74
  SINCE JAN 1      7.35                      6.34   1.01     4.25

SNOWFALL (IN)
  YESTERDAY        0.0                       0.2   -0.2      0.0
  MONTH TO DATE    5.9                       5.0    0.9      5.2
  SINCE MAR 1      5.9                       5.0    0.9      5.2
  SINCE JUL 1     58.8                      41.5   17.3     64.5
  SNOW DEPTH       0

DEGREE DAYS
 HEATING
  YESTERDAY       15                        28    -13       42
  MONTH TO DATE  506                       483     23      565
  SINCE MAR 1    506                       483     23      565
  SINCE JUL 1   5349                      5027    322     5388

 COOLING
  YESTERDAY        0                         0      0        0
  MONTH TO DATE    0                         0      0        0
  SINCE MAR 1      0                         0      0        0
  SINCE JAN 1      0                         0      0        0
..................................................................


WIND (MPH)
  HIGHEST WIND SPEED    21   HIGHEST WIND DIRECTION     W (270)
  HIGHEST GUST SPEED    26   HIGHEST GUST DIRECTION     W (270)
  AVERAGE WIND SPEED    10.5


SKY COVER
  POSSIBLE SUNSHINE  MM
  AVERAGE SKY COVER 0.8


WEATHER CONDITIONS
 THE FOLLOWING WEATHER WAS RECORDED YESTERDAY.
  LIGHT RAIN


RELATIVE HUMIDITY (PERCENT)
 HIGHEST    76          1200 AM
 LOWEST     43           100 PM
 AVERAGE    60

..........................................................


THE AKRON CANTON OH CLIMATE NORMALS FOR TODAY
                         NORMAL    RECORD    YEAR
 MAXIMUM TEMPERATURE (F)   47        77      2012
 MINIMUM TEMPERATURE (F)   29        -2      1900


SUNRISE AND SUNSET
MARCH 17 2015.........SUNRISE   735 AM EDT   SUNSET   734 PM EDT
MARCH 18 2015.........SUNRISE   733 AM EDT   SUNSET   735 PM EDT


-  INDICATES NEGATIVE NUMBERS.
R  INDICATES RECORD WAS SET OR TIED.
MM INDICATES DATA IS MISSING.
T  INDICATES TRACE AMOUNT.




$$
