000
CDUS41 KCLE 042214
CLICAK


CLIMATE REPORT
NATIONAL WEATHER SERVICE CLEVELAND OH
512 PM EST SAT FEB 4 2017


...................................

...THE AKRON CANTON OH CLIMATE SUMMARY FOR FEBRUARY 4 2017...
VALID TODAY AS OF 0500 PM LOCAL TIME.

CLIMATE NORMAL PERIOD 1981 TO 2010
CLIMATE RECORD PERIOD 1887 TO 2017


WEATHER ITEM   OBSERVED TIME   RECORD YEAR NORMAL DEPARTURE LAST
                VALUE   (LST)  VALUE       VALUE  FROM      YEAR
                                                  NORMAL
..................................................................
TEMPERATURE (F)
 TODAY
  MAXIMUM         32    203 PM  64    1890  34     -2       38
  MINIMUM         11    548 AM  -8    1996  20     -9       28
  AVERAGE         22                        27     -5       33

PRECIPITATION (IN)
  TODAY            0.00                      0.08  -0.08      T
  MONTH TO DATE    T                         0.32  -0.32     0.68
  SINCE DEC 1      9.14                      5.77   3.37     5.59
  SINCE JAN 1      6.14                      2.93   3.21     1.89

SNOWFALL (IN)
  TODAY            0.0                       0.3   -0.3       T
  MONTH TO DATE    T                         1.5   -1.5       T
  SINCE DEC 1     14.9                      24.1   -9.2      6.3
  SINCE JUL 1     17.0                      27.5  -10.5      6.3
  SNOW DEPTH       0

DEGREE DAYS
 HEATING
  TODAY           43                        38      5       32
  MONTH TO DATE  154                       152      2       95
  SINCE DEC 1   2180                      2429   -249     1915
  SINCE JUL 1   3058                      3688   -630     2795

 COOLING
  TODAY            0                         0      0        0
  MONTH TO DATE    0                         0      0        0
  SINCE DEC 1      0                         0      0        0
  SINCE JAN 1      0                         0      0        0
..................................................................


WIND (MPH)
  HIGHEST WIND SPEED    20   HIGHEST WIND DIRECTION    SW (230)
  HIGHEST GUST SPEED    24   HIGHEST GUST DIRECTION    SW (220)


SKY COVER
  POSSIBLE SUNSHINE  MM
  AVERAGE SKY COVER 0.3


WEATHER CONDITIONS
 THE FOLLOWING WEATHER WAS RECORDED TODAY.
  NO SIGNIFICANT WEATHER WAS OBSERVED.


RELATIVE HUMIDITY (PERCENT)
 HIGHEST    76           800 AM
 LOWEST     33           200 PM
 AVERAGE    55

..........................................................


THE AKRON CANTON OH CLIMATE NORMALS FOR TOMORROW
                         NORMAL    RECORD    YEAR
 MAXIMUM TEMPERATURE (F)   35        63      1890
 MINIMUM TEMPERATURE (F)   20       -15      1918


SUNRISE AND SUNSET
FEBRUARY  4 2017......SUNRISE   733 AM EST   SUNSET   547 PM EST
FEBRUARY  5 2017......SUNRISE   732 AM EST   SUNSET   548 PM EST


-  INDICATES NEGATIVE NUMBERS.
R  INDICATES RECORD WAS SET OR TIED.
MM INDICATES DATA IS MISSING.
T  INDICATES TRACE AMOUNT.




$$
