000
CDUS41 KCLE 132211
CLICAK


CLIMATE REPORT
NATIONAL WEATHER SERVICE CLEVELAND OH
510 PM EST SUN NOV 13 2016


...................................

...THE AKRON CANTON OH CLIMATE SUMMARY FOR NOVEMBER 13 2016...
VALID TODAY AS OF 0500 PM LOCAL TIME.

CLIMATE NORMAL PERIOD 1981 TO 2010
CLIMATE RECORD PERIOD 1887 TO 2016


WEATHER ITEM   OBSERVED TIME   RECORD YEAR NORMAL DEPARTURE LAST
                VALUE   (LST)  VALUE       VALUE  FROM      YEAR
                                                  NORMAL
..................................................................
TEMPERATURE (F)
 TODAY
  MAXIMUM         55    312 PM  73    1909  51      4       49
  MINIMUM         27    723 AM  12    1911  35     -8       40
  AVERAGE         41                        43     -2       45

PRECIPITATION (IN)
  TODAY            0.00                      0.11  -0.11     0.00
  MONTH TO DATE    0.66                      1.39  -0.73     0.94
  SINCE SEP 1     10.96                      7.67   3.29     7.37
  SINCE JAN 1     34.56                     34.87  -0.31    36.71

SNOWFALL (IN)
  TODAY            0.0                       0.0    0.0      0.0
  MONTH TO DATE    0.0                       0.8   -0.8      0.0
  SINCE SEP 1      0.0                       1.2   -1.2      0.0
  SINCE JUL 1      0.0                       1.2   -1.2      0.0
  SNOW DEPTH       0

DEGREE DAYS
 HEATING
  TODAY           24                        22      2       20
  MONTH TO DATE  186                       264    -78      156
  SINCE SEP 1    493                       799   -306      525
  SINCE JUL 1    496                       819   -323      534

 COOLING
  TODAY            0                         0      0        0
  MONTH TO DATE    3                         0      3        5
  SINCE SEP 1    179                        70    109      174
  SINCE JAN 1   1133                       652    481      958
..................................................................


WIND (MPH)
  HIGHEST WIND SPEED    13   HIGHEST WIND DIRECTION    SW (210)
  HIGHEST GUST SPEED    18   HIGHEST GUST DIRECTION    SW (240)


SKY COVER
  POSSIBLE SUNSHINE  MM
  AVERAGE SKY COVER 0.0


WEATHER CONDITIONS
 THE FOLLOWING WEATHER WAS RECORDED TODAY.
  NO SIGNIFICANT WEATHER WAS OBSERVED.


RELATIVE HUMIDITY (PERCENT)
 HIGHEST    85           800 AM
 LOWEST     35           200 PM
 AVERAGE    60

..........................................................


THE AKRON CANTON OH CLIMATE NORMALS FOR TOMORROW
                         NORMAL    RECORD    YEAR
 MAXIMUM TEMPERATURE (F)   50        73      1909
 MINIMUM TEMPERATURE (F)   35        11      1986


SUNRISE AND SUNSET
NOVEMBER 13 2016......SUNRISE   711 AM EST   SUNSET   509 PM EST
NOVEMBER 14 2016......SUNRISE   712 AM EST   SUNSET   508 PM EST


-  INDICATES NEGATIVE NUMBERS.
R  INDICATES RECORD WAS SET OR TIED.
MM INDICATES DATA IS MISSING.
T  INDICATES TRACE AMOUNT.




$$
