000
CDUS41 KCLE 270536
CLICAK


CLIMATE REPORT
NATIONAL WEATHER SERVICE CLEVELAND OH
1235 AM EST WED JAN 27 2016


...................................

...THE AKRON CANTON OH CLIMATE SUMMARY FOR JANUARY 26 2016...

CLIMATE NORMAL PERIOD 1981 TO 2010
CLIMATE RECORD PERIOD 1887 TO 2016


WEATHER ITEM   OBSERVED TIME   RECORD YEAR NORMAL DEPARTURE LAST
                VALUE   (LST)  VALUE       VALUE  FROM      YEAR
                                                  NORMAL
..................................................................
TEMPERATURE (F)
 YESTERDAY
  MAXIMUM         47    929 AM  66    1950  33     14       27
  MINIMUM         31   1159 PM -11    1897  19     12       20
  AVERAGE         39                        26     13       24

PRECIPITATION (IN)
  YESTERDAY        T                         0.08  -0.08     0.19
  MONTH TO DATE    1.15                      2.21  -1.06     3.18
  SINCE DEC 1      4.85                      5.05  -0.20     5.49
  SINCE JAN 1      1.15                      2.21  -1.06     3.18

SNOWFALL (IN)
  YESTERDAY        T                         0.4   -0.4      3.2
  MONTH TO DATE    5.4                      10.4   -5.0     19.2
  SINCE DEC 1      5.6                      20.6  -15.0     19.7
  SINCE JUL 1      5.6                      24.0  -18.4     27.7
  SNOW DEPTH       0

DEGREE DAYS
 HEATING
  YESTERDAY       26                        39    -13       41
  MONTH TO DATE 1018                      1012      6     1040
  SINCE DEC 1   1670                      2083   -413     1962
  SINCE JUL 1   2550                      3342   -792     3245

 COOLING
  YESTERDAY        0                         0      0        0
  MONTH TO DATE    0                         0      0        0
  SINCE DEC 1      0                         0      0        0
  SINCE JAN 1      0                         0      0        0
..................................................................


WIND (MPH)
  HIGHEST WIND SPEED    26   HIGHEST WIND DIRECTION     W (260)
  HIGHEST GUST SPEED    36   HIGHEST GUST DIRECTION     W (260)
  AVERAGE WIND SPEED    16.2


SKY COVER
  POSSIBLE SUNSHINE  MM
  AVERAGE SKY COVER 1.0


WEATHER CONDITIONS
 THE FOLLOWING WEATHER WAS RECORDED YESTERDAY.
  LIGHT RAIN
  LIGHT SNOW
  HAZE


RELATIVE HUMIDITY (PERCENT)
 HIGHEST    78          1000 PM
 LOWEST     53          1200 AM
 AVERAGE    66

..........................................................


THE AKRON CANTON OH CLIMATE NORMALS FOR TODAY
                         NORMAL    RECORD    YEAR
 MAXIMUM TEMPERATURE (F)   33        67      1916
 MINIMUM TEMPERATURE (F)   19        -9      1936


SUNRISE AND SUNSET
JANUARY 27 2016.......SUNRISE   741 AM EST   SUNSET   536 PM EST
JANUARY 28 2016.......SUNRISE   740 AM EST   SUNSET   537 PM EST


-  INDICATES NEGATIVE NUMBERS.
R  INDICATES RECORD WAS SET OR TIED.
MM INDICATES DATA IS MISSING.
T  INDICATES TRACE AMOUNT.




$$
