000
CDUS41 KCLE 010526
CLICAK


CLIMATE REPORT
NATIONAL WEATHER SERVICE CLEVELAND OH
1226 AM EST SUN JAN 1 2017


...................................

...THE AKRON CANTON OH CLIMATE SUMMARY FOR DECEMBER 31 2016...

CLIMATE NORMAL PERIOD 1981 TO 2010
CLIMATE RECORD PERIOD 1887 TO 2016


WEATHER ITEM   OBSERVED TIME   RECORD YEAR NORMAL DEPARTURE LAST
                VALUE   (LST)  VALUE       VALUE  FROM      YEAR
                                                  NORMAL
..................................................................
TEMPERATURE (F)
 YESTERDAY
  MAXIMUM         43    239 PM  62    1965  34      9       35
  MINIMUM         24   1206 AM  -7    1976  20      4       30
  AVERAGE         34                        27      7       33

PRECIPITATION (IN)
  YESTERDAY        0.01                      0.09  -0.08      T
  MONTH TO DATE    3.00                      2.84   0.16     3.70
  SINCE DEC 1      3.00                      2.84   0.16     3.70
  SINCE JAN 1     38.65                     39.62  -0.97    41.23

SNOWFALL (IN)
  YESTERDAY        T                         0.4   -0.4       T
  MONTH TO DATE    7.5                      10.2   -2.7      0.2
  SINCE DEC 1      7.5                      10.2   -2.7      0.2
  SINCE JUL 1      9.6                      13.6   -4.0      0.2
  SNOW DEPTH       0

DEGREE DAYS
 HEATING
  YESTERDAY       31                        38     -7       32
  MONTH TO DATE 1066                      1073     -7      652
  SINCE DEC 1   1066                      1071     -5      652
  SINCE JUL 1   1944                      2330   -386     1532

 COOLING
  YESTERDAY        0                         0      0        0
  MONTH TO DATE    0                         0      0        0
  SINCE DEC 1      0                         0      0        0
  SINCE JAN 1   1133                       652    481      958
..................................................................


WIND (MPH)
  HIGHEST WIND SPEED    32   HIGHEST WIND DIRECTION    SW (230)
  HIGHEST GUST SPEED    46   HIGHEST GUST DIRECTION    SW (220)
  AVERAGE WIND SPEED    17.3


SKY COVER
  POSSIBLE SUNSHINE  MM
  AVERAGE SKY COVER 0.8


WEATHER CONDITIONS
 THE FOLLOWING WEATHER WAS RECORDED YESTERDAY.
  LIGHT RAIN
  FOG


RELATIVE HUMIDITY (PERCENT)
 HIGHEST    79           600 PM
 LOWEST     44           100 PM
 AVERAGE    62

..........................................................


THE AKRON CANTON OH CLIMATE NORMALS FOR TODAY
                         NORMAL    RECORD    YEAR
 MAXIMUM TEMPERATURE (F)   33        63      1985
 MINIMUM TEMPERATURE (F)   20        -5      1968


SUNRISE AND SUNSET
JANUARY  1 2017.......SUNRISE   750 AM EST   SUNSET   509 PM EST
JANUARY  2 2017.......SUNRISE   750 AM EST   SUNSET   510 PM EST


-  INDICATES NEGATIVE NUMBERS.
R  INDICATES RECORD WAS SET OR TIED.
MM INDICATES DATA IS MISSING.
T  INDICATES TRACE AMOUNT.




$$
