000
CDUS41 KCLE 100532
CLICAK


CLIMATE REPORT
NATIONAL WEATHER SERVICE CLEVELAND OH
1227 AM EST WED DEC 10 2014


...................................

...THE AKRON CANTON OH CLIMATE SUMMARY FOR DECEMBER 9 2014...

CLIMATE NORMAL PERIOD 1981 TO 2010
CLIMATE RECORD PERIOD 1887 TO 2014


WEATHER ITEM   OBSERVED TIME   RECORD YEAR NORMAL DEPARTURE LAST
                VALUE   (LST)  VALUE       VALUE  FROM      YEAR
                                                  NORMAL
..................................................................
TEMPERATURE (F)
 YESTERDAY
  MAXIMUM         42    224 PM  62    1952  39      3       34
  MINIMUM         36   1159 PM  -7    1917  26     10       26
  AVERAGE         39                        32      7       30

PRECIPITATION (IN)
  YESTERDAY        0.02                      0.10  -0.08     0.02
  MONTH TO DATE    1.12                      0.89   0.23     0.38
  SINCE DEC 1      1.12                      0.89   0.23     0.38
  SINCE JAN 1     44.50                     37.67   6.83    39.08

SNOWFALL (IN)
  YESTERDAY        0.0                       0.4   -0.4       T
  MONTH TO DATE    0.1                       2.5   -2.4      2.6
  SINCE DEC 1      0.1                       2.5   -2.4      2.6
  SINCE JUL 1      8.1                       5.9    2.2     13.3
  SNOW DEPTH       0

DEGREE DAYS
 HEATING
  YESTERDAY       26                        33     -7       35
  MONTH TO DATE  270                       281    -11      267
  SINCE DEC 1    270                       281    -11      267
  SINCE JUL 1   1553                      1540     13     1517

 COOLING
  YESTERDAY        0                         0      0        0
  MONTH TO DATE    0                         0      0        0
  SINCE DEC 1      0                         0      0        0
  SINCE JAN 1    719                       652     67      829
..................................................................


WIND (MPH)
  HIGHEST WIND SPEED    17   HIGHEST WIND DIRECTION     N (340)
  HIGHEST GUST SPEED    22   HIGHEST GUST DIRECTION     N (350)
  AVERAGE WIND SPEED     7.9


SKY COVER
  POSSIBLE SUNSHINE  MM
  AVERAGE SKY COVER 0.9


WEATHER CONDITIONS
 THE FOLLOWING WEATHER WAS RECORDED YESTERDAY.
  LIGHT RAIN
  FOG


RELATIVE HUMIDITY (PERCENT)
 HIGHEST    85           400 PM
 LOWEST     70           500 AM
 AVERAGE    78

..........................................................


THE AKRON CANTON OH CLIMATE NORMALS FOR TODAY
                         NORMAL    RECORD    YEAR
 MAXIMUM TEMPERATURE (F)   39        67      1971
 MINIMUM TEMPERATURE (F)   26       -11      1958


SUNRISE AND SUNSET
DECEMBER 10 2014......SUNRISE   739 AM EST   SUNSET   458 PM EST
DECEMBER 11 2014......SUNRISE   740 AM EST   SUNSET   458 PM EST


-  INDICATES NEGATIVE NUMBERS.
R  INDICATES RECORD WAS SET OR TIED.
MM INDICATES DATA IS MISSING.
T  INDICATES TRACE AMOUNT.




$$
