000
CDUS41 KCLE 282125
CLICAK


CLIMATE REPORT
NATIONAL WEATHER SERVICE CLEVELAND OH
525 PM EDT SAT JUN 28 2014


...................................

...THE AKRON CANTON OH CLIMATE SUMMARY FOR JUNE 28 2014...
VALID TODAY AS OF 0500 PM LOCAL TIME.

CLIMATE NORMAL PERIOD 1981 TO 2010
CLIMATE RECORD PERIOD 1887 TO 2014


WEATHER ITEM   OBSERVED TIME   RECORD YEAR NORMAL DEPARTURE LAST
                VALUE   (LST)  VALUE       VALUE  FROM      YEAR
                                                  NORMAL
..................................................................
TEMPERATURE (F)
 TODAY
  MAXIMUM         89    250 PM  97    1971  81      8       81
                                      1944
                                      1934
  MINIMUM         66    610 AM  47    1950  61      5       64
                                      1905
                                      1904
  AVERAGE         78                        71      7       73

PRECIPITATION (IN)
  TODAY            0.00                      0.13  -0.13     0.18
  MONTH TO DATE    8.91                      3.58   5.33     5.83
  SINCE JUN 1      8.91                      3.58   5.33     5.83
  SINCE JAN 1     25.54                     19.31   6.23    18.09

SNOWFALL (IN)
  TODAY            0.0                       0.0    0.0      0.0
  MONTH TO DATE    0.0                       0.0    0.0      0.0
  SINCE JUN 1      0.0                       0.0    0.0      0.0
  SINCE JUL 1     69.9                      47.5   22.4     47.2
  SNOW DEPTH       0

DEGREE DAYS
 HEATING
  TODAY            0                         1     -1        0
  MONTH TO DATE   15                        51    -36       27
  SINCE JUN 1     15                        51    -36       27
  SINCE JUL 1   6422                      6152    270     5829

 COOLING
  TODAY           13                         6      7        8
  MONTH TO DATE  155                       121     34      149
  SINCE JUN 1    155                       121     34      149
  SINCE JAN 1    231                       163     68      255
..................................................................


WIND (MPH)
  HIGHEST WIND SPEED     6   HIGHEST WIND DIRECTION     S (180)
  HIGHEST GUST SPEED     6   HIGHEST GUST DIRECTION     S (180)


SKY COVER
  POSSIBLE SUNSHINE  MM
  AVERAGE SKY COVER 0.3


WEATHER CONDITIONS
 THE FOLLOWING WEATHER WAS RECORDED TODAY.
  HAZE


RELATIVE HUMIDITY (PERCENT)
 HIGHEST    87           200 AM
 LOWEST     35           300 PM
 AVERAGE    61

..........................................................


THE AKRON CANTON OH CLIMATE NORMALS FOR TOMORROW
                         NORMAL    RECORD    YEAR
 MAXIMUM TEMPERATURE (F)   81        98      1952
                                             1934
 MINIMUM TEMPERATURE (F)   61        47      1905


SUNRISE AND SUNSET
JUNE 28 2014..........SUNRISE   556 AM EDT   SUNSET   902 PM EDT
JUNE 29 2014..........SUNRISE   557 AM EDT   SUNSET   902 PM EDT


-  INDICATES NEGATIVE NUMBERS.
R  INDICATES RECORD WAS SET OR TIED.
MM INDICATES DATA IS MISSING.
T  INDICATES TRACE AMOUNT.




$$
