000
CDUS41 KCLE 080552
CLICAK


CLIMATE REPORT
NATIONAL WEATHER SERVICE CLEVELAND OH
1251 AM EST WED MAR 8 2017


...................................

...THE AKRON CANTON OH CLIMATE SUMMARY FOR MARCH 7 2017...

CLIMATE NORMAL PERIOD 1981 TO 2010
CLIMATE RECORD PERIOD 1887 TO 2017


WEATHER ITEM   OBSERVED TIME   RECORD YEAR NORMAL DEPARTURE LAST
                VALUE   (LST)  VALUE       VALUE  FROM      YEAR
                                                  NORMAL
..................................................................
TEMPERATURE (F)
 YESTERDAY
  MAXIMUM         57    433 PM  76    1983  43     14       64
  MINIMUM         44   1159 PM   3    1913  26     18       32
  AVERAGE         51                        34     17       48

PRECIPITATION (IN)
  YESTERDAY        0.77                      0.09   0.68     0.00
  MONTH TO DATE    1.71                      0.60   1.11     0.55
  SINCE MAR 1      1.71                      0.60   1.11     0.55
  SINCE JAN 1     10.22                      5.52   4.70     5.14

SNOWFALL (IN)
  YESTERDAY        0.0                       0.3   -0.3      0.0
  MONTH TO DATE    0.4                       2.3   -1.9      2.4
  SINCE MAR 1      0.4                       2.3   -1.9      2.4
  SINCE JUL 1     21.6                      38.8  -17.2     25.1
  SNOW DEPTH       0

DEGREE DAYS
 HEATING
  YESTERDAY       14                        31    -17       17
  MONTH TO DATE  188                       222    -34      217
  SINCE MAR 1    188                       222    -34      217
  SINCE JUL 1   3788                      4766   -978     3864

 COOLING
  YESTERDAY        0                         0      0        0
  MONTH TO DATE    0                         0      0        0
  SINCE MAR 1      0                         0      0        0
  SINCE JAN 1      2                         0      2        0
..................................................................


WIND (MPH)
  HIGHEST WIND SPEED    29   HIGHEST WIND DIRECTION    SW (210)
  HIGHEST GUST SPEED    37   HIGHEST GUST DIRECTION     S (200)
  AVERAGE WIND SPEED    17.7


SKY COVER
  POSSIBLE SUNSHINE  MM
  AVERAGE SKY COVER 1.0


WEATHER CONDITIONS
 THE FOLLOWING WEATHER WAS RECORDED YESTERDAY.
  RAIN
  LIGHT RAIN
  FOG
  HAZE


RELATIVE HUMIDITY (PERCENT)
 HIGHEST    89           100 AM
 LOWEST     66           700 AM
 AVERAGE    78

..........................................................


THE AKRON CANTON OH CLIMATE NORMALS FOR TODAY
                         NORMAL    RECORD    YEAR
 MAXIMUM TEMPERATURE (F)   43        78      2000
 MINIMUM TEMPERATURE (F)   26        -2      1986


SUNRISE AND SUNSET
MARCH  8 2017.........SUNRISE   648 AM EST   SUNSET   625 PM EST
MARCH  9 2017.........SUNRISE   647 AM EST   SUNSET   626 PM EST


-  INDICATES NEGATIVE NUMBERS.
R  INDICATES RECORD WAS SET OR TIED.
MM INDICATES DATA IS MISSING.
T  INDICATES TRACE AMOUNT.




$$
