000
CDUS41 KCLE 130527
CLICAK


CLIMATE REPORT
NATIONAL WEATHER SERVICE CLEVELAND OH
1226 AM EST THU NOV 13 2014


...................................

...THE AKRON CANTON OH CLIMATE SUMMARY FOR NOVEMBER 12 2014...

CLIMATE NORMAL PERIOD 1981 TO 2010
CLIMATE RECORD PERIOD 1887 TO 2014


WEATHER ITEM   OBSERVED TIME   RECORD YEAR NORMAL DEPARTURE LAST
                VALUE   (LST)  VALUE       VALUE  FROM      YEAR
                                                  NORMAL
..................................................................
TEMPERATURE (F)
 YESTERDAY
  MAXIMUM         45   1210 AM  72    1949  51     -6       32
  MINIMUM         33   1159 PM  16    1950  35     -2       27
  AVERAGE         39                        43     -4       30

PRECIPITATION (IN)
  YESTERDAY        T                         0.11  -0.11     0.26
  MONTH TO DATE    1.09                      1.28  -0.19     1.30
  SINCE SEP 1      6.11                      7.56  -1.45     9.79
  SINCE JAN 1     41.90                     34.76   7.14    36.86

SNOWFALL (IN)
  YESTERDAY        0.0                       0.1   -0.1      2.6
  MONTH TO DATE    T                         0.8   -0.8      3.2
  SINCE SEP 1      T                         1.2   -1.2      3.2
  SINCE JUL 1      T                         1.2   -1.2      3.2
  SNOW DEPTH       0

DEGREE DAYS
 HEATING
  YESTERDAY       26                        22      4       35
  MONTH TO DATE  238                       242     -4      253
  SINCE SEP 1    680                       777    -97      704
  SINCE JUL 1    696                       797   -101      717

 COOLING
  YESTERDAY        0                         0      0        0
  MONTH TO DATE    0                         0      0        0
  SINCE SEP 1     83                        70     13      105
  SINCE JAN 1    719                       652     67      829
..................................................................


WIND (MPH)
  HIGHEST WIND SPEED    22   HIGHEST WIND DIRECTION     W (290)
  HIGHEST GUST SPEED    29   HIGHEST GUST DIRECTION     W (280)
  AVERAGE WIND SPEED    10.6


SKY COVER
  POSSIBLE SUNSHINE  MM
  AVERAGE SKY COVER 1.0


WEATHER CONDITIONS
 THE FOLLOWING WEATHER WAS RECORDED YESTERDAY.
  LIGHT RAIN


RELATIVE HUMIDITY (PERCENT)
 HIGHEST    86          1200 AM
 LOWEST     59           100 PM
 AVERAGE    73

..........................................................


THE AKRON CANTON OH CLIMATE NORMALS FOR TODAY
                         NORMAL    RECORD    YEAR
 MAXIMUM TEMPERATURE (F)   51        73      1909
 MINIMUM TEMPERATURE (F)   35        12      1911


SUNRISE AND SUNSET
NOVEMBER 13 2014......SUNRISE   711 AM EST   SUNSET   509 PM EST
NOVEMBER 14 2014......SUNRISE   712 AM EST   SUNSET   508 PM EST


-  INDICATES NEGATIVE NUMBERS.
R  INDICATES RECORD WAS SET OR TIED.
MM INDICATES DATA IS MISSING.
T  INDICATES TRACE AMOUNT.




$$
