000
CDUS41 KCLE 292113
CLICAK


CLIMATE REPORT
NATIONAL WEATHER SERVICE CLEVELAND OH
511 PM EDT THU JUN 29 2017


...................................

...THE AKRON CANTON OH CLIMATE SUMMARY FOR JUNE 29 2017...
VALID TODAY AS OF 0500 PM LOCAL TIME.

CLIMATE NORMAL PERIOD 1981 TO 2010
CLIMATE RECORD PERIOD 1887 TO 2017


WEATHER ITEM   OBSERVED TIME   RECORD YEAR NORMAL DEPARTURE LAST
                VALUE   (LST)  VALUE       VALUE  FROM      YEAR
                                                  NORMAL
..................................................................
TEMPERATURE (F)
 TODAY
  MAXIMUM         86    215 PM  98    1952  81      5       74
                                      1934
  MINIMUM         60    441 AM  47    1905  61     -1       51
  AVERAGE         73                        71      2       63

PRECIPITATION (IN)
  TODAY            0.00                      0.12  -0.12     0.00
  MONTH TO DATE    3.05                      3.70  -0.65     3.51
  SINCE JUN 1      3.05                      3.70  -0.65     3.51
  SINCE JAN 1     29.17                     19.43   9.74    18.18

SNOWFALL (IN)
  TODAY            0.0                       0.0    0.0      0.0
  MONTH TO DATE    0.0                       0.0    0.0      0.0
  SINCE JUN 1      0.0                       0.0    0.0      0.0
  SINCE JUL 1     37.2                      47.5  -10.3     30.2
  SNOW DEPTH       0

DEGREE DAYS
 HEATING
  TODAY            0                         0      0        2
  MONTH TO DATE   23                        51    -28       19
  SINCE JUN 1     23                        51    -28       19
  SINCE JUL 1   4896                      6152  -1256     5000

 COOLING
  TODAY            8                         7      1        0
  MONTH TO DATE  177                       128     49      191
  SINCE JUN 1    177                       128     49      191
  SINCE JAN 1    241                       170     71      252
..................................................................


WIND (MPH)
  HIGHEST WIND SPEED    25   HIGHEST WIND DIRECTION    SW (220)
  HIGHEST GUST SPEED    34   HIGHEST GUST DIRECTION    SW (240)


SKY COVER
  POSSIBLE SUNSHINE  MM
  AVERAGE SKY COVER 0.6


WEATHER CONDITIONS
 THE FOLLOWING WEATHER WAS RECORDED TODAY.
  NO SIGNIFICANT WEATHER WAS OBSERVED.


RELATIVE HUMIDITY (PERCENT)
 HIGHEST    72           400 AM
 LOWEST     48           100 PM
 AVERAGE    60

..........................................................


THE AKRON CANTON OH CLIMATE NORMALS FOR TOMORROW
                         NORMAL    RECORD    YEAR
 MAXIMUM TEMPERATURE (F)   81        96      1913
 MINIMUM TEMPERATURE (F)   61        46      1899


SUNRISE AND SUNSET
JUNE 29 2017..........SUNRISE   557 AM EDT   SUNSET   902 PM EDT
JUNE 30 2017..........SUNRISE   557 AM EDT   SUNSET   902 PM EDT


-  INDICATES NEGATIVE NUMBERS.
R  INDICATES RECORD WAS SET OR TIED.
MM INDICATES DATA IS MISSING.
T  INDICATES TRACE AMOUNT.




$$
