000
CDUS41 KCLE 060536
CLICAK


CLIMATE REPORT
NATIONAL WEATHER SERVICE CLEVELAND OH
1235 AM EST SAT JAN 6 2018


...................................

...THE AKRON CANTON OH CLIMATE SUMMARY FOR JANUARY 5 2018...

CLIMATE NORMAL PERIOD 1981 TO 2010
CLIMATE RECORD PERIOD 1887 TO 2018


WEATHER ITEM   OBSERVED TIME   RECORD YEAR NORMAL DEPARTURE LAST
                VALUE   (LST)  VALUE       VALUE  FROM      YEAR
                                                  NORMAL
..................................................................
TEMPERATURE (F)
 YESTERDAY
  MAXIMUM          9    330 PM  64    1997  33    -24       20
  MINIMUM         -4    808 AM -10    1904  20    -24        9
  AVERAGE          3                        26    -23       15

PRECIPITATION (IN)
  YESTERDAY        0.00                      0.09  -0.09     0.17
  MONTH TO DATE    0.05                      0.45  -0.40     1.23
  SINCE DEC 1      1.95                      3.29  -1.34     4.23
  SINCE JAN 1      0.05                      0.45  -0.40     1.23

SNOWFALL (IN)
  YESTERDAY        0.0                       0.3   -0.3      2.9
  MONTH TO DATE    1.5                       1.9   -0.4      2.9
  SINCE DEC 1     15.5                      12.1    3.4     10.4
  SINCE JUL 1     15.6                      15.5    0.1     12.5
  SNOW DEPTH       2

DEGREE DAYS
 HEATING
  YESTERDAY       62                        39     23       50
  MONTH TO DATE  290                       193     97      160
  SINCE DEC 1   1418                      1264    154     1226
  SINCE JUL 1   2408                      2523   -115     2104

 COOLING
  YESTERDAY        0                         0      0        0
  MONTH TO DATE    0                         0      0        0
  SINCE DEC 1      0                         0      0        0
  SINCE JAN 1      0                         0      0        0
..................................................................


WIND (MPH)
  HIGHEST WIND SPEED    25   HIGHEST WIND DIRECTION     W (290)
  HIGHEST GUST SPEED    34   HIGHEST GUST DIRECTION     W (280)
  AVERAGE WIND SPEED    13.2


SKY COVER
  POSSIBLE SUNSHINE  MM
  AVERAGE SKY COVER 0.2


WEATHER CONDITIONS
 THE FOLLOWING WEATHER WAS RECORDED YESTERDAY.
  BLOWING SNOW


RELATIVE HUMIDITY (PERCENT)
 HIGHEST    72           700 AM
 LOWEST     50           400 PM
 AVERAGE    61

..........................................................


THE AKRON CANTON OH CLIMATE NORMALS FOR TODAY
                         NORMAL    RECORD    YEAR
 MAXIMUM TEMPERATURE (F)   33        65      1946
 MINIMUM TEMPERATURE (F)   19       -10      2014


SUNRISE AND SUNSET
JANUARY  6 2018.......SUNRISE   750 AM EST   SUNSET   513 PM EST
JANUARY  7 2018.......SUNRISE   750 AM EST   SUNSET   514 PM EST


-  INDICATES NEGATIVE NUMBERS.
R  INDICATES RECORD WAS SET OR TIED.
MM INDICATES DATA IS MISSING.
T  INDICATES TRACE AMOUNT.




$$
