000
CDUS41 KCLE 022114
CLICAK


CLIMATE REPORT
NATIONAL WEATHER SERVICE CLEVELAND OH
513 PM EDT SAT SEP 2 2017


...................................

...THE AKRON CANTON OH CLIMATE SUMMARY FOR SEPTEMBER 2 2017...
VALID TODAY AS OF 0500 PM LOCAL TIME.

CLIMATE NORMAL PERIOD 1981 TO 2010
CLIMATE RECORD PERIOD 1887 TO 2017


WEATHER ITEM   OBSERVED TIME   RECORD YEAR NORMAL DEPARTURE LAST
                VALUE   (LST)  VALUE       VALUE  FROM      YEAR
                                                  NORMAL
..................................................................
TEMPERATURE (F)
 TODAY
  MAXIMUM         63    247 PM  99    1953  78    -15       77
  MINIMUM         53    610 AM  42    1909  58     -5       55
  AVERAGE         58                        68    -10       66

PRECIPITATION (IN)
  TODAY            0.05                      0.12  -0.07     0.00
  MONTH TO DATE    0.05                      0.24  -0.19     0.00
  SINCE SEP 1      0.05                      0.24  -0.19     0.00
  SINCE JAN 1     34.72                     27.44   7.28    23.60

SNOWFALL (IN)
  TODAY            0.0                       0.0    0.0      0.0
  MONTH TO DATE    0.0                       0.0    0.0      0.0
  SINCE SEP 1      0.0                       0.0    0.0      0.0
  SINCE JUL 1      0.0                       0.0    0.0      0.0
  SNOW DEPTH       0

DEGREE DAYS
 HEATING
  TODAY            7                         1      6        0
  MONTH TO DATE   12                         2     10        0
  SINCE SEP 1     12                         2     10        0
  SINCE JUL 1     18                        22     -4        3

 COOLING
  TODAY            0                         4     -4        1
  MONTH TO DATE    0                         8     -8        4
  SINCE SEP 1      0                         8     -8        4
  SINCE JAN 1    742                       590    152      958
..................................................................


WIND (MPH)
  HIGHEST WIND SPEED    16   HIGHEST WIND DIRECTION    SE (120)
  HIGHEST GUST SPEED    21   HIGHEST GUST DIRECTION     E (80)


SKY COVER
  POSSIBLE SUNSHINE  MM
  AVERAGE SKY COVER 1.0


WEATHER CONDITIONS
 THE FOLLOWING WEATHER WAS RECORDED TODAY.
  LIGHT RAIN
  FOG


RELATIVE HUMIDITY (PERCENT)
 HIGHEST    90           400 PM
 LOWEST     57           100 AM
 AVERAGE    74

..........................................................


THE AKRON CANTON OH CLIMATE NORMALS FOR TOMORROW
                         NORMAL    RECORD    YEAR
 MAXIMUM TEMPERATURE (F)   78        99      1953
 MINIMUM TEMPERATURE (F)   58        41      1946


SUNRISE AND SUNSET
SEPTEMBER  2 2017.....SUNRISE   654 AM EDT   SUNSET   756 PM EDT
SEPTEMBER  3 2017.....SUNRISE   655 AM EDT   SUNSET   754 PM EDT


-  INDICATES NEGATIVE NUMBERS.
R  INDICATES RECORD WAS SET OR TIED.
MM INDICATES DATA IS MISSING.
T  INDICATES TRACE AMOUNT.




$$
