000
CDUS41 KCLE 022329
CLICAK


CLIMATE REPORT...CORRECTED
NATIONAL WEATHER SERVICE CLEVELAND OH
726 PM EDT SAT JUL 2 2016


...................................

...THE AKRON CANTON OH CLIMATE SUMMARY FOR JULY 1 2016...

CLIMATE NORMAL PERIOD 1981 TO 2010
CLIMATE RECORD PERIOD 1887 TO 2016


WEATHER ITEM   OBSERVED TIME   RECORD YEAR NORMAL DEPARTURE LAST
                VALUE   (LST)  VALUE       VALUE  FROM      YEAR
                                                  NORMAL
..................................................................
TEMPERATURE (F)
 YESTERDAY
  MAXIMUM         79    234 PM  97    1931  82     -3       76
  MINIMUM         58   1157 PM  43    1988  61     -3       62
  AVERAGE         69                        71     -2       69

PRECIPITATION (IN)
  YESTERDAY        0.07                      0.13  -0.06     0.00
  MONTH TO DATE    0.07                      0.13  -0.06     0.00
  SINCE JUN 1      3.58                      3.96  -0.38     8.31
  SINCE JAN 1     18.25                     19.69  -1.44    24.72

SNOWFALL (IN)
  YESTERDAY        0.0                       0.0    0.0      0.0
  MONTH TO DATE    0.0                       0.0    0.0      0.0
  SINCE JUN 1      0.0                       0.0    0.0      0.0
  SINCE JUL 1      0.0                       0.0    0.0      0.0
  SNOW DEPTH       0

DEGREE DAYS
 HEATING
  YESTERDAY        0                         0      0        0
  MONTH TO DATE    0                         0      0        0
  SINCE JUN 1     19                        49    -30       25
  SINCE JUL 1      0                         0      0        0

 COOLING
  YESTERDAY        4                         7     -3        4
  MONTH TO DATE    4                         7     -3        4
  SINCE JUN 1    198                       142     56      190
  SINCE JAN 1    259                       184     75      334
..................................................................


WIND (MPH)
  HIGHEST WIND SPEED    21   HIGHEST WIND DIRECTION    NW (310)
  HIGHEST GUST SPEED    27   HIGHEST GUST DIRECTION    NW (310)
  AVERAGE WIND SPEED     9.4


SKY COVER
  POSSIBLE SUNSHINE  MM
  AVERAGE SKY COVER 0.5


WEATHER CONDITIONS
 THE FOLLOWING WEATHER WAS RECORDED YESTERDAY.
  LIGHT RAIN


RELATIVE HUMIDITY (PERCENT)
 HIGHEST    84           700 AM
 LOWEST     46           500 PM
 AVERAGE    65

..........................................................


THE AKRON CANTON OH CLIMATE NORMALS FOR TODAY
                         NORMAL    RECORD    YEAR
 MAXIMUM TEMPERATURE (F)   82        98      1931
 MINIMUM TEMPERATURE (F)   61        45      1943


SUNRISE AND SUNSET
JULY  2 2016..........SUNRISE   558 AM EDT   SUNSET   901 PM EDT
JULY  3 2016..........SUNRISE   559 AM EDT   SUNSET   901 PM EDT


-  INDICATES NEGATIVE NUMBERS.
R  INDICATES RECORD WAS SET OR TIED.
MM INDICATES DATA IS MISSING.
T  INDICATES TRACE AMOUNT.




$$
...CORRECTED DATA FOR 7/1/16...
