000
CDUS41 KCLE 272113
CLICAK


CLIMATE REPORT
NATIONAL WEATHER SERVICE CLEVELAND OH
512 PM EDT FRI JUN 27 2014


...................................

...THE AKRON CANTON OH CLIMATE SUMMARY FOR JUNE 27 2014...
VALID TODAY AS OF 0500 PM LOCAL TIME.

CLIMATE NORMAL PERIOD 1981 TO 2010
CLIMATE RECORD PERIOD 1887 TO 2014


WEATHER ITEM   OBSERVED TIME   RECORD YEAR NORMAL DEPARTURE LAST
                VALUE   (LST)  VALUE       VALUE  FROM      YEAR
                                                  NORMAL
..................................................................
TEMPERATURE (F)
 TODAY
  MAXIMUM         82    246 PM  95    1944  81      1       80
  MINIMUM         58    548 AM  47    1897  61     -3       68
  AVERAGE         70                        71     -1       74

PRECIPITATION (IN)
  TODAY            0.00                      0.13  -0.13     0.23
  MONTH TO DATE    8.91                      3.45   5.46     5.65
  SINCE JUN 1      8.91                      3.45   5.46     5.65
  SINCE JAN 1     25.54                     19.18   6.36    17.91

SNOWFALL (IN)
  TODAY            0.0                       0.0    0.0      0.0
  MONTH TO DATE    0.0                       0.0    0.0      0.0
  SINCE JUN 1      0.0                       0.0    0.0      0.0
  SINCE JUL 1     69.9                      47.5   22.4     47.2
  SNOW DEPTH       0

DEGREE DAYS
 HEATING
  TODAY            0                         1     -1        0
  MONTH TO DATE   15                        50    -35       27
  SINCE JUN 1     15                        50    -35       27
  SINCE JUL 1   6422                      6151    271     5829

 COOLING
  TODAY            5                         6     -1        9
  MONTH TO DATE  142                       115     27      141
  SINCE JUN 1    142                       115     27      141
  SINCE JAN 1    218                       157     61      247
..................................................................


WIND (MPH)
  HIGHEST WIND SPEED     7   HIGHEST WIND DIRECTION     E (70)
  HIGHEST GUST SPEED     7   HIGHEST GUST DIRECTION     E (70)


SKY COVER
  POSSIBLE SUNSHINE  MM
  AVERAGE SKY COVER 0.4


WEATHER CONDITIONS
 THE FOLLOWING WEATHER WAS RECORDED TODAY.
  NO SIGNIFICANT WEATHER WAS OBSERVED.


RELATIVE HUMIDITY (PERCENT)
 HIGHEST    97           600 AM
 LOWEST     45           400 PM
 AVERAGE    71

..........................................................


THE AKRON CANTON OH CLIMATE NORMALS FOR TOMORROW
                         NORMAL    RECORD    YEAR
 MAXIMUM TEMPERATURE (F)   81        97      1971
                                             1944
                                             1934
 MINIMUM TEMPERATURE (F)   61        47      1950
                                             1905
                                             1904


SUNRISE AND SUNSET
JUNE 27 2014..........SUNRISE   556 AM EDT   SUNSET   902 PM EDT
JUNE 28 2014..........SUNRISE   556 AM EDT   SUNSET   902 PM EDT


-  INDICATES NEGATIVE NUMBERS.
R  INDICATES RECORD WAS SET OR TIED.
MM INDICATES DATA IS MISSING.
T  INDICATES TRACE AMOUNT.




$$
