611
CDUS41 KCLE 260531
CLICAK


CLIMATE REPORT
NATIONAL WEATHER SERVICE CLEVELAND OH
1230 AM EST TUE JAN 26 2016


...................................

...THE AKRON CANTON OH CLIMATE SUMMARY FOR JANUARY 25 2016...

CLIMATE NORMAL PERIOD 1981 TO 2010
CLIMATE RECORD PERIOD 1887 TO 2016


WEATHER ITEM   OBSERVED TIME   RECORD YEAR NORMAL DEPARTURE LAST
                VALUE   (LST)  VALUE       VALUE  FROM      YEAR
                                                  NORMAL
..................................................................
TEMPERATURE (F)
 YESTERDAY
  MAXIMUM         46    315 PM  70    1950  33     13       35
  MINIMUM         22    608 AM -14    1897  19      3       21
  AVERAGE         34                        26      8       28

PRECIPITATION (IN)
  YESTERDAY        T                         0.08  -0.08     0.21
  MONTH TO DATE    1.15                      2.13  -0.98     2.99
  SINCE DEC 1      4.85                      4.97  -0.12     5.30
  SINCE JAN 1      1.15                      2.13  -0.98     2.99

SNOWFALL (IN)
  YESTERDAY        0.0                       0.4   -0.4      3.0
  MONTH TO DATE    5.4                      10.0   -4.6     16.0
  SINCE DEC 1      5.6                      20.2  -14.6     16.5
  SINCE JUL 1      5.6                      23.6  -18.0     24.5
  SNOW DEPTH       0

DEGREE DAYS
 HEATING
  YESTERDAY       31                        39     -8       37
  MONTH TO DATE  992                       973     19      999
  SINCE DEC 1   1644                      2044   -400     1921
  SINCE JUL 1   2524                      3303   -779     3204

 COOLING
  YESTERDAY        0                         0      0        0
  MONTH TO DATE    0                         0      0        0
  SINCE DEC 1      0                         0      0        0
  SINCE JAN 1      0                         0      0        0
..................................................................


WIND (MPH)
  HIGHEST WIND SPEED    23   HIGHEST WIND DIRECTION     S (190)
  HIGHEST GUST SPEED    30   HIGHEST GUST DIRECTION     S (190)
  AVERAGE WIND SPEED    12.3


SKY COVER
  POSSIBLE SUNSHINE  MM
  AVERAGE SKY COVER 0.5


WEATHER CONDITIONS
 THE FOLLOWING WEATHER WAS RECORDED YESTERDAY.
  LIGHT RAIN


RELATIVE HUMIDITY (PERCENT)
 HIGHEST    74           400 AM
 LOWEST     31           300 PM
 AVERAGE    53

..........................................................


THE AKRON CANTON OH CLIMATE NORMALS FOR TODAY
                         NORMAL    RECORD    YEAR
 MAXIMUM TEMPERATURE (F)   33        66      1950
 MINIMUM TEMPERATURE (F)   19       -11      1897


SUNRISE AND SUNSET
JANUARY 26 2016.......SUNRISE   742 AM EST   SUNSET   535 PM EST
JANUARY 27 2016.......SUNRISE   741 AM EST   SUNSET   536 PM EST


-  INDICATES NEGATIVE NUMBERS.
R  INDICATES RECORD WAS SET OR TIED.
MM INDICATES DATA IS MISSING.
T  INDICATES TRACE AMOUNT.




$$
