000
CDUS41 KCLE 272112
CLICAK


CLIMATE REPORT
NATIONAL WEATHER SERVICE CLEVELAND OH
511 PM EDT FRI OCT 27 2017


...................................

...THE AKRON CANTON OH CLIMATE SUMMARY FOR OCTOBER 27 2017...
VALID TODAY AS OF 0500 PM LOCAL TIME.

CLIMATE NORMAL PERIOD 1981 TO 2010
CLIMATE RECORD PERIOD 1887 TO 2017


WEATHER ITEM   OBSERVED TIME   RECORD YEAR NORMAL DEPARTURE LAST
                VALUE   (LST)  VALUE       VALUE  FROM      YEAR
                                                  NORMAL
..................................................................
TEMPERATURE (F)
 TODAY
  MAXIMUM         69    307 PM  80    1927  57     12       56
  MINIMUM         42    335 AM  23    1962  39      3       44
  AVERAGE         56                        48      8       50

PRECIPITATION (IN)
  TODAY            0.00                      0.09  -0.09     0.29
  MONTH TO DATE    3.26                      2.44   0.82     3.51
  SINCE SEP 1      5.28                      5.89  -0.61    10.05
  SINCE JAN 1     39.95                     33.09   6.86    33.65

SNOWFALL (IN)
  TODAY            0.0                       0.1   -0.1      0.0
  MONTH TO DATE    0.0                       0.3   -0.3      0.0
  SINCE SEP 1      0.0                       0.3   -0.3      0.0
  SINCE JUL 1      0.0                       0.3   -0.3      0.0
  SNOW DEPTH       0

DEGREE DAYS
 HEATING
  TODAY            9                        17     -8       15
  MONTH TO DATE  133                       346   -213      232
  SINCE SEP 1    202                       465   -263      262
  SINCE JUL 1    208                       485   -277      265

 COOLING
  TODAY            0                         0      0        0
  MONTH TO DATE   35                         3     32       21
  SINCE SEP 1    184                        67    117      176
  SINCE JAN 1    926                       649    277     1130
..................................................................


WIND (MPH)
  HIGHEST WIND SPEED    23   HIGHEST WIND DIRECTION     S (190)
  HIGHEST GUST SPEED    30   HIGHEST GUST DIRECTION     S (200)


SKY COVER
  POSSIBLE SUNSHINE  MM
  AVERAGE SKY COVER 0.6


WEATHER CONDITIONS
 THE FOLLOWING WEATHER WAS RECORDED TODAY.
  NO SIGNIFICANT WEATHER WAS OBSERVED.


RELATIVE HUMIDITY (PERCENT)
 HIGHEST    70          1200 AM
 LOWEST     44           300 PM
 AVERAGE    57

..........................................................


THE AKRON CANTON OH CLIMATE NORMALS FOR TOMORROW
                         NORMAL    RECORD    YEAR
 MAXIMUM TEMPERATURE (F)   57        80      1927
 MINIMUM TEMPERATURE (F)   39        23      1976
                                             1936


SUNRISE AND SUNSET
OCTOBER 27 2017.......SUNRISE   751 AM EDT   SUNSET   628 PM EDT
OCTOBER 28 2017.......SUNRISE   752 AM EDT   SUNSET   626 PM EDT


-  INDICATES NEGATIVE NUMBERS.
R  INDICATES RECORD WAS SET OR TIED.
MM INDICATES DATA IS MISSING.
T  INDICATES TRACE AMOUNT.




$$
