000
CDUS41 KCLE 120543
CLICAK


CLIMATE REPORT
NATIONAL WEATHER SERVICE CLEVELAND OH
130 AM EDT TUE APR 12 2016


...................................

...THE AKRON CANTON OH CLIMATE SUMMARY FOR APRIL 11 2016...

CLIMATE NORMAL PERIOD 1981 TO 2010
CLIMATE RECORD PERIOD 1887 TO 2016


WEATHER ITEM   OBSERVED TIME   RECORD YEAR NORMAL DEPARTURE LAST
                VALUE   (LST)  VALUE       VALUE  FROM      YEAR
                                                  NORMAL
..................................................................
TEMPERATURE (F)
 YESTERDAY
  MAXIMUM         53    641 PM  87    1930  58     -5       58
  MINIMUM         41   1159 PM  20    1909  37      4       39
  AVERAGE         47                        48     -1       49

PRECIPITATION (IN)
  YESTERDAY        0.77                      0.12   0.65      T
  MONTH TO DATE    2.03                      1.31   0.72     2.74
  SINCE MAR 1      6.61                      4.29   2.32     5.50
  SINCE JAN 1     11.20                      9.21   1.99    10.98

SNOWFALL (IN)
  YESTERDAY        0.0                       0.1   -0.1      0.0
  MONTH TO DATE    5.1                       1.6    3.5       T
  SINCE MAR 1      7.5                       9.8   -2.3      6.9
  SINCE JUL 1     30.2                      46.3  -16.1     59.8
  SNOW DEPTH       0

DEGREE DAYS
 HEATING
  YESTERDAY       18                        17      1       16
  MONTH TO DATE  289                       213     76      147
  SINCE MAR 1    891                      1064   -173     1075
  SINCE JUL 1   4538                      5608  -1070     5918

 COOLING
  YESTERDAY        0                         0      0        0
  MONTH TO DATE    0                         0      0        0
  SINCE MAR 1      0                         0      0        0
  SINCE JAN 1      0                         0      0        0
..................................................................


WIND (MPH)
  HIGHEST WIND SPEED    25   HIGHEST WIND DIRECTION    SW (220)
  HIGHEST GUST SPEED    34   HIGHEST GUST DIRECTION    SW (220)
  AVERAGE WIND SPEED    14.8


SKY COVER
  POSSIBLE SUNSHINE  MM
  AVERAGE SKY COVER 0.8


WEATHER CONDITIONS
 THE FOLLOWING WEATHER WAS RECORDED YESTERDAY.
  RAIN
  LIGHT RAIN
  FOG


RELATIVE HUMIDITY (PERCENT)
 HIGHEST    93           800 AM
 LOWEST     65          1100 PM
 AVERAGE    79

..........................................................


THE AKRON CANTON OH CLIMATE NORMALS FOR TODAY
                         NORMAL    RECORD    YEAR
 MAXIMUM TEMPERATURE (F)   58        82      1977
 MINIMUM TEMPERATURE (F)   38        18      1976


SUNRISE AND SUNSET
APRIL 12 2016.........SUNRISE   651 AM EDT   SUNSET   803 PM EDT
APRIL 13 2016.........SUNRISE   649 AM EDT   SUNSET   804 PM EDT


-  INDICATES NEGATIVE NUMBERS.
R  INDICATES RECORD WAS SET OR TIED.
MM INDICATES DATA IS MISSING.
T  INDICATES TRACE AMOUNT.




$$
