000
CDUS41 KCLE 190527
CLICAK


CLIMATE REPORT
NATIONAL WEATHER SERVICE CLEVELAND OH
126 AM EDT FRI SEP 19 2014


...................................

...THE AKRON CANTON OH CLIMATE SUMMARY FOR SEPTEMBER 18 2014...

CLIMATE NORMAL PERIOD 1981 TO 2010
CLIMATE RECORD PERIOD 1887 TO 2014


WEATHER ITEM   OBSERVED TIME   RECORD YEAR NORMAL DEPARTURE LAST
                VALUE   (LST)  VALUE       VALUE  FROM      YEAR
                                                  NORMAL
..................................................................
TEMPERATURE (F)
 YESTERDAY
  MAXIMUM         71    310 PM  91    1955  72     -1       74
                                      1895
  MINIMUM         47    623 AM  37    1959  53     -6       50
  AVERAGE         59                        62     -3       62

PRECIPITATION (IN)
  YESTERDAY        0.00                      0.11  -0.11     0.00
  MONTH TO DATE    0.81                      2.13  -1.32     1.58
  SINCE SEP 1      0.81                      2.13  -1.32     1.58
  SINCE JAN 1     36.60                     29.33   7.27    28.65

SNOWFALL (IN)
  YESTERDAY        0.0                       0.0    0.0      0.0
  MONTH TO DATE    0.0                       0.0    0.0      0.0
  SINCE SEP 1      0.0                       0.0    0.0      0.0
  SINCE JUL 1      0.0                       0.0    0.0      0.0
  SNOW DEPTH       0

DEGREE DAYS
 HEATING
  YESTERDAY        6                         4      2        3
  MONTH TO DATE   51                        41     10       51
  SINCE SEP 1     51                        41     10       51
  SINCE JUL 1     67                        61      6       64

 COOLING
  YESTERDAY        0                         2     -2        0
  MONTH TO DATE   69                        52     17       64
  SINCE SEP 1     69                        52     17       64
  SINCE JAN 1    705                       634     71      788
..................................................................


WIND (MPH)
  HIGHEST WIND SPEED    14   HIGHEST WIND DIRECTION     N (10)
  HIGHEST GUST SPEED    20   HIGHEST GUST DIRECTION     N (10)
  AVERAGE WIND SPEED     4.8


SKY COVER
  POSSIBLE SUNSHINE  MM
  AVERAGE SKY COVER 0.3


WEATHER CONDITIONS
 THE FOLLOWING WEATHER WAS RECORDED YESTERDAY.
  FOG
  HAZE


RELATIVE HUMIDITY (PERCENT)
 HIGHEST    93           300 AM
 LOWEST     47           200 PM
 AVERAGE    70

..........................................................


THE AKRON CANTON OH CLIMATE NORMALS FOR TODAY
                         NORMAL    RECORD    YEAR
 MAXIMUM TEMPERATURE (F)   72        90      1932
                                             1908
 MINIMUM TEMPERATURE (F)   52        39      1956
                                             1916
                                             1903


SUNRISE AND SUNSET
SEPTEMBER 19 2014.....SUNRISE   710 AM EDT   SUNSET   728 PM EDT
SEPTEMBER 20 2014.....SUNRISE   711 AM EDT   SUNSET   726 PM EDT


-  INDICATES NEGATIVE NUMBERS.
R  INDICATES RECORD WAS SET OR TIED.
MM INDICATES DATA IS MISSING.
T  INDICATES TRACE AMOUNT.




$$
