257
CDUS41 KCLE 230529
CLICAK


CLIMATE REPORT
NATIONAL WEATHER SERVICE CLEVELAND OH
128 AM EDT MON MAY 23 2016


...................................

...THE AKRON CANTON OH CLIMATE SUMMARY FOR MAY 22 2016...

CLIMATE NORMAL PERIOD 1981 TO 2010
CLIMATE RECORD PERIOD 1887 TO 2016


WEATHER ITEM   OBSERVED TIME   RECORD YEAR NORMAL DEPARTURE LAST
                VALUE   (LST)  VALUE       VALUE  FROM      YEAR
                                                  NORMAL
..................................................................
TEMPERATURE (F)
 YESTERDAY
  MAXIMUM         71    319 PM  91    1941  71      0       67
  MINIMUM         45    510 AM  34    2002  50     -5       45
                                      1935
                                      1895
  AVERAGE         58                        61     -3       56

PRECIPITATION (IN)
  YESTERDAY        T                         0.14  -0.14     0.00
  MONTH TO DATE    1.97                      2.99  -1.02     0.47
  SINCE MAR 1     10.05                      9.52   0.53     7.07
  SINCE JAN 1     14.64                     14.44   0.20    12.55

SNOWFALL (IN)
  YESTERDAY        0.0                       0.0    0.0      0.0
  MONTH TO DATE    T                         0.1   -0.1      0.0
  SINCE MAR 1      7.5                      11.0   -3.5      6.9
  SINCE JUL 1     30.2                      47.5  -17.3     59.8
  SNOW DEPTH       0

DEGREE DAYS
 HEATING
  YESTERDAY        7                         6      1        9
  MONTH TO DATE  217                       182     35       93
  SINCE MAR 1   1330                      1514   -184     1423
  SINCE JUL 1   4977                      6058  -1081     6266

 COOLING
  YESTERDAY        0                         2     -2        0
  MONTH TO DATE    1                        17    -16       86
  SINCE MAR 1      1                        23    -22       88
  SINCE JAN 1      1                        23    -22       88
..................................................................


WIND (MPH)
  HIGHEST WIND SPEED    20   HIGHEST WIND DIRECTION     N (340)
  HIGHEST GUST SPEED    26   HIGHEST GUST DIRECTION     N (360)
  AVERAGE WIND SPEED     8.1


SKY COVER
  POSSIBLE SUNSHINE  MM
  AVERAGE SKY COVER 0.5


WEATHER CONDITIONS
 THE FOLLOWING WEATHER WAS RECORDED YESTERDAY.
  FOG


RELATIVE HUMIDITY (PERCENT)
 HIGHEST    93           500 AM
 LOWEST     37          1200 PM
 AVERAGE    65

..........................................................


THE AKRON CANTON OH CLIMATE NORMALS FOR TODAY
                         NORMAL    RECORD    YEAR
 MAXIMUM TEMPERATURE (F)   71        92      1991
 MINIMUM TEMPERATURE (F)   51        32      1967


SUNRISE AND SUNSET
MAY 23 2016...........SUNRISE   601 AM EDT   SUNSET   844 PM EDT
MAY 24 2016...........SUNRISE   600 AM EDT   SUNSET   845 PM EDT


-  INDICATES NEGATIVE NUMBERS.
R  INDICATES RECORD WAS SET OR TIED.
MM INDICATES DATA IS MISSING.
T  INDICATES TRACE AMOUNT.




$$
