000
CDUS41 KCLE 060527
CLICAK


CLIMATE REPORT
NATIONAL WEATHER SERVICE CLEVELAND OH
126 AM EDT SAT MAY 6 2017


...................................

...THE AKRON CANTON OH CLIMATE SUMMARY FOR MAY 5 2017...

CLIMATE NORMAL PERIOD 1981 TO 2010
CLIMATE RECORD PERIOD 1887 TO 2017


WEATHER ITEM   OBSERVED TIME   RECORD YEAR NORMAL DEPARTURE LAST
                VALUE   (LST)  VALUE       VALUE  FROM      YEAR
                                                  NORMAL
..................................................................
TEMPERATURE (F)
 YESTERDAY
  MAXIMUM         56    102 PM  91    1895  66    -10       61
  MINIMUM         44   1159 PM  30    1900  45     -1       47
                                      1891
  AVERAGE         50                        56     -6       54

PRECIPITATION (IN)
  YESTERDAY        0.98                      0.12   0.86     0.05
  MONTH TO DATE    2.42                      0.63   1.79     0.58
  SINCE MAR 1     12.53                      7.16   5.37     8.66
  SINCE JAN 1     21.04                     12.08   8.96    13.25

SNOWFALL (IN)
  YESTERDAY        0.0                       0.0    0.0      0.0
  MONTH TO DATE    0.0                       0.0    0.0      0.0
  SINCE MAR 1     16.0                      10.9    5.1      7.5
  SINCE JUL 1     37.2                      47.4  -10.2     30.2
  SNOW DEPTH       0

DEGREE DAYS
 HEATING
  YESTERDAY       15                        10      5       11
  MONTH TO DATE   57                        52      5       52
  SINCE MAR 1   1135                      1384   -249     1165
  SINCE JUL 1   4735                      5928  -1193     4812

 COOLING
  YESTERDAY        0                         0      0        0
  MONTH TO DATE    0                         0      0        0
  SINCE MAR 1     22                         6     16        0
  SINCE JAN 1     24                         6     18        0
..................................................................


WIND (MPH)
  HIGHEST WIND SPEED    22   HIGHEST WIND DIRECTION     N (350)
  HIGHEST GUST SPEED    30   HIGHEST GUST DIRECTION     N (340)
  AVERAGE WIND SPEED    11.8


SKY COVER
  POSSIBLE SUNSHINE  MM
  AVERAGE SKY COVER 1.0


WEATHER CONDITIONS
 THE FOLLOWING WEATHER WAS RECORDED YESTERDAY.
  RAIN
  LIGHT RAIN
  FOG


RELATIVE HUMIDITY (PERCENT)
 HIGHEST    93           800 AM
 LOWEST     80           500 PM
 AVERAGE    87

..........................................................


THE AKRON CANTON OH CLIMATE NORMALS FOR TODAY
                         NORMAL    RECORD    YEAR
 MAXIMUM TEMPERATURE (F)   67        87      1949
 MINIMUM TEMPERATURE (F)   45        29      1910


SUNRISE AND SUNSET
MAY  6 2017...........SUNRISE   617 AM EDT   SUNSET   828 PM EDT
MAY  7 2017...........SUNRISE   616 AM EDT   SUNSET   829 PM EDT


-  INDICATES NEGATIVE NUMBERS.
R  INDICATES RECORD WAS SET OR TIED.
MM INDICATES DATA IS MISSING.
T  INDICATES TRACE AMOUNT.




$$
