000
CDUS41 KCLE 302113
CLICAK


CLIMATE REPORT
NATIONAL WEATHER SERVICE CLEVELAND OH
511 PM EDT THU JUN 30 2016


...................................

...THE AKRON CANTON OH CLIMATE SUMMARY FOR JUNE 30 2016...
VALID TODAY AS OF 0500 PM LOCAL TIME.

CLIMATE NORMAL PERIOD 1981 TO 2010
CLIMATE RECORD PERIOD 1887 TO 2016


WEATHER ITEM   OBSERVED TIME   RECORD YEAR NORMAL DEPARTURE LAST
                VALUE   (LST)  VALUE       VALUE  FROM      YEAR
                                                  NORMAL
..................................................................
TEMPERATURE (F)
 TODAY
  MAXIMUM         81    354 PM  96    1913  81      0       77
  MINIMUM         54    508 AM  46    1899  61     -7       63
  AVERAGE         68                        71     -3       70

PRECIPITATION (IN)
  TODAY            0.00                      0.13  -0.13     0.43
  MONTH TO DATE    3.51                      3.83  -0.32     8.31
  SINCE JUN 1      3.51                      3.83  -0.32     8.31
  SINCE JAN 1     18.18                     19.56  -1.38    24.72

SNOWFALL (IN)
  TODAY            0.0                       0.0    0.0      0.0
  MONTH TO DATE    0.0                       0.0    0.0      0.0
  SINCE JUN 1      0.0                       0.0    0.0      0.0
  SINCE JUL 1     30.2                      47.5  -17.3     59.8
  SNOW DEPTH       0

DEGREE DAYS
 HEATING
  TODAY            0                         0      0        0
  MONTH TO DATE   19                        51    -32       25
  SINCE JUN 1     19                        49    -30       25
  SINCE JUL 1   5000                      6150  -1150     6301

 COOLING
  TODAY            3                         7     -4        5
  MONTH TO DATE  194                       135     59      186
  SINCE JUN 1    194                       135     59      186
  SINCE JAN 1    255                       177     78      330
..................................................................


WIND (MPH)
  HIGHEST WIND SPEED     9   HIGHEST WIND DIRECTION    SW (240)
  HIGHEST GUST SPEED    17   HIGHEST GUST DIRECTION    NE (60)


SKY COVER
  POSSIBLE SUNSHINE  MM
  AVERAGE SKY COVER 0.3


WEATHER CONDITIONS
 THE FOLLOWING WEATHER WAS RECORDED TODAY.
  NO SIGNIFICANT WEATHER WAS OBSERVED.


RELATIVE HUMIDITY (PERCENT)
 HIGHEST    80           600 AM
 LOWEST     28           200 PM
 AVERAGE    54

..........................................................


THE AKRON CANTON OH CLIMATE NORMALS FOR TOMORROW
                         NORMAL    RECORD    YEAR
 MAXIMUM TEMPERATURE (F)   82        97      1931
 MINIMUM TEMPERATURE (F)   61        43      1988


SUNRISE AND SUNSET
JUNE 30 2016..........SUNRISE   557 AM EDT   SUNSET   901 PM EDT
JULY  1 2016..........SUNRISE   558 AM EDT   SUNSET   901 PM EDT


-  INDICATES NEGATIVE NUMBERS.
R  INDICATES RECORD WAS SET OR TIED.
MM INDICATES DATA IS MISSING.
T  INDICATES TRACE AMOUNT.




$$
