726
CDUS41 KCLE 100527
CLICAK


CLIMATE REPORT
NATIONAL WEATHER SERVICE CLEVELAND OH
126 AM EDT MON APR 10 2017


...................................

...THE AKRON CANTON OH CLIMATE SUMMARY FOR APRIL 9 2017...

CLIMATE NORMAL PERIOD 1981 TO 2010
CLIMATE RECORD PERIOD 1887 TO 2017


WEATHER ITEM   OBSERVED TIME   RECORD YEAR NORMAL DEPARTURE LAST
                VALUE   (LST)  VALUE       VALUE  FROM      YEAR
                                                  NORMAL
..................................................................
TEMPERATURE (F)
 YESTERDAY
  MAXIMUM         73    429 PM  80    2013  57     16       34
  MINIMUM         38    542 AM  15    1972  37      1       22
  AVERAGE         56                        47      9       28

PRECIPITATION (IN)
  YESTERDAY        0.00                      0.12  -0.12     0.10
  MONTH TO DATE    0.88                      1.07  -0.19     1.24
  SINCE MAR 1      6.41                      4.05   2.36     5.82
  SINCE JAN 1     14.92                      8.97   5.95    10.41

SNOWFALL (IN)
  YESTERDAY        0.0                       0.2   -0.2      1.9
  MONTH TO DATE    2.5                       1.4    1.1      5.1
  SINCE MAR 1     16.0                       9.6    6.4      7.5
  SINCE JUL 1     37.2                      46.1   -8.9     30.2
  SNOW DEPTH       0

DEGREE DAYS
 HEATING
  YESTERDAY        9                        18     -9       37
  MONTH TO DATE  154                       178    -24      239
  SINCE MAR 1    957                      1029    -72      841
  SINCE JUL 1   4557                      5573  -1016     4488

 COOLING
  YESTERDAY        0                         0      0        0
  MONTH TO DATE    0                         0      0        0
  SINCE MAR 1      0                         0      0        0
  SINCE JAN 1      2                         0      2        0
..................................................................


WIND (MPH)
  HIGHEST WIND SPEED    21   HIGHEST WIND DIRECTION     S (190)
  HIGHEST GUST SPEED    26   HIGHEST GUST DIRECTION     S (180)
  AVERAGE WIND SPEED    11.2


SKY COVER
  POSSIBLE SUNSHINE  MM
  AVERAGE SKY COVER 0.5


WEATHER CONDITIONS
 THE FOLLOWING WEATHER WAS RECORDED YESTERDAY.
  NO SIGNIFICANT WEATHER WAS OBSERVED.


RELATIVE HUMIDITY (PERCENT)
 HIGHEST    59           400 AM
 LOWEST     23           400 PM
 AVERAGE    41

..........................................................


THE AKRON CANTON OH CLIMATE NORMALS FOR TODAY
                         NORMAL    RECORD    YEAR
 MAXIMUM TEMPERATURE (F)   58        81      1945
 MINIMUM TEMPERATURE (F)   37        18      1997


SUNRISE AND SUNSET
APRIL 10 2017.........SUNRISE   654 AM EDT   SUNSET   800 PM EDT
APRIL 11 2017.........SUNRISE   653 AM EDT   SUNSET   801 PM EDT


-  INDICATES NEGATIVE NUMBERS.
R  INDICATES RECORD WAS SET OR TIED.
MM INDICATES DATA IS MISSING.
T  INDICATES TRACE AMOUNT.




$$
