000
CDUS41 KCLE 082219
CLICAK


CLIMATE REPORT
NATIONAL WEATHER SERVICE CLEVELAND OH
518 PM EST MON DEC 8 2014


...................................

...THE AKRON CANTON OH CLIMATE SUMMARY FOR DECEMBER 8 2014...
VALID TODAY AS OF 0500 PM LOCAL TIME.

CLIMATE NORMAL PERIOD 1981 TO 2010
CLIMATE RECORD PERIOD 1887 TO 2014


WEATHER ITEM   OBSERVED TIME   RECORD YEAR NORMAL DEPARTURE LAST
                VALUE   (LST)  VALUE       VALUE  FROM      YEAR
                                                  NORMAL
..................................................................
TEMPERATURE (F)
 TODAY
  MAXIMUM         43    339 PM  67    1966  39      4       32
  MINIMUM         31   1235 AM   6    1977  26      5       14
                                      1942
  AVERAGE         37                        33      4       23

PRECIPITATION (IN)
  TODAY            0.00                      0.10  -0.10      T
  MONTH TO DATE    1.08                      0.79   0.29     0.36
  SINCE DEC 1      1.08                      0.79   0.29     0.36
  SINCE JAN 1     44.46                     37.57   6.89    39.06

SNOWFALL (IN)
  TODAY            0.0                       0.3   -0.3       T
  MONTH TO DATE    0.1                       2.1   -2.0      2.6
  SINCE DEC 1      0.1                       2.1   -2.0      2.6
  SINCE JUL 1      8.1                       5.5    2.6     13.3
  SNOW DEPTH       0

DEGREE DAYS
 HEATING
  TODAY           28                        32     -4       42
  MONTH TO DATE  244                       248     -4      232
  SINCE DEC 1    244                       248     -4      232
  SINCE JUL 1   1527                      1507     20     1482

 COOLING
  TODAY            0                         0      0        0
  MONTH TO DATE    0                         0      0        0
  SINCE DEC 1      0                         0      0        0
  SINCE JAN 1    719                       652     67      829
..................................................................


WIND (MPH)
  HIGHEST WIND SPEED    22   HIGHEST WIND DIRECTION     S (160)
  HIGHEST GUST SPEED    25   HIGHEST GUST DIRECTION     S (160)


SKY COVER
  POSSIBLE SUNSHINE  MM
  AVERAGE SKY COVER 0.9


WEATHER CONDITIONS
 THE FOLLOWING WEATHER WAS RECORDED TODAY.
  NO SIGNIFICANT WEATHER WAS OBSERVED.


RELATIVE HUMIDITY (PERCENT)
 HIGHEST    58          1200 AM
 LOWEST     33           100 PM
 AVERAGE    46

..........................................................


THE AKRON CANTON OH CLIMATE NORMALS FOR TOMORROW
                         NORMAL    RECORD    YEAR
 MAXIMUM TEMPERATURE (F)   39        62      1952
 MINIMUM TEMPERATURE (F)   26        -7      1917


SUNRISE AND SUNSET
DECEMBER  8 2014......SUNRISE   738 AM EST   SUNSET   458 PM EST
DECEMBER  9 2014......SUNRISE   739 AM EST   SUNSET   458 PM EST


-  INDICATES NEGATIVE NUMBERS.
R  INDICATES RECORD WAS SET OR TIED.
MM INDICATES DATA IS MISSING.
T  INDICATES TRACE AMOUNT.




$$
