000
CDUS41 KCLE 272111
CLICAK


CLIMATE REPORT
NATIONAL WEATHER SERVICE CLEVELAND OH
511 PM EDT SUN AUG 27 2017


...................................

...THE AKRON CANTON OH CLIMATE SUMMARY FOR AUGUST 27 2017...
VALID TODAY AS OF 0500 PM LOCAL TIME.

CLIMATE NORMAL PERIOD 1981 TO 2010
CLIMATE RECORD PERIOD 1887 TO 2017


WEATHER ITEM   OBSERVED TIME   RECORD YEAR NORMAL DEPARTURE LAST
                VALUE   (LST)  VALUE       VALUE  FROM      YEAR
                                                  NORMAL
..................................................................
TEMPERATURE (F)
 TODAY
  MAXIMUM         79    308 PM  97    1948  79      0       91
  MINIMUM         51    605 AM  44    1914  59     -8       67
  AVERAGE         65                        69     -4       79

PRECIPITATION (IN)
  TODAY            0.00                      0.12  -0.12     0.19
  MONTH TO DATE    0.73                      3.12  -2.39     2.85
  SINCE JUN 1      8.53                     11.03  -2.50     8.42
  SINCE JAN 1     34.65                     26.76   7.89    23.09

SNOWFALL (IN)
  TODAY            0.0                       0.0    0.0      0.0
  MONTH TO DATE    0.0                       0.0    0.0      0.0
  SINCE JUN 1      0.0                       0.0    0.0      0.0
  SINCE JUL 1      0.0                       0.0    0.0      0.0
  SNOW DEPTH       0

DEGREE DAYS
 HEATING
  TODAY            0                         1     -1        0
  MONTH TO DATE    6                         6      0        0
  SINCE JUN 1     29                        61    -32       22
  SINCE JUL 1      6                        12     -6        3

 COOLING
  TODAY            0                         5     -5       14
  MONTH TO DATE  184                       166     18      325
  SINCE JUN 1    663                       523    140      848
  SINCE JAN 1    727                       565    162      909
..................................................................


WIND (MPH)
  HIGHEST WIND SPEED    12   HIGHEST WIND DIRECTION     S (160)
  HIGHEST GUST SPEED    14   HIGHEST GUST DIRECTION     E (90)


SKY COVER
  POSSIBLE SUNSHINE  MM
  AVERAGE SKY COVER 0.6


WEATHER CONDITIONS
 THE FOLLOWING WEATHER WAS RECORDED TODAY.
  NO SIGNIFICANT WEATHER WAS OBSERVED.


RELATIVE HUMIDITY (PERCENT)
 HIGHEST    83           400 AM
 LOWEST     42           400 PM
 AVERAGE    63

..........................................................


THE AKRON CANTON OH CLIMATE NORMALS FOR TOMORROW
                         NORMAL    RECORD    YEAR
 MAXIMUM TEMPERATURE (F)   79        94      1973
                                             1953
                                             1948
 MINIMUM TEMPERATURE (F)   59        43      1941


SUNRISE AND SUNSET
AUGUST 27 2017........SUNRISE   648 AM EDT   SUNSET   806 PM EDT
AUGUST 28 2017........SUNRISE   649 AM EDT   SUNSET   804 PM EDT


-  INDICATES NEGATIVE NUMBERS.
R  INDICATES RECORD WAS SET OR TIED.
MM INDICATES DATA IS MISSING.
T  INDICATES TRACE AMOUNT.




$$
