000
CDUS41 KCLE 140538
CLICAK


CLIMATE REPORT
NATIONAL WEATHER SERVICE CLEVELAND OH
1237 AM EST THU DEC 14 2017


...................................

...THE AKRON CANTON OH CLIMATE SUMMARY FOR DECEMBER 13 2017...

CLIMATE NORMAL PERIOD 1981 TO 2010
CLIMATE RECORD PERIOD 1887 TO 2017


WEATHER ITEM   OBSERVED TIME   RECORD YEAR NORMAL DEPARTURE LAST
                VALUE   (LST)  VALUE       VALUE  FROM      YEAR
                                                  NORMAL
..................................................................
TEMPERATURE (F)
 YESTERDAY
  MAXIMUM         25   1159 PM  64    1901  38    -13       30
  MINIMUM         14    606 AM  -5    1962  25    -11       19
  AVERAGE         20                        31    -11       25

PRECIPITATION (IN)
  YESTERDAY        0.19                      0.09   0.10     0.20
  MONTH TO DATE    0.57                      1.27  -0.70     1.33
  SINCE DEC 1      0.57                      1.27  -0.70     1.33
  SINCE JAN 1     47.15                     38.05   9.10    36.98

SNOWFALL (IN)
  YESTERDAY        3.1                       0.4    2.7      2.0
  MONTH TO DATE    6.1                       3.8    2.3      6.4
  SINCE DEC 1      6.1                       3.8    2.3      6.4
  SINCE JUL 1      6.2                       7.2   -1.0      8.5
  SNOW DEPTH       3

DEGREE DAYS
 HEATING
  YESTERDAY       45                        34     11       40
  MONTH TO DATE  419                       415      4      429
  SINCE DEC 1    419                       415      4      429
  SINCE JUL 1   1409                      1674   -265     1307

 COOLING
  YESTERDAY        0                         0      0        0
  MONTH TO DATE    0                         0      0        0
  SINCE DEC 1      0                         0      0        0
  SINCE JAN 1    926                       652    274     1133
..................................................................


WIND (MPH)
  HIGHEST WIND SPEED    20   HIGHEST WIND DIRECTION    SE (150)
  HIGHEST GUST SPEED    24   HIGHEST GUST DIRECTION    SE (150)
  AVERAGE WIND SPEED    11.9


SKY COVER
  POSSIBLE SUNSHINE  MM
  AVERAGE SKY COVER 0.9


WEATHER CONDITIONS
 THE FOLLOWING WEATHER WAS RECORDED YESTERDAY.
  LIGHT SNOW
  FOG
  HAZE


RELATIVE HUMIDITY (PERCENT)
 HIGHEST    88          1100 PM
 LOWEST     58           500 AM
 AVERAGE    73

..........................................................


THE AKRON CANTON OH CLIMATE NORMALS FOR TODAY
                         NORMAL    RECORD    YEAR
 MAXIMUM TEMPERATURE (F)   37        63      2015
                                             1975
 MINIMUM TEMPERATURE (F)   24         0      1898


SUNRISE AND SUNSET
DECEMBER 14 2017......SUNRISE   743 AM EST   SUNSET   458 PM EST
DECEMBER 15 2017......SUNRISE   743 AM EST   SUNSET   459 PM EST


-  INDICATES NEGATIVE NUMBERS.
R  INDICATES RECORD WAS SET OR TIED.
MM INDICATES DATA IS MISSING.
T  INDICATES TRACE AMOUNT.




$$
