000
CDUS41 KCLE 292116
CLICAK


CLIMATE REPORT
NATIONAL WEATHER SERVICE CLEVELAND OH
515 PM EDT TUE JUL 29 2014


...................................

...THE AKRON CANTON OH CLIMATE SUMMARY FOR JULY 29 2014...
VALID TODAY AS OF 0500 PM LOCAL TIME.

CLIMATE NORMAL PERIOD 1981 TO 2010
CLIMATE RECORD PERIOD 1887 TO 2014


WEATHER ITEM   OBSERVED TIME   RECORD YEAR NORMAL DEPARTURE LAST
                VALUE   (LST)  VALUE       VALUE  FROM      YEAR
                                                  NORMAL
..................................................................
TEMPERATURE (F)
 TODAY
  MAXIMUM         71    349 PM  94    1941  82    -11       72
                                      1940
                                      1917
  MINIMUM         51    522 AM  47    1904  62    -11       55
  AVERAGE         61                        72    -11       64

PRECIPITATION (IN)
  TODAY            0.00                      0.12  -0.12     0.00
  MONTH TO DATE    3.57                      3.82  -0.25     6.94
  SINCE JUN 1     12.85                      7.65   5.20    12.85
  SINCE JAN 1     29.48                     23.38   6.10    25.11

SNOWFALL (IN)
  TODAY            0.0                       0.0    0.0      0.0
  MONTH TO DATE    0.0                       0.0    0.0      0.0
  SINCE JUN 1      0.0                       0.0    0.0      0.0
  SINCE JUL 1      0.0                       0.0    0.0      0.0
  SNOW DEPTH       0

DEGREE DAYS
 HEATING
  TODAY            4                         0      4        1
  MONTH TO DATE    9                         0      9        5
  SINCE JUN 1     24                        49    -25       32
  SINCE JUL 1      9                         0      9        5

 COOLING
  TODAY            0                         7     -7        0
  MONTH TO DATE  178                       203    -25      266
  SINCE JUN 1    361                       338     23      427
  SINCE JAN 1    437                       380     57      533
..................................................................


WIND (MPH)
  HIGHEST WIND SPEED    13   HIGHEST WIND DIRECTION     W (280)
  HIGHEST GUST SPEED    20   HIGHEST GUST DIRECTION     W (270)


SKY COVER
  POSSIBLE SUNSHINE  MM
  AVERAGE SKY COVER 0.7


WEATHER CONDITIONS
 THE FOLLOWING WEATHER WAS RECORDED TODAY.
  NO SIGNIFICANT WEATHER WAS OBSERVED.


RELATIVE HUMIDITY (PERCENT)
 HIGHEST    89           500 AM
 LOWEST     45           200 PM
 AVERAGE    67

..........................................................


THE AKRON CANTON OH CLIMATE NORMALS FOR TOMORROW
                         NORMAL    RECORD    YEAR
 MAXIMUM TEMPERATURE (F)   82        96      1941
                                             1913
 MINIMUM TEMPERATURE (F)   62        46      1904


SUNRISE AND SUNSET
JULY 29 2014..........SUNRISE   619 AM EDT   SUNSET   845 PM EDT
JULY 30 2014..........SUNRISE   620 AM EDT   SUNSET   844 PM EDT


-  INDICATES NEGATIVE NUMBERS.
R  INDICATES RECORD WAS SET OR TIED.
MM INDICATES DATA IS MISSING.
T  INDICATES TRACE AMOUNT.




$$
