000
CDUS41 KCLE 242113
CLICAK


CLIMATE REPORT
NATIONAL WEATHER SERVICE CLEVELAND OH
512 PM EDT THU JUL 24 2014


...................................

...THE AKRON CANTON OH CLIMATE SUMMARY FOR JULY 24 2014...
VALID TODAY AS OF 0500 PM LOCAL TIME.

CLIMATE NORMAL PERIOD 1981 TO 2010
CLIMATE RECORD PERIOD 1887 TO 2014


WEATHER ITEM   OBSERVED TIME   RECORD YEAR NORMAL DEPARTURE LAST
                VALUE   (LST)  VALUE       VALUE  FROM      YEAR
                                                  NORMAL
..................................................................
TEMPERATURE (F)
 TODAY
  MAXIMUM         75    357 PM  97    1934  82     -7       71
  MINIMUM         57    423 AM  44    1904  62     -5       55
  AVERAGE         66                        72     -6       63

PRECIPITATION (IN)
  TODAY            0.00                      0.13  -0.13     0.00
  MONTH TO DATE    2.73                      3.18  -0.45     6.83
  SINCE JUN 1     12.01                      7.01   5.00    12.74
  SINCE JAN 1     28.64                     22.74   5.90    25.00

SNOWFALL (IN)
  TODAY            0.0                       0.0    0.0      0.0
  MONTH TO DATE    0.0                       0.0    0.0      0.0
  SINCE JUN 1      0.0                       0.0    0.0      0.0
  SINCE JUL 1      0.0                       0.0    0.0      0.0
  SNOW DEPTH       0

DEGREE DAYS
 HEATING
  TODAY            0                         0      0        2
  MONTH TO DATE    2                         0      2        2
  SINCE JUN 1     17                        49    -32       29
  SINCE JUL 1      2                         0      2        2

 COOLING
  TODAY            1                         7     -6        0
  MONTH TO DATE  161                       168     -7      262
  SINCE JUN 1    344                       303     41      423
  SINCE JAN 1    420                       345     75      529
..................................................................


WIND (MPH)
  HIGHEST WIND SPEED    16   HIGHEST WIND DIRECTION    NE (30)
  HIGHEST GUST SPEED    20   HIGHEST GUST DIRECTION    NE (30)


SKY COVER
  POSSIBLE SUNSHINE  MM
  AVERAGE SKY COVER 0.5


WEATHER CONDITIONS
 THE FOLLOWING WEATHER WAS RECORDED TODAY.
  NO SIGNIFICANT WEATHER WAS OBSERVED.


RELATIVE HUMIDITY (PERCENT)
 HIGHEST    93           300 AM
 LOWEST     44           400 PM
 AVERAGE    69

..........................................................


THE AKRON CANTON OH CLIMATE NORMALS FOR TOMORROW
                         NORMAL    RECORD    YEAR
 MAXIMUM TEMPERATURE (F)   82        96      1940
                                             1930
 MINIMUM TEMPERATURE (F)   62        48      1953


SUNRISE AND SUNSET
JULY 24 2014..........SUNRISE   614 AM EDT   SUNSET   850 PM EDT
JULY 25 2014..........SUNRISE   615 AM EDT   SUNSET   849 PM EDT


-  INDICATES NEGATIVE NUMBERS.
R  INDICATES RECORD WAS SET OR TIED.
MM INDICATES DATA IS MISSING.
T  INDICATES TRACE AMOUNT.




$$
