000
CDUS41 KCLE 230528
CLICAK


CLIMATE REPORT
NATIONAL WEATHER SERVICE CLEVELAND OH
1228 AM EST FRI JAN 23 2015


...................................

...THE AKRON CANTON OH CLIMATE SUMMARY FOR JANUARY 22 2015...

CLIMATE NORMAL PERIOD 1981 TO 2010
CLIMATE RECORD PERIOD 1887 TO 2015


WEATHER ITEM   OBSERVED TIME   RECORD YEAR NORMAL DEPARTURE LAST
                VALUE   (LST)  VALUE       VALUE  FROM      YEAR
                                                  NORMAL
..................................................................
TEMPERATURE (F)
 YESTERDAY
  MAXIMUM         35    825 AM  72    1906  33      2       12
  MINIMUM         25    804 AM -13    1936  19      6       -1
  AVERAGE         30                        26      4        6

PRECIPITATION (IN)
  YESTERDAY        T                         0.08  -0.08     0.01
  MONTH TO DATE    2.76                      1.88   0.88     1.41
  SINCE DEC 1      5.07                      4.72   0.35     4.90
  SINCE JAN 1      2.76                      1.88   0.88     1.41

SNOWFALL (IN)
  YESTERDAY        T                         0.4   -0.4      0.4
  MONTH TO DATE   13.0                       8.8    4.2      9.6
  SINCE DEC 1     13.5                      19.0   -5.5     22.1
  SINCE JUL 1     21.5                      22.4   -0.9     32.8
  SNOW DEPTH       3

DEGREE DAYS
 HEATING
  YESTERDAY       35                        39     -4       59
  MONTH TO DATE  888                       856     32      907
  SINCE DEC 1   1810                      1927   -117     1936
  SINCE JUL 1   3093                      3186    -93     3186

 COOLING
  YESTERDAY        0                         0      0        0
  MONTH TO DATE    0                         0      0        0
  SINCE DEC 1      0                         0      0        0
  SINCE JAN 1      0                         0      0        0
..................................................................


WIND (MPH)
  HIGHEST WIND SPEED    12   HIGHEST WIND DIRECTION     W (280)
  HIGHEST GUST SPEED    16   HIGHEST GUST DIRECTION     W (280)
  AVERAGE WIND SPEED     6.3


SKY COVER
  POSSIBLE SUNSHINE  MM
  AVERAGE SKY COVER 1.0


WEATHER CONDITIONS
 THE FOLLOWING WEATHER WAS RECORDED YESTERDAY.
  LIGHT SNOW
  FOG
  HAZE


RELATIVE HUMIDITY (PERCENT)
 HIGHEST    85          1200 AM
 LOWEST     75           600 PM
 AVERAGE    80

..........................................................


THE AKRON CANTON OH CLIMATE NORMALS FOR TODAY
                         NORMAL    RECORD    YEAR
 MAXIMUM TEMPERATURE (F)   33        73      1906
 MINIMUM TEMPERATURE (F)   19       -15      1963


SUNRISE AND SUNSET
JANUARY 23 2015.......SUNRISE   744 AM EST   SUNSET   532 PM EST
JANUARY 24 2015.......SUNRISE   743 AM EST   SUNSET   533 PM EST


-  INDICATES NEGATIVE NUMBERS.
R  INDICATES RECORD WAS SET OR TIED.
MM INDICATES DATA IS MISSING.
T  INDICATES TRACE AMOUNT.




$$
