000
CDUS41 KCLE 240526
CLICAK


CLIMATE REPORT
NATIONAL WEATHER SERVICE CLEVELAND OH
125 AM EDT WED AUG 24 2016


...................................

...THE AKRON CANTON OH CLIMATE SUMMARY FOR AUGUST 23 2016...

CLIMATE NORMAL PERIOD 1981 TO 2010
CLIMATE RECORD PERIOD 1887 TO 2016


WEATHER ITEM   OBSERVED TIME   RECORD YEAR NORMAL DEPARTURE LAST
                VALUE   (LST)  VALUE       VALUE  FROM      YEAR
                                                  NORMAL
..................................................................
TEMPERATURE (F)
 YESTERDAY
  MAXIMUM         82    355 PM  94    1936  80      2       85
  MINIMUM         59    623 AM  45    1973  60     -1       56
                                      1923
  AVERAGE         71                        70      1       71

PRECIPITATION (IN)
  YESTERDAY        0.00                      0.11  -0.11      T
  MONTH TO DATE    2.10                      2.66  -0.56     0.38
  SINCE JUN 1      7.67                     10.57  -2.90    12.55
  SINCE JAN 1     22.34                     26.30  -3.96    28.96

SNOWFALL (IN)
  YESTERDAY        0.0                       0.0    0.0      0.0
  MONTH TO DATE    0.0                       0.0    0.0      0.0
  SINCE JUN 1      0.0                       0.0    0.0      0.0
  SINCE JUL 1      0.0                       0.0    0.0      0.0
  SNOW DEPTH       0

DEGREE DAYS
 HEATING
  YESTERDAY        0                         1     -1        0
  MONTH TO DATE    0                         2     -2        0
  SINCE JUN 1     22                        57    -35       25
  SINCE JUL 1      3                         8     -5        0

 COOLING
  YESTERDAY        6                         5      1        6
  MONTH TO DATE  274                       146    128      175
  SINCE JUN 1    797                       503    294      601
  SINCE JAN 1    858                       545    313      745
..................................................................


WIND (MPH)
  HIGHEST WIND SPEED    14   HIGHEST WIND DIRECTION    SW (240)
  HIGHEST GUST SPEED    18   HIGHEST GUST DIRECTION     W (260)
  AVERAGE WIND SPEED     5.1


SKY COVER
  POSSIBLE SUNSHINE  MM
  AVERAGE SKY COVER 0.1


WEATHER CONDITIONS
 THE FOLLOWING WEATHER WAS RECORDED YESTERDAY.
  NO SIGNIFICANT WEATHER WAS OBSERVED.


RELATIVE HUMIDITY (PERCENT)
 HIGHEST    72           300 AM
 LOWEST     37           300 PM
 AVERAGE    55

..........................................................


THE AKRON CANTON OH CLIMATE NORMALS FOR TODAY
                         NORMAL    RECORD    YEAR
 MAXIMUM TEMPERATURE (F)   80        94      1968
                                             1954
 MINIMUM TEMPERATURE (F)   60        43      1890


SUNRISE AND SUNSET
AUGUST 24 2016........SUNRISE   645 AM EDT   SUNSET   810 PM EDT
AUGUST 25 2016........SUNRISE   646 AM EDT   SUNSET   808 PM EDT


-  INDICATES NEGATIVE NUMBERS.
R  INDICATES RECORD WAS SET OR TIED.
MM INDICATES DATA IS MISSING.
T  INDICATES TRACE AMOUNT.




$$
