000
CDUS41 KCLE 272114
CLICAK


CLIMATE REPORT
NATIONAL WEATHER SERVICE CLEVELAND OH
512 PM EDT MON OCT 27 2014


...................................

...THE AKRON CANTON OH CLIMATE SUMMARY FOR OCTOBER 27 2014...
VALID TODAY AS OF 0500 PM LOCAL TIME.

CLIMATE NORMAL PERIOD 1981 TO 2010
CLIMATE RECORD PERIOD 1887 TO 2014


WEATHER ITEM   OBSERVED TIME   RECORD YEAR NORMAL DEPARTURE LAST
                VALUE   (LST)  VALUE       VALUE  FROM      YEAR
                                                  NORMAL
..................................................................
TEMPERATURE (F)
 TODAY
  MAXIMUM         73    255 PM  80    1927  57     16       51
  MINIMUM         37    249 AM  23    1962  39     -2       34
  AVERAGE         55                        48      7       43

PRECIPITATION (IN)
  TODAY            0.00                      0.09  -0.09     0.00
  MONTH TO DATE    3.23                      2.44   0.79     5.09
  SINCE SEP 1      4.43                      5.89  -1.46     7.99
  SINCE JAN 1     40.22                     33.09   7.13    35.06

SNOWFALL (IN)
  TODAY            0.0                       0.1   -0.1      0.0
  MONTH TO DATE    0.0                       0.3   -0.3       T
  SINCE SEP 1      0.0                       0.3   -0.3       T
  SINCE JUL 1      0.0                       0.3   -0.3       T
  SNOW DEPTH       0

DEGREE DAYS
 HEATING
  TODAY           10                        17     -7       22
  MONTH TO DATE  295                       346    -51      292
  SINCE SEP 1    382                       465    -83      394
  SINCE JUL 1    398                       485    -87      407

 COOLING
  TODAY            0                         0      0        0
  MONTH TO DATE    4                         3      1       28
  SINCE SEP 1     83                        67     16      105
  SINCE JAN 1    719                       649     70      829
..................................................................


WIND (MPH)
  HIGHEST WIND SPEED    20   HIGHEST WIND DIRECTION     S (180)
  HIGHEST GUST SPEED    23   HIGHEST GUST DIRECTION     S (190)


SKY COVER
  POSSIBLE SUNSHINE  MM
  AVERAGE SKY COVER 0.3


WEATHER CONDITIONS
 THE FOLLOWING WEATHER WAS RECORDED TODAY.
  NO SIGNIFICANT WEATHER WAS OBSERVED.


RELATIVE HUMIDITY (PERCENT)
 HIGHEST    76           300 AM
 LOWEST     33           100 PM
 AVERAGE    55

..........................................................


THE AKRON CANTON OH CLIMATE NORMALS FOR TOMORROW
                         NORMAL    RECORD    YEAR
 MAXIMUM TEMPERATURE (F)   57        80      1927
 MINIMUM TEMPERATURE (F)   39        23      1976
                                             1936


SUNRISE AND SUNSET
OCTOBER 27 2014.......SUNRISE   751 AM EDT   SUNSET   628 PM EDT
OCTOBER 28 2014.......SUNRISE   752 AM EDT   SUNSET   627 PM EDT


-  INDICATES NEGATIVE NUMBERS.
R  INDICATES RECORD WAS SET OR TIED.
MM INDICATES DATA IS MISSING.
T  INDICATES TRACE AMOUNT.




$$
