000
CXUS51 KCLE 011323
CLMCAK


CLIMATE REPORT
NATIONAL WEATHER SERVICE CLEVELAND OH
923 AM EDT TUE JUL 1 2014

...................................

...THE AKRON CANTON OH CLIMATE SUMMARY FOR THE MONTH OF JUNE 2014...

CLIMATE NORMAL PERIOD 1981 TO 2010
CLIMATE RECORD PERIOD 1887 TO 2014

WEATHER         OBSERVED          NORMAL  DEPART  LAST YEAR`S
                 VALUE   DATE(S)  VALUE   FROM    VALUE
                                          NORMAL
.............................................................
TEMPERATURE (F)
RECORD
 HIGH             100   10/07/5881
                        10/07/5881
 LOW               32   10/07/5881
HIGHEST            92   06/18
LOWEST             47   06/06
AVG. MAXIMUM     80.3              78.0     2.3     78.6
AVG. MINIMUM     60.5              57.7     2.8     59.7
MEAN             70.4              67.9     2.5     69.2
DAYS MAX >= 90      2               0.8     1.2        1
DAYS MAX <= 32      0               0.0     0.0        0
DAYS MIN <= 32      0               0.0     0.0        0
DAYS MIN <= 0       0               0.0     0.0        0

PRECIPITATION (INCHES)
RECORD
 MAXIMUM        11.12   1924
 MINIMUM         0.37   1988
TOTALS           9.28              3.83    5.45     5.91
DAYS >= .01        15              12.1     2.9       14
DAYS >= .10        10               7.7     2.3       10
DAYS >= .50         6               2.7     3.3        4
DAYS >= 1.00        3               0.7     2.3        3
GREATEST
 24 HR. TOTAL    2.52   06/18 TO 06/19              1.61

SNOWFALL (INCHES)
RECORDS
 TOTAL             MM   MM
TOTALS            0.0               0.0     0.0      0.0
SINCE 7/1        69.9              47.5    22.4     47.2
DAYS >= 1.0         0               0.0     0.0        0
GREATEST
 24 HR TOTAL      0.0   06/30 TO 06/30

DEGREE_DAYS
HEATING TOTAL      15                49     -34       27
 SINCE 7/1       6422              6150     272     5829
COOLING TOTAL     183               135      48      161
 SINCE 1/1        259               177      82      267
..............................................................

WIND (MPH)
AVERAGE WIND SPEED              7.0
HIGHEST WIND SPEED/DIRECTION    29/260    DATE  06/18
HIGHEST GUST SPEED/DIRECTION    29/260    DATE  06/18

SKY COVER
AVERAGE SKY COVER           0.60

AVERAGE RH (PERCENT)     70

WEATHER CONDITIONS. NUMBER OF DAYS WITH
THUNDERSTORM              0     MIXED PRECIP               0
HEAVY RAIN                4     RAIN                       5
LIGHT RAIN               16     FREEZING RAIN              0
LT FREEZING RAIN          0     HAIL                       0
HEAVY SNOW                0     SNOW                       0
LIGHT SNOW                0     SLEET                      0
FOG                      18     FOG W/VIS <= 1/4 MILE      2
HAZE                     10

-  INDICATES NEGATIVE NUMBERS.
R  INDICATES RECORD WAS SET OR TIED.
MM INDICATES DATA IS MISSING.
T  INDICATES TRACE AMOUNT.

$$
