000
CXUS51 KCLE 011535
CLMCAK


CLIMATE REPORT
NATIONAL WEATHER SERVICE CLEVELAND OH
1114 AM EDT SAT NOV 1 2014

...................................

...THE AKRON CANTON OH CLIMATE SUMMARY FOR THE MONTH OF OCTOBER 2014...

CLIMATE NORMAL PERIOD 1981 TO 2010
CLIMATE RECORD PERIOD 1887 TO 2014

WEATHER         OBSERVED          NORMAL  DEPART  LAST YEAR`S
                 VALUE   DATE(S)  VALUE   FROM    VALUE
                                          NORMAL
.............................................................
TEMPERATURE (F)
RECORD
 HIGH              89   10/01/1927
                        10/05/1922
 LOW               20   10/20/1952
HIGHEST            78   10/14
                        10/02
LOWEST             35   10/12
AVG. MAXIMUM     62.0              61.0     1.0     63.5
AVG. MINIMUM     44.8              42.5     2.3     45.3
MEAN             53.4              51.7     1.7     54.4
DAYS MAX >= 90      0               0.0     0.0        0
DAYS MAX <= 32      0               0.0     0.0        0
DAYS MIN <= 32      0               2.8    -2.8        3
DAYS MIN <= 0       0               0.0     0.0        0

PRECIPITATION (INCHES)
RECORD
 MAXIMUM         8.42   1954
 MINIMUM         0.22   1924
TOTALS           3.81              2.83    0.98     5.59
DAYS >= .01        14              10.9     3.1       12
DAYS >= .10        10               6.2     3.8        9
DAYS >= .50         2               1.9     0.1        5
DAYS >= 1.00        1               0.4     0.6        2
GREATEST
 24 HR. TOTAL    1.10   10/20 TO 10/21              1.54

SNOWFALL (INCHES)
RECORDS
 TOTAL            6.8   1952
TOTALS            0.0               0.4    -0.4        T
SINCE 7/1         0.0               0.4    -0.4        T
DAYS >= 1.0         0               0.1    -0.1        0

DEGREE_DAYS
HEATING TOTAL     355               416     -61      349
 SINCE 7/1        458               555     -97      464
COOLING TOTAL       4                 6      -2       28
 SINCE 1/1        719               652      67      829
..............................................................

WIND (MPH)
AVERAGE WIND SPEED              9.0
HIGHEST WIND SPEED/DIRECTION    31/170    DATE  10/14
HIGHEST GUST SPEED/DIRECTION    38/170    DATE  10/14

SKY COVER
AVERAGE SKY COVER           0.70

AVERAGE RH (PERCENT)     71

WEATHER CONDITIONS. NUMBER OF DAYS WITH
THUNDERSTORM              0     MIXED PRECIP               0
HEAVY RAIN                4     RAIN                       6
LIGHT RAIN               16     FREEZING RAIN              0
LT FREEZING RAIN          0     HAIL                       0
HEAVY SNOW                0     SNOW                       0
LIGHT SNOW                0     SLEET                      0
FOG                      21     FOG W/VIS <= 1/4 MILE      3
HAZE                     13

-  INDICATES NEGATIVE NUMBERS.
R  INDICATES RECORD WAS SET OR TIED.
MM INDICATES DATA IS MISSING.
T  INDICATES TRACE AMOUNT.

$$
