000
CXUS51 KCLE 011225
CLMCAK


CLIMATE REPORT
NATIONAL WEATHER SERVICE CLEVELAND OH
813 AM EDT SAT JUN 1 2013

...................................

...THE AKRON CANTON OH CLIMATE SUMMARY FOR THE MONTH OF MAY 2013...

CLIMATE NORMAL PERIOD 1981 TO 2010
CLIMATE RECORD PERIOD 1887 TO 2013

WEATHER         OBSERVED          NORMAL  DEPART  LAST YEAR`S
                 VALUE   DATE(S)  VALUE   FROM    VALUE
                                          NORMAL
.............................................................
TEMPERATURE (F)
RECORD
 HIGH              94   05/31/1895
 LOW               24   05/10/1966
HIGHEST            89   05/31
LOWEST             29   05/25
AVG. MAXIMUM     73.9              69.3     4.6     78.4
AVG. MINIMUM     51.9              48.5     3.4     54.7
MEAN             62.9              58.9     4.0     66.5
DAYS MAX >= 90      0               0.1    -0.1        2
DAYS MAX <= 32      0               0.0     0.0        0
DAYS MIN <= 32      2               0.3     1.7        0
DAYS MIN <= 0       0               0.0     0.0        0

PRECIPITATION (INCHES)
RECORD
 MAXIMUM         9.60   1956
 MINIMUM         0.47   1934
TOTALS           1.52              4.28   -2.76     1.94
DAYS >= .01         9              14.0    -5.0        9
DAYS >= .10         5               8.7    -3.7        5
DAYS >= .50         1               2.8    -1.8        1
DAYS >= 1.00        0               0.8    -0.8        0
GREATEST
 24 HR. TOTAL    0.63   05/10 TO 05/11              0.79

SNOWFALL (INCHES)
RECORDS
 TOTAL            3.3   1908
TOTALS            0.0               0.1    -0.1      0.0
SINCE 7/1        47.2              47.5    -0.3     31.0
DAYS >= 1.0         0               0.0     0.0        0                               GREATEST
 24 HR. TOTAL     0.0

DEGREE_DAYS
HEATING TOTAL     157               225     -68       66
 SINCE 7/1       5802              6101    -299     4821
COOLING TOTAL      99                36      63      121
 SINCE 1/1        106                42      64      146
..............................................................

WIND (MPH)
AVERAGE WIND SPEED              9.7
HIGHEST WIND SPEED/DIRECTION    33/270    DATE  05/10
HIGHEST GUST SPEED/DIRECTION    49/270    DATE  05/10

SKY COVER
AVERAGE SKY COVER           0.60

AVERAGE RH (PERCENT)     61

WEATHER CONDITIONS. NUMBER OF DAYS WITH
THUNDERSTORM              0     MIXED PRECIP               0
HEAVY RAIN                1     RAIN                       6
LIGHT RAIN               12     FREEZING RAIN              0
LT FREEZING RAIN          0     HAIL                       0
HEAVY SNOW                0     SNOW                       0
LIGHT SNOW                0     SLEET                      0
FOG                      14     FOG W/VIS <= 1/4 MILE      2
HAZE                     14

-  INDICATES NEGATIVE NUMBERS.
R  INDICATES RECORD WAS SET OR TIED.
MM INDICATES DATA IS MISSING.
T  INDICATES TRACE AMOUNT.

$$
