000
CXUS51 KCLE 011557
CLMCAK


CLIMATE REPORT
NATIONAL WEATHER SERVICE CLEVELAND OH
1054 AM EST TUE MAR 1 2016

...................................

...THE AKRON CANTON OH CLIMATE SUMMARY FOR THE SEASON, FROM
12/1/2015 TO 2/29/2016...

CLIMATE NORMAL PERIOD 1981 TO 2010
CLIMATE RECORD PERIOD 1887 TO 2016

WEATHER         OBSERVED          NORMAL  DEPART
                 VALUE   DATE(S)  VALUE   FROM
                                          NORMAL
................................................
TEMPERATURE (F)
RECORD
 HIGH              76   12/03/1982
 LOW              -25   01/19/1994
HIGHEST            68   12/12
LOWEST             -3   02/14
AVG. MAXIMUM     42.5              35.6     6.9
AVG. MINIMUM     26.2              21.4     4.8
MEAN             34.3              28.5     5.8
DAYS MAX >= 90      0               0.0
DAYS MAX <= 32     23              35.1
DAYS MIN <= 32     63              75.3
DAYS MIN <= 0       2               3.4

PRECIPITATION (INCHES)
RECORD
 MAXIMUM        15.09   1950
 MINIMUM         2.96   1906
TOTALS           8.29              7.76    0.53
DAYS >= .01        43              47.4
DAYS >= .10        21              20.6
DAYS >= .50         3               3.8
DAYS >= 1.00        1               0.8

SNOWFALL (INCHES)
RECORDS
 TOTAL           65.9   1978
TOTALS           22.7              33.1
DAYS >= TRACE      39
DAYS >= 1.0        10              11.4

DEGREE_DAYS
HEATING TOTAL    2767              3284    -517
COOLING TOTAL       0                 0       0
.................................................

WIND (MPH)
HIGHEST GUST SPEED/DIRECTION    45/240    DATE  02/29

SKY COVER
POSSIBLE SUNSHINE (PERCENT)   MM
NUMBER OF DAYS FAIR            7
NUMBER OF DAYS PC             32
NUMBER OF DAYS CLOUDY         52


WEATHER CONDITIONS. NUMBER OF DAYS WITH
THUNDERSTORM              0     MIXED PRECIP               0
HEAVY RAIN                3     RAIN                      12
LIGHT RAIN               29     FREEZING RAIN              0
LT FREEZING RAIN          2     HAIL                       0
HEAVY SNOW                4     SNOW                       9
LIGHT SNOW               38     SLEET                      1
FOG                      51     FOG W/VIS <= 1/4 MILE     10
HAZE                     45

-  INDICATES NEGATIVE NUMBERS.
R  INDICATES RECORD WAS SET OR TIED.
MM INDICATES DATA IS MISSING.
T  INDICATES TRACE AMOUNT.

$$
