000
CXUS51 KCLE 011858
CLMCAK


CLIMATE REPORT
NATIONAL WEATHER SERVICE CLEVELAND OH
149 PM EST SAT FEB 1 2014

...................................

...THE AKRON CANTON OH CLIMATE SUMMARY FOR THE MONTH OF JANUARY 2014...

CLIMATE NORMAL PERIOD 1981 TO 2010
CLIMATE RECORD PERIOD 1887 TO 2014

WEATHER         OBSERVED          NORMAL  DEPART  LAST YEAR`S
                 VALUE   DATE(S)  VALUE   FROM    VALUE
                                          NORMAL
.............................................................
TEMPERATURE (F)
RECORD
 HIGH              73   01/23/1906
 LOW              -25   01/19/1994
HIGHEST            51   01/11
LOWEST            -11   01/07
AVG. MAXIMUM     29.2              33.1    -3.9     37.3
AVG. MINIMUM     12.2              19.1    -6.9     22.4
MEAN             20.7              26.1    -5.4     29.8
DAYS MAX >= 90      0               0.0     0.0        0
DAYS MAX <= 32     18              14.4     3.6       11
DAYS MIN <= 32     28              26.7     1.3       25
DAYS MIN <= 0       7               1.9     5.1        0

PRECIPITATION (INCHES)
RECORD
 MAXIMUM         8.70   1950
 MINIMUM         0.71   1961
TOTALS           1.92              2.61   -0.69     2.16
DAYS >= .01        19              17.1     1.9       16
DAYS >= .10         4               6.7    -2.7        7
DAYS >= .50         1               1.3    -0.3        0
DAYS >= 1.00        0               0.2    -0.2        0
GREATEST
 24 HR. TOTAL    0.55   01/11 TO 01/11              0.52

SNOWFALL (INCHES)
RECORDS
 TOTAL           37.5   1978
TOTALS           19.1              12.4     6.7     10.9
SINCE 7/1        42.3              26.0    16.3     25.2
DAYS >= 1.0         4               4.4    -0.4        3
GREATEST
 24 HR TOTAL      6.3   01/25 TO 01/25

DEGREE_DAYS
HEATING TOTAL    1366              1206     160     1082
 SINCE 7/1       3645              3536     109     3228
COOLING TOTAL       0                 0       0        0
 SINCE 1/1          0                 0       0        0
..............................................................

WIND (MPH)
AVERAGE WIND SPEED              11.9
HIGHEST WIND SPEED/DIRECTION    30/310    DATE  01/27
HIGHEST GUST SPEED/DIRECTION    30/310    DATE  01/27

SKY COVER
AVERAGE SKY COVER           0.80

AVERAGE RH (PERCENT)     72

WEATHER CONDITIONS. NUMBER OF DAYS WITH
THUNDERSTORM              0     MIXED PRECIP               0
HEAVY RAIN                0     RAIN                       1
LIGHT RAIN                7     FREEZING RAIN              1
LT FREEZING RAIN          0     HAIL                       0
HEAVY SNOW                3     SNOW                       2
LIGHT SNOW               23     SLEET                      0
FOG                      25     FOG W/VIS <= 1/4 MILE      8
HAZE                      2

-  INDICATES NEGATIVE NUMBERS.
R  INDICATES RECORD WAS SET OR TIED.
MM INDICATES DATA IS MISSING.
T  INDICATES TRACE AMOUNT.

$$
