000
CXUS51 KCLE 021328
CLMCAK


CLIMATE REPORT
NATIONAL WEATHER SERVICE CLEVELAND OH
927 AM EDT FRI OCT 2 2015

...................................

...THE AKRON CANTON OH CLIMATE SUMMARY FOR THE MONTH OF SEPTEMBER 2015...

CLIMATE NORMAL PERIOD 1981 TO 2010
CLIMATE RECORD PERIOD 1887 TO 2015

WEATHER         OBSERVED          NORMAL  DEPART  LAST YEAR`S
                 VALUE   DATE(S)  VALUE   FROM    VALUE
                                          NORMAL
.............................................................
TEMPERATURE (F)
RECORD
 HIGH              99   10/07/5881
                        10/07/5881
 LOW               29   10/07/5881
HIGHEST            91   09/08
                        09/07
LOWEST             47   09/21
AVG. MAXIMUM     79.8              73.0     6.8     74.9
AVG. MINIMUM     58.8              53.3     5.5     54.0
MEAN             69.3              63.1     6.2     64.4
DAYS MAX >= 90      5               0.3     4.7        0
DAYS MAX <= 32      0               0.0     0.0        0
DAYS MIN <= 32      0               0.0     0.0        0
DAYS MIN <= 0       0               0.0     0.0        0

PRECIPITATION (INCHES)
RECORD
 MAXIMUM        11.98   1926
 MINIMUM         0.20   1960
TOTALS           3.75              3.45    0.30     1.20
DAYS >= .01         8              10.2    -2.2        8
DAYS >= .10         7               6.1     0.9        4
DAYS >= .50         3               2.1     0.9        0
DAYS >= 1.00        1               0.9     0.1        0
GREATEST
 24 HR. TOTAL    1.74   09/11 TO 09/12              0.47

SNOWFALL (INCHES)
RECORDS
 TOTAL             MM   MM
TOTALS            0.0               0.0     0.0      0.0
SINCE 7/1         0.0               0.0     0.0      0.0
DAYS >= 1.0         0               0.0     0.0        0
GREATEST
 24 HR TOTAL      0.0   09/30 TO 09/30

DEGREE_DAYS
HEATING TOTAL      32               119     -87       87
 SINCE 7/1         41               139     -98      103
COOLING TOTAL     169                64     105       79
 SINCE 1/1        953               646     307      715
..............................................................

WIND (MPH)
AVERAGE WIND SPEED              7.1
HIGHEST WIND SPEED/DIRECTION    24/330    DATE  09/19
HIGHEST GUST SPEED/DIRECTION    34/210    DATE  09/19

SKY COVER
AVERAGE SKY COVER           0.50

AVERAGE RH (PERCENT)     67

WEATHER CONDITIONS. NUMBER OF DAYS WITH
THUNDERSTORM              0     MIXED PRECIP               0
HEAVY RAIN                3     RAIN                       3
LIGHT RAIN               11     FREEZING RAIN              0
LT FREEZING RAIN          0     HAIL                       0
HEAVY SNOW                0     SNOW                       0
LIGHT SNOW                0     SLEET                      0
FOG                      14     FOG W/VIS <= 1/4 MILE      0
HAZE                     13

-  INDICATES NEGATIVE NUMBERS.
R  INDICATES RECORD WAS SET OR TIED.
MM INDICATES DATA IS MISSING.
T  INDICATES TRACE AMOUNT.

$$
