000
CXUS51 KCLE 010538
CLMCAK


CLIMATE REPORT
NATIONAL WEATHER SERVICE CLEVELAND OH
1232 AM EST TUE DEC 1 2015

...................................

...THE AKRON CANTON OH CLIMATE SUMMARY FOR THE MONTH OF NOVEMBER 2015...

CLIMATE NORMAL PERIOD 1981 TO 2010
CLIMATE RECORD PERIOD 1887 TO 2015

WEATHER         OBSERVED          NORMAL  DEPART  LAST YEAR`S
                 VALUE   DATE(S)  VALUE   FROM    VALUE
                                          NORMAL
.............................................................
TEMPERATURE (F)
RECORD
 HIGH              80   11/03/1961
 LOW                    11/30/1958
HIGHEST            77   11/05
LOWEST             18   11/23
AVG. MAXIMUM     57.5              49.2     8.3     45.0
AVG. MINIMUM     38.9              33.9     5.0     29.5
MEAN             48.2              41.5     6.7     37.2
DAYS MAX >= 90      0               0.0     0.0        0
DAYS MAX <= 32      0               1.7    -1.7        4
DAYS MIN <= 32      8              13.2    -5.2       19
DAYS MIN <= 0       0               0.0     0.0        0

PRECIPITATION (INCHES)
RECORD
 MAXIMUM         9.39   1985
 MINIMUM         0.41   1939
TOTALS           1.76              3.30   -1.54     2.57
DAYS >= .01         9              13.8    -4.8       13
DAYS >= .10         8               7.6     0.4        5
DAYS >= .50         0               1.9    -1.9        2
DAYS >= 1.00        0               0.5    -0.5        0
GREATEST
 24 HR. TOTAL    0.52   11/27 TO 11/28              0.72

SNOWFALL (INCHES)
RECORDS
 TOTAL           22.3   1950
TOTALS              T               3.0    -3.0      8.0
SINCE 7/1           T               3.4    -3.4      8.0
DAYS >= 1.0         0               1.1    -1.1        1
GREATEST
 24 HR TOTAL        T   11/22 TO 11/22

DEGREE_DAYS
HEATING TOTAL     502               704    -202      825
 SINCE 7/1        880              1259    -379     1283
COOLING TOTAL       5                 0       5        0
 SINCE 1/1        958               652     306      719
..............................................................

WIND (MPH)
AVERAGE WIND SPEED              9.9
HIGHEST WIND SPEED/DIRECTION    35/170    DATE  11/18
HIGHEST GUST SPEED/DIRECTION    48/250    DATE  11/12

SKY COVER
AVERAGE SKY COVER           0.60

AVERAGE RH (PERCENT)     60

WEATHER CONDITIONS. NUMBER OF DAYS WITH
THUNDERSTORM              0     MIXED PRECIP               0
HEAVY RAIN                0     RAIN                       1
LIGHT RAIN                9     FREEZING RAIN              0
LT FREEZING RAIN          0     HAIL                       0
HEAVY SNOW                0     SNOW                       0
LIGHT SNOW                2     SLEET                      0
FOG                      10     FOG W/VIS <= 1/4 MILE      0
HAZE                     10

-  INDICATES NEGATIVE NUMBERS.
R  INDICATES RECORD WAS SET OR TIED.
MM INDICATES DATA IS MISSING.
T  INDICATES TRACE AMOUNT.

$$
