000
CXUS51 KCLE 011743
CLMCAK


CLIMATE REPORT
NATIONAL WEATHER SERVICE CLEVELAND OH
141 PM EDT WED MAY 1 2013

...................................

...THE AKRON CANTON OH CLIMATE SUMMARY FOR THE MONTH OF APRIL 2013...

CLIMATE NORMAL PERIOD 1981 TO 2010
CLIMATE RECORD PERIOD 1887 TO 2013

WEATHER         OBSERVED          NORMAL  DEPART  LAST YEAR`S
                 VALUE   DATE(S)  VALUE   FROM    VALUE
                                          NORMAL
.............................................................
TEMPERATURE (F)
RECORD
 HIGH              89   04/26/1915
 LOW               10   04/01/1964
HIGHEST            84   04/18
LOWEST             21   04/04
AVG. MAXIMUM     61.9              59.6     2.3     60.3
AVG. MINIMUM     38.7              38.8    -0.1     38.1
MEAN             50.3              49.2     1.1     49.2
DAYS MAX >= 90      0               0.0     0.0        0
DAYS MAX <= 32      0               0.2    -0.2        0
DAYS MIN <= 32     11               7.4     3.6        6
DAYS MIN <= 0       0               0.0     0.0        0

PRECIPITATION (INCHES)
RECORD
 MAXIMUM         7.58   1929
 MINIMUM         0.83   1941
TOTALS           4.49              3.55    0.94     1.62
DAYS >= .01        11              14.3    -3.3       10
DAYS >= .10         7               8.2    -1.2        6
DAYS >= .50         2               2.1    -0.1        0
DAYS >= 1.00        1               0.8     0.2        0
GREATEST
 24 HR. TOTAL    2.29   04/10 TO 04/11              0.48

SNOWFALL (INCHES)
RECORDS
 TOTAL           26.6   1901
                        0
TOTALS            0.3               2.7    -2.4      0.1
SINCE 7/1        47.2              47.4    -0.2     31.0
DAYS >= 1.0         0               0.7    -0.7        0
GREATEST
 24 HR TOTAL      0.3   MM

DEGREE_DAYS
HEATING TOTAL     441               481     -40      472
 SINCE 7/1       5645              5876    -231     4755
COOLING TOTAL       7                 6       1        3
 SINCE 1/1          7                 6       1       25
..............................................................

WIND (MPH)
AVERAGE WIND SPEED              10.4
HIGHEST WIND SPEED/DIRECTION    44/300    DATE  04/10
HIGHEST GUST SPEED/DIRECTION    54/300    DATE  04/10

SKY COVER
AVERAGE SKY COVER           0.60

AVERAGE RH (PERCENT)     62

WEATHER CONDITIONS. NUMBER OF DAYS WITH
THUNDERSTORM              0     MIXED PRECIP               0
HEAVY RAIN                2     RAIN                       7
LIGHT RAIN                8     FREEZING RAIN              0
LT FREEZING RAIN          0     HAIL                       1
HEAVY SNOW                0     SNOW                       0
LIGHT SNOW                3     SLEET                      0
FOG                      15     FOG W/VIS <= 1/4 MILE      3
HAZE                     18

-  INDICATES NEGATIVE NUMBERS.
R  INDICATES RECORD WAS SET OR TIED.
MM INDICATES DATA IS MISSING.
T  INDICATES TRACE AMOUNT.

$$
