807
CXUS51 KCLE 011418
CLMCAK


CLIMATE REPORT
NATIONAL WEATHER SERVICE CLEVELAND OH
914 AM EST THU DEC 1 2016

...................................

...THE AKRON CANTON OH CLIMATE SUMMARY FOR THE MONTH OF NOVEMBER 2016...

CLIMATE NORMAL PERIOD 1981 TO 2010
CLIMATE RECORD PERIOD 1887 TO 2016

WEATHER         OBSERVED          NORMAL  DEPART  LAST YEAR`S
                 VALUE   DATE(S)  VALUE   FROM    VALUE
                                          NORMAL
.............................................................
TEMPERATURE (F)
RECORD
 HIGH              80   11/03/1961
 LOW                    11/30/1958
HIGHEST            77   11/02
LOWEST             21   11/22
AVG. MAXIMUM     55.7              49.2     6.5     57.5
AVG. MINIMUM     36.1              33.9     2.2     38.9
MEAN             45.9              41.5     4.4     48.2
DAYS MAX >= 90      0               0.0     0.0        0
DAYS MAX <= 32      1               1.7    -0.7        0
DAYS MIN <= 32      8              13.2    -5.2        8
DAYS MIN <= 0       0               0.0     0.0        0

PRECIPITATION (INCHES)
RECORD
 MAXIMUM         9.39   1985
 MINIMUM         0.41   1939
TOTALS           1.75              3.30   -1.55     1.76
DAYS >= .01        10              13.8    -3.8        9
DAYS >= .10         7               7.6    -0.6        8
DAYS >= .50         0               1.9    -1.9        0
DAYS >= 1.00        0               0.5    -0.5        0
GREATEST
 24 HR. TOTAL    0.62   11/08 TO 11/09              0.52

SNOWFALL (INCHES)
RECORDS
 TOTAL           22.3   1950
TOTALS            2.1               3.0    -0.9        T
SINCE 7/1         2.1               3.4    -1.3        T
DAYS >= 1.0         2               1.1     0.9        0
GREATEST
 24 HR TOTAL      1.1

DEGREE_DAYS
HEATING TOTAL     568               704    -136      502
 SINCE 7/1        878              1259    -381      880
COOLING TOTAL       3                 0       3        5
 SINCE 1/1       1133               652     481      958
..............................................................

WIND (MPH)
AVERAGE WIND SPEED              8.9
HIGHEST WIND SPEED/DIRECTION    35/290    DATE  11/30
HIGHEST GUST SPEED/DIRECTION    45/270    DATE  11/30

SKY COVER
AVERAGE SKY COVER           0.60

AVERAGE RH (PERCENT)     66

WEATHER CONDITIONS. NUMBER OF DAYS WITH
THUNDERSTORM              0     MIXED PRECIP               0
HEAVY RAIN                1     RAIN                       4
LIGHT RAIN               13     FREEZING RAIN              0
LT FREEZING RAIN          0     HAIL                       0
HEAVY SNOW                0     SNOW                       2
LIGHT SNOW                3     SLEET                      0
FOG                      14     FOG W/VIS <= 1/4 MILE      2
HAZE                     12

-  INDICATES NEGATIVE NUMBERS.
R  INDICATES RECORD WAS SET OR TIED.
MM INDICATES DATA IS MISSING.
T  INDICATES TRACE AMOUNT.

$$
