000
CXUS51 KCLE 021741
CLMCAK


CLIMATE REPORT
NATIONAL WEATHER SERVICE CLEVELAND OH
138 PM EDT TUE SEP 2 2014

...................................

...THE AKRON CANTON OH CLIMATE SUMMARY FOR THE SUMMER SEASON, FROM
6/1/2014 TO 8/31/2014...

CLIMATE NORMAL PERIOD 1981 TO 2010
CLIMATE RECORD PERIOD 1887 TO 2014

WEATHER         OBSERVED          NORMAL  DEPART
                 VALUE   DATE(S)  VALUE   FROM
                                          NORMAL
................................................
TEMPERATURE (F)
RECORD
 HIGH             104   08/06/1918
 LOW               32   06/11/1972
HIGHEST            92   06/18
LOWEST             47   06/06
AVG. MAXIMUM     80.2              80.1     0.1
AVG. MINIMUM     60.8              60.1     0.7
MEAN             70.5              70.1     0.4
DAYS MAX >= 90      3               4.9
DAYS MAX <= 32      0               0.0
DAYS MIN <= 32      0               0.0
DAYS MIN <= 0       0               0.0

PRECIPITATION (INCHES)
RECORD
 MAXIMUM        19.89   1990
 MINIMUM         3.19   1991
TOTALS          19.16             11.47    7.69
DAYS >= .01        42              33.0
DAYS >= .10        28              20.7
DAYS >= .50        13               7.9
DAYS >= 1.00        5               2.6

SNOWFALL (INCHES)
RECORDS
 TOTAL             MM   MM
TOTALS            0.0               0.0
DAYS >= TRACE       0
DAYS >= 1.0         0               0.0

DEGREE_DAYS
HEATING TOTAL      31                70     -39
COOLING TOTAL     560               539      21
.................................................

WIND (MPH)
HIGHEST GUST SPEED/DIRECTION    36/MM     DATE   MM

SKY COVER
POSSIBLE SUNSHINE (PERCENT)   MM
NUMBER OF DAYS FAIR           13
NUMBER OF DAYS PC             53
NUMBER OF DAYS CLOUDY         26


WEATHER CONDITIONS. NUMBER OF DAYS WITH
THUNDERSTORM              0     MIXED PRECIP               0
HEAVY RAIN               10     RAIN                      17
LIGHT RAIN               47     FREEZING RAIN              0
LT FREEZING RAIN          0     HAIL                       0
HEAVY SNOW                0     SNOW                       0
LIGHT SNOW                0     SLEET                      0
FOG                      55     FOG W/VIS <= 1/4 MILE      3
HAZE                     39

-  INDICATES NEGATIVE NUMBERS.
R  INDICATES RECORD WAS SET OR TIED.
MM INDICATES DATA IS MISSING.
T  INDICATES TRACE AMOUNT.

$$
