000
CXUS51 KCLE 021655
CLMCAK
CLIMATE REPORT
NATIONAL WEATHER SERVICE CLEVELAND, OH
1155 AM EST FRI FEB 02 2024
...................................
...THE AKRON CANTON OH CLIMATE SUMMARY FOR THE MONTH OF JANUARY 2024...
CLIMATE NORMAL PERIOD 1991 TO 2020
CLIMATE RECORD PERIOD 1887 TO 2024
WEATHER OBSERVED NORMAL DEPART LAST YEAR`S
VALUE DATE(S) VALUE FROM VALUE
NORMAL
..............................................................
TEMPERATURE (F)
RECORD
HIGH 73 01/23/1906
LOW -25 01/19/1994
HIGHEST 59 01/26
LOWEST 2 01/15
01/17
AVG. MAXIMUM 34.5 35.5 -1.0 42.0
AVG. MINIMUM 23.7 20.3 3.4 31.7
MEAN 29.1 27.9 1.2 36.8
DAYS MAX >= 90 0 0.0 0.0 0
DAYS MAX <= 32 10 14.1 -4.1 3
DAYS MIN <= 32 26 26.5 -0.5 19
DAYS MIN <= 0 0 1.7 -1.7 0
PRECIPITATION (INCHES)
RECORD
MAXIMUM 8.70 1950
MINIMUM 0.71 1961
TOTALS 3.55 2.92 0.63 4.82
DAYS >= .01 20 17.8 2.2 25
DAYS >= .10 10 7.4 2.6 10
DAYS >= .50 2 1.5 0.5 4
DAYS >= 1.00 1 0.2 0.8 0
GREATEST
24 HR. TOTAL 1.07 01/09 TO 01/10 1.00
SNOWFALL (INCHES)
RECORDS
TOTAL 37.5 1978
TOTALS 7.8 13.4 -5.6 9.5
SINCE 7/1 10.7 25.9 -15.2 17.7
DAYS >= 1.0 2 4.6 -2.6 2
GREATEST
24 HR TOTAL 3.2 01/19 TO 01/19
DEGREE DAYS
HEATING TOTAL 1102 1150 -48 867
SINCE 7/1 3057 3280 -223 2836
COOLING TOTAL 0 0 0 0
SINCE 1/1 0 0 0 0
..............................................................
WIND (MPH)
AVERAGE WIND SPEED 10.2
HIGHEST WIND SPEED/DIRECTION 38/230 DATE 01/09
HIGHEST GUST SPEED/DIRECTION 55/240 DATE 01/09
SKY COVER
AVERAGE SKY COVER 0.90
AVERAGE RH (PERCENT) 82
WEATHER CONDITIONS. NUMBER OF DAYS WITH
THUNDERSTORM 0 MIXED PRECIP 0
HEAVY RAIN 1 RAIN 5
LIGHT RAIN 13 FREEZING RAIN 0
LT FREEZING RAIN 2 HAIL 0
HEAVY SNOW 3 SNOW 6
LIGHT SNOW 19 SLEET 0
FOG 25 FOG W/VIS <= 1/4 MILE 6
HAZE 9
- INDICATES NEGATIVE NUMBERS.
R INDICATES RECORD WAS SET OR TIED.
MM INDICATES DATA IS MISSING.
T INDICATES TRACE AMOUNT.
$$