612
CXUS51 KCLE 011742
CLMCAK


CLIMATE REPORT
NATIONAL WEATHER SERVICE CLEVELAND OH
136 PM EDT SAT APR 1 2017

...................................

...THE AKRON CANTON OH CLIMATE SUMMARY FOR THE MONTH OF MARCH 2017...

CLIMATE NORMAL PERIOD 1981 TO 2010
CLIMATE RECORD PERIOD 1887 TO 2017

WEATHER         OBSERVED          NORMAL  DEPART  LAST YEAR`S
                 VALUE   DATE(S)  VALUE   FROM    VALUE
                                          NORMAL
.............................................................
TEMPERATURE (F)
RECORD
 HIGH              83   03/22/2012
 LOW               -6   03/12/1948
HIGHEST            73   03/25
LOWEST             14   03/11
AVG. MAXIMUM     47.1              46.6     0.5     55.1
AVG. MINIMUM     30.6              28.5     2.1     35.4
MEAN             38.8              37.6     1.2     45.3
DAYS MAX >= 90      0               0.0     0.0        0
DAYS MAX <= 32      6               3.6     2.4        1
DAYS MIN <= 32     15              20.4    -5.4       16
DAYS MIN <= 0       0               0.0     0.0        0

PRECIPITATION (INCHES)
RECORD
 MAXIMUM        10.46   1913
 MINIMUM         0.49   1910
TOTALS           5.53              2.98    2.55     4.58
DAYS >= .01        20              14.0     6.0       14
DAYS >= .10        12               7.4     4.6        8
DAYS >= .50         3               1.7     1.3        4
DAYS >= 1.00        1               0.3     0.7        0
GREATEST
 24 HR. TOTAL    1.27   03/31 TO 03/31              0.89

SNOWFALL (INCHES)
RECORDS
 TOTAL           20.9   1960
TOTALS           13.5               8.2     5.3      2.4
SINCE 7/1        34.7              44.7   -10.0     25.1
DAYS >= 1.0         5               2.7     2.3        1
GREATEST
 24 HR TOTAL      4.3   03/14 TO 03/14

DEGREE_DAYS
HEATING TOTAL     803               851     -48      602
 SINCE 7/1       4403              5395    -992     4249
COOLING TOTAL       0                 0       0        0
 SINCE 1/1          2                 0       2        0
..............................................................

WIND (MPH)
AVERAGE WIND SPEED              11.6
HIGHEST WIND SPEED/DIRECTION    40/240    DATE  03/08
HIGHEST GUST SPEED/DIRECTION    58/240    DATE  03/08

SKY COVER
AVERAGE SKY COVER           0.70

AVERAGE RH (PERCENT)     64

WEATHER CONDITIONS. NUMBER OF DAYS WITH
THUNDERSTORM              0     MIXED PRECIP               0
HEAVY RAIN                3     RAIN                       9
LIGHT RAIN               14     FREEZING RAIN              0
LT FREEZING RAIN          0     HAIL                       0
HEAVY SNOW                1     SNOW                       4
LIGHT SNOW               14     SLEET                      1
FOG                      19     FOG W/VIS <= 1/4 MILE      2
HAZE                     11

-  INDICATES NEGATIVE NUMBERS.
R  INDICATES RECORD WAS SET OR TIED.
MM INDICATES DATA IS MISSING.
T  INDICATES TRACE AMOUNT.

$$
