000
CXUS51 KCLE 021243
CLMCAK


CLIMATE REPORT
NATIONAL WEATHER SERVICE CLEVELAND OH
842 AM EDT THU JUL 2 2015

...................................

...THE AKRON CANTON OH CLIMATE SUMMARY FOR THE MONTH OF JUNE 2015...

CLIMATE NORMAL PERIOD 1981 TO 2010
CLIMATE RECORD PERIOD 1887 TO 2015

WEATHER         OBSERVED          NORMAL  DEPART  LAST YEAR`S
                 VALUE   DATE(S)  VALUE   FROM    VALUE
                                          NORMAL
.............................................................
TEMPERATURE (F)
RECORD
 HIGH             100   10/07/5881
                        10/07/5881
 LOW               32   10/07/5881
HIGHEST            91   06/11
LOWEST             47   06/01
AVG. MAXIMUM     78.8              78.0     0.8     80.3
AVG. MINIMUM     61.5              57.7     3.8     60.5
MEAN             70.1              67.9     2.2     70.4
DAYS MAX >= 90      2               0.8     1.2        2
DAYS MAX <= 32      0               0.0     0.0        0
DAYS MIN <= 32      0               0.0     0.0        0
DAYS MIN <= 0       0               0.0     0.0        0

PRECIPITATION (INCHES)
RECORD
 MAXIMUM        11.12   1924
 MINIMUM         0.37   1988
TOTALS           8.31              3.83    4.48     9.28
DAYS >= .01        16              12.1     3.9       15
DAYS >= .10        13               7.7     5.3       10
DAYS >= .50         5               2.7     2.3        6
DAYS >= 1.00        4               0.7     3.3        3
GREATEST
 24 HR. TOTAL    2.13   06/15 TO 06/16              2.52

SNOWFALL (INCHES)
RECORDS
 TOTAL             MM   MM
TOTALS            0.0               0.0     0.0      0.0
SINCE 7/1        59.8              47.5    12.3     69.9
DAYS >= 1.0         0               0.0     0.0        0
GREATEST
 24 HR TOTAL      0.0   06/30 TO 06/30

DEGREE_DAYS
HEATING TOTAL      25                49     -24       15
 SINCE 7/1       6301              6150     151     6422
COOLING TOTAL     186               135      51      183
 SINCE 1/1        330               177     153      259
..............................................................

WIND (MPH)
AVERAGE WIND SPEED              8.3
HIGHEST WIND SPEED/DIRECTION    38/310    DATE  06/18
HIGHEST GUST SPEED/DIRECTION    54/300    DATE  06/18

SKY COVER
AVERAGE SKY COVER           0.70

AVERAGE RH (PERCENT)     72

WEATHER CONDITIONS. NUMBER OF DAYS WITH
THUNDERSTORM              0     MIXED PRECIP               0
HEAVY RAIN                4     RAIN                       9
LIGHT RAIN               20     FREEZING RAIN              0
LT FREEZING RAIN          0     HAIL                       0
HEAVY SNOW                0     SNOW                       0
LIGHT SNOW                0     SLEET                      0
FOG                      22     FOG W/VIS <= 1/4 MILE      0
HAZE                     15

-  INDICATES NEGATIVE NUMBERS.
R  INDICATES RECORD WAS SET OR TIED.
MM INDICATES DATA IS MISSING.
T  INDICATES TRACE AMOUNT.

$$
