000
CXUS51 KCLE 021848
CLMCAK


CLIMATE REPORT
NATIONAL WEATHER SERVICE CLEVELAND OH
245 PM EDT THU JUN 2 2016

...................................

...THE AKRON CANTON OH CLIMATE SUMMARY FOR THE MONTH OF MAY 2016...

CLIMATE NORMAL PERIOD 1981 TO 2010
CLIMATE RECORD PERIOD 1887 TO 2016

WEATHER         OBSERVED          NORMAL  DEPART  LAST YEAR`S
                 VALUE   DATE(S)  VALUE   FROM    VALUE
                                          NORMAL
.............................................................
TEMPERATURE (F)
RECORD
 HIGH              94   05/31/1895
 LOW               24   05/10/1966
HIGHEST            87   05/28
LOWEST             31   05/16
AVG. MAXIMUM     70.1              69.3     0.8     77.2
AVG. MINIMUM     49.2              48.5     0.7     54.9
MEAN             59.7              58.9     0.8     66.0
DAYS MAX >= 90      0               0.1    -0.1        0
DAYS MAX <= 32      0               0.0     0.0        0
DAYS MIN <= 32      1               0.3     0.7        0
DAYS MIN <= 0       0               0.0     0.0        0

PRECIPITATION (INCHES)
RECORD
 MAXIMUM         9.60   1956
 MINIMUM         0.47   1934
TOTALS           2.00              4.28   -2.28     4.33
DAYS >= .01        13              14.0    -1.0       13
DAYS >= .10         6               8.7    -2.7        6
DAYS >= .50         1               2.8    -1.8        3
DAYS >= 1.00        0               0.8    -0.8        2
GREATEST
 24 HR. TOTAL    0.58   04/30 TO 05/01              1.43

SNOWFALL (INCHES)
RECORDS
 TOTAL            3.3   1908
                        0
TOTALS              T               0.1    -0.1      0.0
SINCE 7/1        30.2              47.5   -17.3     59.8
DAYS >= 1.0         0               0.0     0.0        0
GREATEST
 24 HR TOTAL        T   05/15 TO 05/15

DEGREE_DAYS
HEATING TOTAL     221               225      -4      103
 SINCE 7/1       4981              6101   -1120     6276
COOLING TOTAL      61                36      25      142
 SINCE 1/1         61                42      19      144
..............................................................

WIND (MPH)
AVERAGE WIND SPEED              7.9
HIGHEST WIND SPEED/DIRECTION    25/290    DATE  05/14
HIGHEST GUST SPEED/DIRECTION    35/290    DATE  05/14

SKY COVER
AVERAGE SKY COVER           0.60

AVERAGE RH (PERCENT)     66

WEATHER CONDITIONS. NUMBER OF DAYS WITH
THUNDERSTORM              0     MIXED PRECIP               0
HEAVY RAIN                1     RAIN                       2
LIGHT RAIN               15     FREEZING RAIN              0
LT FREEZING RAIN          0     HAIL                       0
HEAVY SNOW                0     SNOW                       0
LIGHT SNOW                0     SLEET                      0
FOG                      18     FOG W/VIS <= 1/4 MILE      2
HAZE                     11

-  INDICATES NEGATIVE NUMBERS.
R  INDICATES RECORD WAS SET OR TIED.
MM INDICATES DATA IS MISSING.
T  INDICATES TRACE AMOUNT.

$$
