000
CXUS51 KCLE 011721
CLMCAK


CLIMATE REPORT
NATIONAL WEATHER SERVICE CLEVELAND OH
119 PM EDT THU JUN 1 2017

...................................

...THE AKRON CANTON OH CLIMATE SUMMARY FOR THE MONTH OF MAY 2017...

CLIMATE NORMAL PERIOD 1981 TO 2010
CLIMATE RECORD PERIOD 1887 TO 2017

WEATHER         OBSERVED          NORMAL  DEPART  LAST YEAR`S
                 VALUE   DATE(S)  VALUE   FROM    VALUE
                                          NORMAL
.............................................................
TEMPERATURE (F)
RECORD
 HIGH              94   05/31/1895
 LOW               24   05/10/1966
HIGHEST            87   05/17
LOWEST             34   05/08
AVG. MAXIMUM     69.1              69.3    -0.2     70.1
AVG. MINIMUM     50.5              48.5     2.0     49.2
MEAN             59.8              58.9     0.9     59.7
DAYS MAX >= 90      0               0.1    -0.1        0
DAYS MAX <= 32      0               0.0     0.0        0
DAYS MIN <= 32      0               0.3    -0.3        1
DAYS MIN <= 0       0               0.0     0.0        0

PRECIPITATION (INCHES)
RECORD
 MAXIMUM         9.60   1956
 MINIMUM         0.47   1934
TOTALS           7.50              4.28    3.22     2.00
DAYS >= .01        19              14.0     5.0       13
DAYS >= .10        13               8.7     4.3        6
DAYS >= .50         4               2.8     1.2        1
DAYS >= 1.00        2               0.8     1.2        0
GREATEST
 24 HR. TOTAL    1.98   05/21 TO 05/21              0.58

SNOWFALL (INCHES)
RECORDS
 TOTAL            3.2   1966
TOTALS            0.0               0.1    -0.1        T
SINCE 7/1        37.2              47.5   -10.3     30.2
DAYS >= 1.0         0               0.0     0.0        0
GREATEST
 24 HR TOTAL      0.0   05/31 TO 05/31

DEGREE_DAYS
HEATING TOTAL     195               225     -30      221
 SINCE 7/1       4873              6101   -1228     4981
COOLING TOTAL      40                36       4       61
 SINCE 1/1         64                42      22       61
..............................................................

WIND (MPH)
AVERAGE WIND SPEED              9.4
HIGHEST WIND SPEED/DIRECTION    33/250    DATE  05/02
HIGHEST GUST SPEED/DIRECTION    43/260    DATE  05/02

SKY COVER
AVERAGE SKY COVER           0.70

AVERAGE RH (PERCENT)     65

WEATHER CONDITIONS. NUMBER OF DAYS WITH
THUNDERSTORM              0     MIXED PRECIP               0
HEAVY RAIN                4     RAIN                      12
LIGHT RAIN               23     FREEZING RAIN              0
LT FREEZING RAIN          0     HAIL                       0
HEAVY SNOW                0     SNOW                       0
LIGHT SNOW                0     SLEET                      0
FOG                      17     FOG W/VIS <= 1/4 MILE      0
HAZE                      9

-  INDICATES NEGATIVE NUMBERS.
R  INDICATES RECORD WAS SET OR TIED.
MM INDICATES DATA IS MISSING.
T  INDICATES TRACE AMOUNT.

$$
