000
CXUS51 KCLE 042341
CLMCAK


CLIMATE REPORT
NATIONAL WEATHER SERVICE CLEVELAND OH
735 PM EDT MON JUL 4 2016

...................................

...THE AKRON CANTON OH CLIMATE SUMMARY FOR THE MONTH OF JUNE 2016...

CLIMATE NORMAL PERIOD 1981 TO 2010
CLIMATE RECORD PERIOD 1887 TO 2016

WEATHER         OBSERVED          NORMAL  DEPART  LAST YEAR`S
                 VALUE   DATE(S)  VALUE   FROM    VALUE
                                          NORMAL
.............................................................
TEMPERATURE (F)
RECORD
 HIGH             100   06/25/1988
                        06/26/1952
 LOW               32   06/11/1972
HIGHEST            93   06/11
LOWEST             47   06/09
AVG. MAXIMUM     81.4              78.0     3.4     78.8
AVG. MINIMUM     59.7              57.7     2.0     61.5
MEAN             70.5              67.9     2.6     70.1
DAYS MAX >= 90      1               0.8     0.2        2
DAYS MAX <= 32      0               0.0     0.0        0
DAYS MIN <= 32      0               0.0     0.0        0
DAYS MIN <= 0       0               0.0     0.0        0

PRECIPITATION (INCHES)
RECORD
 MAXIMUM        11.12   1924
 MINIMUM         0.37   1988
TOTALS           3.51              3.83   -0.32     8.31
DAYS >= .01         9              12.1    -3.1       16
DAYS >= .10         6               7.7    -1.7       13
DAYS >= .50         2               2.7    -0.7        5
DAYS >= 1.00        1               0.7     0.3        4
GREATEST
 24 HR. TOTAL    1.88   06/15 TO 06/16              2.13

SNOWFALL (INCHES)
RECORDS
 TOTAL             MM   MM
TOTALS            0.0               0.0     0.0      0.0
SINCE 7/1        30.2              47.5   -17.3     59.8
DAYS >= 1.0         0               0.0     0.0        0
GREATEST
 24 HR TOTAL      0.0   06/30 TO 06/30

DEGREE_DAYS
HEATING TOTAL      19                49     -30       25
 SINCE 7/1       5000              6150   -1150     6301
COOLING TOTAL     194               135      59      186
 SINCE 1/1        255               177      78      330
..............................................................

WIND (MPH)
AVERAGE WIND SPEED              7.8
HIGHEST WIND SPEED/DIRECTION    29/290    DATE  06/11
HIGHEST GUST SPEED/DIRECTION    38/300    DATE  06/11

SKY COVER
AVERAGE SKY COVER           0.60

AVERAGE RH (PERCENT)     62

WEATHER CONDITIONS. NUMBER OF DAYS WITH
THUNDERSTORM              0     MIXED PRECIP               0
HEAVY RAIN                2     RAIN                       3
LIGHT RAIN               10     FREEZING RAIN              0
LT FREEZING RAIN          0     HAIL                       0
HEAVY SNOW                0     SNOW                       0
LIGHT SNOW                0     SLEET                      0
FOG                      11     FOG W/VIS <= 1/4 MILE      0
HAZE                      7

-  INDICATES NEGATIVE NUMBERS.
R  INDICATES RECORD WAS SET OR TIED.
MM INDICATES DATA IS MISSING.
T  INDICATES TRACE AMOUNT.

$$
