863
CXUS51 KCLE 020055
CLMCAK


CLIMATE REPORT
NATIONAL WEATHER SERVICE CLEVELAND OH
734 PM EST FRI DEC 1 2017

...................................

...THE AKRON CANTON OH CLIMATE SUMMARY FOR THE MONTH OF NOVEMBER 2017...

CLIMATE NORMAL PERIOD 1981 TO 2010
CLIMATE RECORD PERIOD 1887 TO 2017

WEATHER         OBSERVED          NORMAL  DEPART  LAST YEAR`S
                 VALUE   DATE(S)  VALUE   FROM    VALUE
                                          NORMAL
.............................................................
TEMPERATURE (F)
RECORD
 HIGH              80   11/03/1961
 LOW                    11/30/1958
HIGHEST            70   11/09
LOWEST             19   11/11
AVG. MAXIMUM     51.0              49.2     1.8     55.7
AVG. MINIMUM     33.7              33.9    -0.2     36.1
MEAN             42.4              41.5     0.9     45.9
DAYS MAX >= 90      0               0.0     0.0        0
DAYS MAX <= 32      0               1.7    -1.7        1
DAYS MIN <= 32     14              13.2     0.8        8
DAYS MIN <= 0       0               0.0     0.0        0

PRECIPITATION (INCHES)
RECORD
 MAXIMUM         9.39   1985
 MINIMUM         0.41   1939
TOTALS           6.34              3.30    3.04     1.75
DAYS >= .01        12              13.8    -1.8       10
DAYS >= .10         7               7.6    -0.6        7
DAYS >= .50         3               1.9     1.1        0
DAYS >= 1.00        2               0.5     1.5        0
GREATEST
 24 HR. TOTAL    3.01   11/18 TO 11/18              0.62

SNOWFALL (INCHES)
RECORDS
 TOTAL           22.3   1950
TOTALS            0.1               3.0    -2.9      2.1
SINCE 7/1         0.1               3.4    -3.3      2.1
DAYS >= 1.0         0               1.1    -1.1        2
GREATEST
 24 HR TOTAL      0.1   11/19 TO 11/19

DEGREE_DAYS
HEATING TOTAL     671               704     -33      568
 SINCE 7/1        982              1259    -277      878
COOLING TOTAL       0                 0       0        3
 SINCE 1/1        926               652     274     1133
..............................................................

WIND (MPH)
AVERAGE WIND SPEED              10.0
HIGHEST WIND SPEED/DIRECTION    32/320    DATE  11/18
HIGHEST GUST SPEED/DIRECTION    42/310    DATE  11/18

SKY COVER
AVERAGE SKY COVER           0.70

AVERAGE RH (PERCENT)     66

WEATHER CONDITIONS. NUMBER OF DAYS WITH
THUNDERSTORM              0     MIXED PRECIP               0
HEAVY RAIN                3     RAIN                       7
LIGHT RAIN               14     FREEZING RAIN              0
LT FREEZING RAIN          0     HAIL                       0
HEAVY SNOW                0     SNOW                       2
LIGHT SNOW                3     SLEET                      0
FOG                      13     FOG W/VIS <= 1/4 MILE      0
HAZE                      5

-  INDICATES NEGATIVE NUMBERS.
R  INDICATES RECORD WAS SET OR TIED.
MM INDICATES DATA IS MISSING.
T  INDICATES TRACE AMOUNT.

$$
