000
CXUS51 KCLE 011234
CLMCAK


CLIMATE REPORT
NATIONAL WEATHER SERVICE CLEVELAND OH
828 AM EDT FRI AUG 1 2014

...................................

...THE AKRON CANTON OH CLIMATE SUMMARY FOR THE MONTH OF JULY 2014...

CLIMATE NORMAL PERIOD 1981 TO 2010
CLIMATE RECORD PERIOD 1887 TO 2014

WEATHER         OBSERVED          NORMAL  DEPART  LAST YEAR`S
                 VALUE   DATE(S)  VALUE   FROM    VALUE
                                          NORMAL
.............................................................
TEMPERATURE (F)
RECORD
 HIGH             102   07/14/1936
 LOW               41   07/05/1904
                        07/04/1904
HIGHEST            90   07/01
LOWEST             51   07/29
                        07/25
AVG. MAXIMUM     80.0              82.0    -2.0     81.8
AVG. MINIMUM     60.5              61.9    -1.4     64.9
MEAN             70.3              72.0    -1.7     73.4
DAYS MAX >= 90      1               2.5    -1.5        5
DAYS MAX <= 32      0               0.0     0.0        0
DAYS MIN <= 32      0               0.0     0.0        0
DAYS MIN <= 0       0               0.0     0.0        0

PRECIPITATION (INCHES)
RECORD
 MAXIMUM        12.55   2003
 MINIMUM         0.67   1991
TOTALS           4.16              4.08    0.08     7.11
DAYS >= .01        13              11.3     1.7       14
DAYS >= .10        10               6.8     3.2       12
DAYS >= .50         4               2.9     1.1        4
DAYS >= 1.00        0               1.0    -1.0        4
GREATEST
 24 HR. TOTAL    1.11   07/07 TO 07/08              2.30

SNOWFALL (INCHES)
RECORDS
 TOTAL             MM   MM
TOTALS            0.0               0.0     0.0      0.0
SINCE 7/1         0.0               0.0     0.0      0.0
DAYS >= 1.0         0               0.0     0.0        0
GREATEST
 24 HR TOTAL      0.0   07/31 TO 07/31

DEGREE_DAYS
HEATING TOTAL      10                 6       4        5
 SINCE 7/1         10                 6       4        5
COOLING TOTAL     181               222     -41      272
 SINCE 1/1        440               399      41      539
..............................................................

WIND (MPH)
AVERAGE WIND SPEED              7.0
HIGHEST WIND SPEED/DIRECTION    25/350    DATE  07/27
HIGHEST GUST SPEED/DIRECTION    36/270    DATE  07/08

SKY COVER
AVERAGE SKY COVER           0.60

AVERAGE RH (PERCENT)     67

WEATHER CONDITIONS. NUMBER OF DAYS WITH
THUNDERSTORM              0     MIXED PRECIP               0
HEAVY RAIN                3     RAIN                       6
LIGHT RAIN               16     FREEZING RAIN              0
LT FREEZING RAIN          0     HAIL                       0
HEAVY SNOW                0     SNOW                       0
LIGHT SNOW                0     SLEET                      0
FOG                      18     FOG W/VIS <= 1/4 MILE      1
HAZE                     16

-  INDICATES NEGATIVE NUMBERS.
R  INDICATES RECORD WAS SET OR TIED.
MM INDICATES DATA IS MISSING.
T  INDICATES TRACE AMOUNT.

$$
