000
CXUS51 KCLE 011615
CLMCAK


CLIMATE REPORT
NATIONAL WEATHER SERVICE CLEVELAND OH
1114 AM EST TUE MAR 1 2016

...................................

...THE AKRON CANTON OH CLIMATE SUMMARY FOR THE MONTH OF FEBRUARY 2016...

CLIMATE NORMAL PERIOD 1981 TO 2010
CLIMATE RECORD PERIOD 1887 TO 2016

WEATHER         OBSERVED          NORMAL  DEPART  LAST YEAR`S
                 VALUE   DATE(S)  VALUE   FROM    VALUE
                                          NORMAL
.............................................................
TEMPERATURE (F)
RECORD
 HIGH              72   02/26/2000
 LOW              -20   02/10/1899
HIGHEST            67   02/20
LOWEST             -3   02/14
AVG. MAXIMUM     41.1              36.7     4.4     25.6
AVG. MINIMUM     23.2              21.3     1.9      5.9
MEAN             32.2              29.0     3.2     15.8
DAYS MAX >= 90      0               0.0     0.0        0
DAYS MAX <= 32      8              10.1    -2.1       20
DAYS MIN <= 32     24              23.6     0.4       27
DAYS MIN <= 0       2               0.9     1.1       11

PRECIPITATION (INCHES)
RECORD
 MAXIMUM         5.79   1893
 MINIMUM         0.31   1987
TOTALS           3.38              2.31    1.07     1.99
DAYS >= .01        17              14.1     2.9       14
DAYS >= .10         9               6.3     2.7        6
DAYS >= .50         1               1.1    -0.1        1
DAYS >= 1.00        1               0.2     0.8        0
GREATEST
 24 HR. TOTAL    1.38   02/24 TO 02/25              0.72

SNOWFALL (INCHES)
RECORDS
 TOTAL           37.2   2010
TOTALS           16.4              10.5     5.9     23.1
SINCE 7/1        22.7              36.5   -13.8     52.9
DAYS >= 1.0         8               3.3     4.7        6
GREATEST
 24 HR TOTAL      5.1   02/15 TO 02/16

DEGREE_DAYS
HEATING TOTAL     947              1008     -61     1373
 SINCE 7/1       3647              4577    -930     4843
COOLING TOTAL       0                 0       0        0
 SINCE 1/1          0                 0       0        0
..............................................................

WIND (MPH)
AVERAGE WIND SPEED              11.4
HIGHEST WIND SPEED/DIRECTION    35/220    DATE  02/28
HIGHEST GUST SPEED/DIRECTION    45/240    DATE  02/29

SKY COVER
AVERAGE SKY COVER           0.70

AVERAGE RH (PERCENT)     69

WEATHER CONDITIONS. NUMBER OF DAYS WITH
THUNDERSTORM              0     MIXED PRECIP               0
HEAVY RAIN                1     RAIN                       4
LIGHT RAIN                7     FREEZING RAIN              0
LT FREEZING RAIN          1     HAIL                       0
HEAVY SNOW                3     SNOW                       5
LIGHT SNOW               15     SLEET                      0
FOG                      16     FOG W/VIS <= 1/4 MILE      4
HAZE                     12

-  INDICATES NEGATIVE NUMBERS.
R  INDICATES RECORD WAS SET OR TIED.
MM INDICATES DATA IS MISSING.
T  INDICATES TRACE AMOUNT.

$$
