000
CXUS51 KCLE 052148
CLMCAK


CLIMATE REPORT
NATIONAL WEATHER SERVICE CLEVELAND OH
425 PM EST MON JAN 5 2015

...................................

...THE AKRON CANTON OH CLIMATE SUMMARY FOR THE MONTH OF DECEMBER 2014...

CLIMATE NORMAL PERIOD 1981 TO 2010
CLIMATE RECORD PERIOD 1887 TO 2015

WEATHER         OBSERVED          NORMAL  DEPART  LAST YEAR`S
                 VALUE   DATE(S)  VALUE   FROM    VALUE
                                          NORMAL
.............................................................
TEMPERATURE (F)
RECORD
 HIGH              76   12/03/1982
 LOW              -16   12/22/1989
HIGHEST            58   12/24
                        12/01
LOWEST             14   12/31
AVG. MAXIMUM     40.9              37.0     3.9     37.9
AVG. MINIMUM     29.1              23.9     5.2     25.2
MEAN             35.0              30.4     4.6     31.5
DAYS MAX >= 90      0               0.0     0.0        0
DAYS MAX <= 32      7              10.6    -3.6       13
DAYS MIN <= 32     22              24.9    -2.9       24
DAYS MIN <= 0       0               0.6    -0.6        0

PRECIPITATION (INCHES)
RECORD
 MAXIMUM         6.72   1990
 MINIMUM         0.31   1955
TOTALS           2.31              2.84   -0.53     3.49
DAYS >= .01        16              16.2    -0.2       19
DAYS >= .10         6               7.6    -1.6        6
DAYS >= .50         1               1.4    -0.4        2
DAYS >= 1.00        0               0.4    -0.4        1
GREATEST
 24 HR. TOTAL    1.03   12/05 TO 12/06              1.50

SNOWFALL (INCHES)
RECORDS
 TOTAL           29.4   1974
TOTALS            0.5              10.2    -9.7     12.5
SINCE 7/1         8.5              13.6    -5.1     23.2
DAYS >= 1.0         0               3.7    -3.7        5
GREATEST
 24 HR TOTAL      0.3   12/10 TO 12/11

DEGREE_DAYS
HEATING TOTAL     922              1071    -149     1029
 SINCE 7/1       2205              2330    -125     2279
COOLING TOTAL       0                 0       0        0
 SINCE 1/1        719               652      67      829
..............................................................

WIND (MPH)
AVERAGE WIND SPEED              9.0
HIGHEST WIND SPEED/DIRECTION    35/240    DATE  12/24
HIGHEST GUST SPEED/DIRECTION    48/230    DATE  12/24

SKY COVER
AVERAGE SKY COVER           0.80

AVERAGE RH (PERCENT)     75

WEATHER CONDITIONS. NUMBER OF DAYS WITH
THUNDERSTORM              0     MIXED PRECIP               0
HEAVY RAIN                0     RAIN                       2
LIGHT RAIN               17     FREEZING RAIN              0
LT FREEZING RAIN          2     HAIL                       0
HEAVY SNOW                0     SNOW                       5
LIGHT SNOW               12     SLEET                      1
FOG                      23     FOG W/VIS <= 1/4 MILE      1
HAZE                     12

-  INDICATES NEGATIVE NUMBERS.
R  INDICATES RECORD WAS SET OR TIED.
MM INDICATES DATA IS MISSING.
T  INDICATES TRACE AMOUNT.

$$
