000
CXUS51 KCLE 022020
CLMCAK


CLIMATE REPORT
NATIONAL WEATHER SERVICE CLEVELAND OH
314 PM EST MON JAN 2 2017

...................................

...THE AKRON CANTON OH CLIMATE SUMMARY FOR THE MONTH OF DECEMBER 2016...

CLIMATE NORMAL PERIOD 1981 TO 2010
CLIMATE RECORD PERIOD 1887 TO 2017

WEATHER         OBSERVED          NORMAL  DEPART  LAST YEAR`S
                 VALUE   DATE(S)  VALUE   FROM    VALUE
                                          NORMAL
.............................................................
TEMPERATURE (F)
RECORD
 HIGH              76   12/03/1982
 LOW              -16   12/22/1989
HIGHEST            65   12/26
LOWEST              3   12/16
AVG. MAXIMUM     36.1              37.0    -0.9     51.3
AVG. MINIMUM     24.5              23.9     0.6     36.2
MEAN             30.3              30.4    -0.1     43.7
DAYS MAX >= 90      0               0.0     0.0        0
DAYS MAX <= 32      9              10.6    -1.6        1
DAYS MIN <= 32     24              24.9    -0.9       11
DAYS MIN <= 0       0               0.6    -0.6        0

PRECIPITATION (INCHES)
RECORD
 MAXIMUM         6.72   1990
 MINIMUM         0.31   1955
TOTALS           3.00              2.84    0.16     3.70
DAYS >= .01        15              16.2    -1.2       12
DAYS >= .10         8               7.6     0.4        8
DAYS >= .50         2               1.4     0.6        2
DAYS >= 1.00        0               0.4    -0.4        0
GREATEST
 24 HR. TOTAL    0.89   12/17 TO 12/18              1.40

SNOWFALL (INCHES)
RECORDS
 TOTAL           29.4   1974
TOTALS            7.5              10.2    -2.7      0.2
SINCE 7/1         9.6              13.6    -4.0      0.2
DAYS >= 1.0         2               3.7    -1.7        0
GREATEST
 24 HR TOTAL      3.7   12/11 TO 12/11

DEGREE_DAYS
HEATING TOTAL    1066              1071      -5      652
 SINCE 7/1       1944              2330    -386     1532
COOLING TOTAL       0                 0       0        0
 SINCE 1/1       1133               652     481      958
..............................................................

WIND (MPH)
AVERAGE WIND SPEED              11.0
HIGHEST WIND SPEED/DIRECTION    32/230    DATE  12/31
HIGHEST GUST SPEED/DIRECTION    46/220    DATE  12/31

SKY COVER
AVERAGE SKY COVER           0.80

AVERAGE RH (PERCENT)     71

WEATHER CONDITIONS. NUMBER OF DAYS WITH
THUNDERSTORM              0     MIXED PRECIP               0
HEAVY RAIN                0     RAIN                       3
LIGHT RAIN               14     FREEZING RAIN              0
LT FREEZING RAIN          4     HAIL                       0
HEAVY SNOW                0     SNOW                       6
LIGHT SNOW               16     SLEET                      3
FOG                      19     FOG W/VIS <= 1/4 MILE      1
HAZE                     17

-  INDICATES NEGATIVE NUMBERS.
R  INDICATES RECORD WAS SET OR TIED.
MM INDICATES DATA IS MISSING.
T  INDICATES TRACE AMOUNT.

$$
