000
CXUS51 KCLE 020229
CLMCAK


CLIMATE REPORT
NATIONAL WEATHER SERVICE CLEVELAND OH
1025 PM EDT MON MAY 1 2017

...................................

...THE AKRON CANTON OH CLIMATE SUMMARY FOR THE MONTH OF APRIL 2017...

CLIMATE NORMAL PERIOD 1981 TO 2010
CLIMATE RECORD PERIOD 1887 TO 2017

WEATHER         OBSERVED          NORMAL  DEPART  LAST YEAR`S
                 VALUE   DATE(S)  VALUE   FROM    VALUE
                                          NORMAL
.............................................................
TEMPERATURE (F)
RECORD
 HIGH              89   04/26/1915
 LOW               10   04/01/1964
HIGHEST            84   04/30
LOWEST             28   04/08
AVG. MAXIMUM     67.4              59.6     7.8     59.4
AVG. MINIMUM     45.2              38.8     6.4     36.0
MEAN             56.3              49.2     7.1     47.7
DAYS MAX >= 90      0               0.0     0.0        0
DAYS MAX <= 32      0               0.2    -0.2        0
DAYS MIN <= 32      3               7.4    -4.4       12
DAYS MIN <= 0       0               0.0     0.0        0

PRECIPITATION (INCHES)
RECORD
 MAXIMUM         7.58   1929
 MINIMUM         0.83   1941
TOTALS           4.58              3.55    1.03     3.50
DAYS >= .01        15              14.3     0.7       16
DAYS >= .10         9               8.2     0.8       12
DAYS >= .50         2               2.1    -0.1        1
DAYS >= 1.00        1               0.8     0.2        0
GREATEST
 24 HR. TOTAL    1.93   04/19 TO 04/20              0.79

SNOWFALL (INCHES)
RECORDS
 TOTAL           20.9   1987
TOTALS            2.5               2.7    -0.2      5.1
SINCE 7/1        37.2              47.4   -10.2     30.2
DAYS >= 1.0         1               0.7     0.3        3
GREATEST
 24 HR TOTAL      2.5   04/06 TO 04/07

DEGREE_DAYS
HEATING TOTAL     275               481    -206      511
 SINCE 7/1       4678              5876   -1198     4760
COOLING TOTAL      22                 6      16        0
 SINCE 1/1         24                 6      18        0
..............................................................

WIND (MPH)
AVERAGE WIND SPEED              10.6
HIGHEST WIND SPEED/DIRECTION    33/210    DATE  04/30
HIGHEST GUST SPEED/DIRECTION    48/230    DATE  04/19

SKY COVER
AVERAGE SKY COVER           0.70

AVERAGE RH (PERCENT)     61

WEATHER CONDITIONS. NUMBER OF DAYS WITH
THUNDERSTORM              0     MIXED PRECIP               0
HEAVY RAIN                6     RAIN                       6
LIGHT RAIN               15     FREEZING RAIN              0
LT FREEZING RAIN          0     HAIL                       0
HEAVY SNOW                0     SNOW                       1
LIGHT SNOW                2     SLEET                      0
FOG                      15     FOG W/VIS <= 1/4 MILE      0
HAZE                     10

-  INDICATES NEGATIVE NUMBERS.
R  INDICATES RECORD WAS SET OR TIED.
MM INDICATES DATA IS MISSING.
T  INDICATES TRACE AMOUNT.

$$
