000
CXUS51 KCLE 011753
CLMCAK


CLIMATE REPORT
NATIONAL WEATHER SERVICE CLEVELAND OH
151 PM EDT MON JUN 1 2015

...................................

...THE AKRON CANTON OH CLIMATE SUMMARY FOR THE MONTH OF MAY 2015...

CLIMATE NORMAL PERIOD 1981 TO 2010
CLIMATE RECORD PERIOD 1887 TO 2015

WEATHER         OBSERVED          NORMAL  DEPART  LAST YEAR`S
                 VALUE   DATE(S)  VALUE   FROM    VALUE
                                          NORMAL
.............................................................
TEMPERATURE (F)
RECORD
 HIGH              94   05/31/1895
 LOW               24   05/10/1966
HIGHEST            88   05/09
                        05/08
LOWEST             36   05/14
AVG. MAXIMUM     77.2              69.3     7.9     72.1
AVG. MINIMUM     54.9              48.5     6.4     51.9
MEAN             66.0              58.9     7.1     62.0
DAYS MAX >= 90      0               0.1    -0.1        0
DAYS MAX <= 32      0               0.0     0.0        0
DAYS MIN <= 32      0               0.3    -0.3        0
DAYS MIN <= 0       0               0.0     0.0        0

PRECIPITATION (INCHES)
RECORD
 MAXIMUM         9.60   1956
 MINIMUM         0.47   1934
TOTALS           4.33              4.28    0.05     4.30
DAYS >= .01        13              14.0    -1.0       14
DAYS >= .10         6               8.7    -2.7       10
DAYS >= .50         3               2.8     0.2        2
DAYS >= 1.00        2               0.8     1.2        1
GREATEST
 24 HR. TOTAL    1.43   05/27 TO 05/27              1.48

SNOWFALL (INCHES)
RECORDS
 TOTAL            3.3   1908
                        0
TOTALS            0.0               0.1    -0.1        T
SINCE 7/1        59.8              47.5    12.3     69.9
DAYS >= 1.0         0               0.0     0.0        0
GREATEST
 24 HR TOTAL      0.0   05/31 TO 05/31

DEGREE_DAYS
HEATING TOTAL     103               225    -122      156
 SINCE 7/1       6276              6101     175     6407
COOLING TOTAL     142                36     106       73
 SINCE 1/1        144                42     102       76
..............................................................

WIND (MPH)
AVERAGE WIND SPEED              8.2
HIGHEST WIND SPEED/DIRECTION    46/220    DATE  05/11
HIGHEST GUST SPEED/DIRECTION    56/220    DATE  05/11

SKY COVER
AVERAGE SKY COVER           0.60

AVERAGE RH (PERCENT)     63

WEATHER CONDITIONS. NUMBER OF DAYS WITH
THUNDERSTORM              0     MIXED PRECIP               0
HEAVY RAIN                4     RAIN                       3
LIGHT RAIN               16     FREEZING RAIN              0
LT FREEZING RAIN          0     HAIL                       0
HEAVY SNOW                0     SNOW                       0
LIGHT SNOW                0     SLEET                      0
FOG                      16     FOG W/VIS <= 1/4 MILE      1
HAZE                      8

-  INDICATES NEGATIVE NUMBERS.
R  INDICATES RECORD WAS SET OR TIED.
MM INDICATES DATA IS MISSING.
T  INDICATES TRACE AMOUNT.

$$
