000
CXUS51 KCLE 021423
CLMCAK


CLIMATE REPORT
NATIONAL WEATHER SERVICE CLEVELAND OH
1023 AM EDT FRI MAY 2 2014

...................................

...THE AKRON CANTON OH CLIMATE SUMMARY FOR THE MONTH OF APRIL 2014...

CLIMATE NORMAL PERIOD 1981 TO 2010
CLIMATE RECORD PERIOD 1887 TO 2014

WEATHER         OBSERVED          NORMAL  DEPART  LAST YEAR`S
                 VALUE   DATE(S)  VALUE   FROM    VALUE
                                          NORMAL
.............................................................
TEMPERATURE (F)
RECORD
 HIGH              89   04/26/1915
 LOW               10   04/01/1964
HIGHEST            80   04/21
                        04/13
LOWEST             21   04/16
AVG. MAXIMUM     61.8              59.6     2.2     61.9
AVG. MINIMUM     40.3              38.8     1.5     38.7
MEAN             51.0              49.2     1.8     50.3
DAYS MAX >= 90      0               0.0     0.0        0
DAYS MAX <= 32      0               0.2    -0.2        0
DAYS MIN <= 32      3               7.4    -4.4       11
DAYS MIN <= 0       0               0.0     0.0        0

PRECIPITATION (INCHES)
RECORD
 MAXIMUM         7.58   1929
 MINIMUM         0.83   1941
TOTALS           5.96              3.55    2.41     4.49
DAYS >= .01        12              14.3    -2.3       11
DAYS >= .10        11               8.2     2.8        7
DAYS >= .50         4               2.1     1.9        2
DAYS >= 1.00        3               0.8     2.2        1
GREATEST
 24 HR. TOTAL    1.45   04/28 TO 04/29              2.29

SNOWFALL (INCHES)
RECORDS
 TOTAL           26.6   1901
                        0
TOTALS            0.9               2.7    -1.8      0.3
SINCE 7/1        69.9              47.4    22.5     47.2
DAYS >= 1.0         0               0.7    -0.7        0
GREATEST
 24 HR TOTAL      0.9   MM

DEGREE_DAYS
HEATING TOTAL     412               481     -69      441
 SINCE 7/1       6251              5876     375     5645
COOLING TOTAL       3                 6      -3        7
 SINCE 1/1          3                 6      -3        7
..............................................................

WIND (MPH)
AVERAGE WIND SPEED              9.5
HIGHEST WIND SPEED/DIRECTION    30/220    DATE  04/14
HIGHEST GUST SPEED/DIRECTION    30/220    DATE  04/14

SKY COVER
AVERAGE SKY COVER           0.70

AVERAGE RH (PERCENT)     60

WEATHER CONDITIONS. NUMBER OF DAYS WITH
THUNDERSTORM              0     MIXED PRECIP               0
HEAVY RAIN                0     RAIN                       4
LIGHT RAIN               14     FREEZING RAIN              0
LT FREEZING RAIN          0     HAIL                       0
HEAVY SNOW                0     SNOW                       0
LIGHT SNOW                1     SLEET                      1
FOG                      15     FOG W/VIS <= 1/4 MILE      6
HAZE                      2

-  INDICATES NEGATIVE NUMBERS.
R  INDICATES RECORD WAS SET OR TIED.
MM INDICATES DATA IS MISSING.
T  INDICATES TRACE AMOUNT.

$$
