000
CXUS51 KCLE 021924
CLMCAK


CLIMATE REPORT
NATIONAL WEATHER SERVICE CLEVELAND OH
322 PM EDT TUE JUL 2 2013

...................................

...THE AKRON CANTON OH CLIMATE SUMMARY FOR THE MONTH OF JUNE 2013...

CLIMATE NORMAL PERIOD 1981 TO 2010
CLIMATE RECORD PERIOD 1887 TO 2013

WEATHER         OBSERVED          NORMAL  DEPART  LAST YEAR`S
                 VALUE   DATE(S)  VALUE   FROM    VALUE
                                          NORMAL
.............................................................
TEMPERATURE (F)
RECORD
 HIGH             100   10/07/5881
                        10/07/5881
 LOW               32   10/07/5881
HIGHEST            90   06/25
LOWEST             43   06/04
AVG. MAXIMUM     78.6              78.0     0.6     82.6
AVG. MINIMUM     59.7              57.7     2.0     58.7
MEAN             69.2              67.9     1.3     70.6
DAYS MAX >= 90      1               0.8     0.2        7
DAYS MAX <= 32      0               0.0     0.0        0
DAYS MIN <= 32      0               0.0     0.0        0
DAYS MIN <= 0       0               0.0     0.0        0

PRECIPITATION (INCHES)
RECORD
 MAXIMUM        11.12   1924
 MINIMUM         0.37   1988
TOTALS           5.91              3.83    2.08     1.71
DAYS >= .01        14              12.1     1.9        9
DAYS >= .10        10               7.7     2.3        3
DAYS >= .50         4               2.7     1.3        2
DAYS >= 1.00        3               0.7     2.3        0
GREATEST
 24 HR. TOTAL    1.61   06/25 TO 06/26              1.13

SNOWFALL (INCHES)
RECORDS
 TOTAL             MM   MM
TOTALS            0.0               0.0     0.0      0.0
SINCE 7/1        47.2              47.5    -0.3     31.0
DAYS >= 1.0         0               0.0     0.0        0
GREATEST
 24 HR TOTAL      0.0   06/30 TO 06/30

DEGREE_DAYS
HEATING TOTAL      27                49     -22       26
 SINCE 7/1       5829              6150    -321     4847
COOLING TOTAL     161               135      26      204
 SINCE 1/1        267               177      90      350
..............................................................

WIND (MPH)
AVERAGE WIND SPEED              7.3
HIGHEST WIND SPEED/DIRECTION    37/220    DATE  06/25
HIGHEST GUST SPEED/DIRECTION    47/220    DATE  06/25

SKY COVER
AVERAGE SKY COVER           0.60

AVERAGE RH (PERCENT)     71

WEATHER CONDITIONS. NUMBER OF DAYS WITH
THUNDERSTORM              0     MIXED PRECIP               0
HEAVY RAIN                7     RAIN                       7
LIGHT RAIN               18     FREEZING RAIN              0
LT FREEZING RAIN          0     HAIL                       0
HEAVY SNOW                0     SNOW                       0
LIGHT SNOW                0     SLEET                      0
FOG                      22     FOG W/VIS <= 1/4 MILE      4
HAZE                     19

-  INDICATES NEGATIVE NUMBERS.
R  INDICATES RECORD WAS SET OR TIED.
MM INDICATES DATA IS MISSING.
T  INDICATES TRACE AMOUNT.

$$
