000
CXUS51 KCLE 031142
CLMCAK


CLIMATE REPORT
NATIONAL WEATHER SERVICE CLEVELAND OH
738 AM EDT THU OCT 3 2013

...................................

...THE AKRON CANTON OH CLIMATE SUMMARY FOR THE MONTH OF SEPTEMBER 2013...

CLIMATE NORMAL PERIOD 1981 TO 2010
CLIMATE RECORD PERIOD 1887 TO 2013

WEATHER         OBSERVED          NORMAL  DEPART  LAST YEAR`S
                 VALUE   DATE(S)  VALUE   FROM    VALUE
                                          NORMAL
.............................................................
TEMPERATURE (F)
RECORD
 HIGH              99   10/07/5881
                        10/07/5881
 LOW               29   10/07/5881
HIGHEST            93   09/10
LOWEST             41   09/24
AVG. MAXIMUM     74.1              73.0     1.1     73.0
AVG. MINIMUM     53.7              53.3     0.4     52.5
MEAN             63.9              63.1     0.8     62.8
DAYS MAX >= 90      2               0.3     1.7        0
DAYS MAX <= 32      0               0.0     0.0        0
DAYS MIN <= 32      0               0.0     0.0        0
DAYS MIN <= 0       0               0.0     0.0        0

PRECIPITATION (INCHES)
RECORD
 MAXIMUM        11.98   1926
 MINIMUM         0.20   1960
TOTALS           2.90              3.45   -0.55     4.27
DAYS >= .01        10              10.2    -0.2       14
DAYS >= .10         3               6.1    -3.1        9
DAYS >= .50         3               2.1     0.9        3
DAYS >= 1.00        1               0.9     0.1        0
GREATEST
 24 HR. TOTAL    1.32   09/20 TO 09/21              1.11

SNOWFALL (INCHES)
RECORDS
 TOTAL             MM   MM
TOTALS            0.0               0.0     0.0      0.0
SINCE 7/1         0.0               0.0     0.0      0.0
DAYS >= 1.0         0               0.0     0.0        0
GREATEST
 24 HR TOTAL      0.0   09/30 TO 09/30

DEGREE_DAYS
HEATING TOTAL     102               119     -17      145
 SINCE 7/1        115               139     -24      147
COOLING TOTAL      77                64      13       85
 SINCE 1/1        801               646     155     1038
..............................................................

WIND (MPH)
AVERAGE WIND SPEED              6.7
HIGHEST WIND SPEED/DIRECTION    24/010    DATE  09/12
HIGHEST GUST SPEED/DIRECTION    40/330    DATE  09/16

SKY COVER
AVERAGE SKY COVER           0.60

AVERAGE RH (PERCENT)     72

WEATHER CONDITIONS. NUMBER OF DAYS WITH
THUNDERSTORM              0     MIXED PRECIP               0
HEAVY RAIN                3     RAIN                       5
LIGHT RAIN               10     FREEZING RAIN              0
LT FREEZING RAIN          0     HAIL                       0
HEAVY SNOW                0     SNOW                       0
LIGHT SNOW                0     SLEET                      0
FOG                      21     FOG W/VIS <= 1/4 MILE      3
HAZE                     15

-  INDICATES NEGATIVE NUMBERS.
R  INDICATES RECORD WAS SET OR TIED.
MM INDICATES DATA IS MISSING.
T  INDICATES TRACE AMOUNT.

$$
