000
CXUS51 KCLE 022344
CLMCAK


CLIMATE REPORT
NATIONAL WEATHER SERVICE CLEVELAND OH
739 PM EDT MON SEP 2 2013

...................................

...THE AKRON CANTON OH CLIMATE SUMMARY FOR THE MONTH OF AUGUST 2013...

CLIMATE NORMAL PERIOD 1981 TO 2010
CLIMATE RECORD PERIOD 1887 TO 2013

WEATHER         OBSERVED          NORMAL  DEPART  LAST YEAR`S
                 VALUE   DATE(S)  VALUE   FROM    VALUE
                                          NORMAL
.............................................................
TEMPERATURE (F)
RECORD
 HIGH             104   09/06/1918
 LOW               39   08/31/1915
HIGHEST            87   08/30
LOWEST             49   08/15
AVG. MAXIMUM     80.3              80.3     0.0     82.6
AVG. MINIMUM     60.6              60.6     0.0     60.3
MEAN             70.5              70.5     0.0     71.4
DAYS MAX >= 90      0               1.6    -1.6        4
DAYS MAX <= 32      0               0.0     0.0        0
DAYS MIN <= 32      0               0.0     0.0        0
DAYS MIN <= 0       0               0.0     0.0        0

PRECIPITATION (INCHES)
RECORD
 MAXIMUM         8.19   1974
 MINIMUM         0.28   1894
TOTALS           1.79              3.56   -1.77     5.42
DAYS >= .01        11               9.6     1.4       12
DAYS >= .10         4               6.2    -2.2        8
DAYS >= .50         1               2.3    -1.3        2
DAYS >= 1.00        0               0.9    -0.9        1
GREATEST
 24 HR. TOTAL    0.58   08/27 TO 08/28              2.79

SNOWFALL (INCHES)
RECORDS
 TOTAL             MM   MM
TOTALS            0.0               0.0     0.0      0.0
SINCE 7/1         0.0               0.0     0.0      0.0
DAYS >= 1.0         0               0.0     0.0        0
GREATEST
 24 HR TOTAL      0.0   08/31 TO 08/31

DEGREE_DAYS
HEATING TOTAL       8                14      -6        2
 SINCE 7/1         13                20      -7        2
COOLING TOTAL     185               183       2      207
 SINCE 1/1        724               582     142      953
..............................................................

WIND (MPH)
AVERAGE WIND SPEED              5.9
HIGHEST WIND SPEED/DIRECTION    21/340    DATE  08/13
HIGHEST GUST SPEED/DIRECTION    28/010    DATE  08/13

SKY COVER
AVERAGE SKY COVER           0.60

AVERAGE RH (PERCENT)     70

WEATHER CONDITIONS. NUMBER OF DAYS WITH
THUNDERSTORM              0     MIXED PRECIP               0
HEAVY RAIN                2     RAIN                       4
LIGHT RAIN               16     FREEZING RAIN              0
LT FREEZING RAIN          0     HAIL                       0
HEAVY SNOW                0     SNOW                       0
LIGHT SNOW                0     SLEET                      0
FOG                      24     FOG W/VIS <= 1/4 MILE      1
HAZE                     24

-  INDICATES NEGATIVE NUMBERS.
R  INDICATES RECORD WAS SET OR TIED.
MM INDICATES DATA IS MISSING.
T  INDICATES TRACE AMOUNT.

$$
