000
CXUS51 KCLE 021325
CLMCAK


CLIMATE REPORT
NATIONAL WEATHER SERVICE CLEVELAND OH
821 AM EST WED DEC 2 2015

...................................

...THE AKRON CANTON OH CLIMATE SUMMARY FOR THE SEASON, FROM
9/1/2015 TO 11/30/2015...

CLIMATE NORMAL PERIOD 1981 TO 2010
CLIMATE RECORD PERIOD 1887 TO 2015

WEATHER         OBSERVED          NORMAL  DEPART
                 VALUE   DATE(S)  VALUE   FROM
                                          NORMAL
................................................
TEMPERATURE (F)
RECORD
 HIGH              99   09/03/1953
                        09/02/1953
 LOW               -1   11/30/1958
HIGHEST            91   09/08
                        09/07
LOWEST             18   11/23
AVG. MAXIMUM     66.9              61.0     5.9
AVG. MINIMUM     47.3              43.2     4.1
MEAN             57.1              52.1     5.0
DAYS MAX >= 90      5               0.3
DAYS MAX <= 32      0               1.7
DAYS MIN <= 32     10              15.9
DAYS MIN <= 0       0               0.0

PRECIPITATION (INCHES)
RECORD
 MAXIMUM        19.79   1926
 MINIMUM         2.52   1953
TOTALS           8.19              9.58   -1.39
DAYS >= .01        28              34.9
DAYS >= .10        20              19.9
DAYS >= .50         5               5.9
DAYS >= 1.00        2               1.8

SNOWFALL (INCHES)
RECORDS
 TOTAL           22.3   1950
TOTALS              T               3.4
DAYS >= TRACE       2
DAYS >= 1.0         0               1.2

DEGREE_DAYS
HEATING TOTAL     871              1239    -368
COOLING TOTAL     174                69     105
.................................................

WIND (MPH)
HIGHEST GUST SPEED/DIRECTION    48/250    DATE  11/12

SKY COVER
POSSIBLE SUNSHINE (PERCENT)   MM
NUMBER OF DAYS FAIR           28
NUMBER OF DAYS PC             34
NUMBER OF DAYS CLOUDY         29


WEATHER CONDITIONS. NUMBER OF DAYS WITH
THUNDERSTORM              0     MIXED PRECIP               0
HEAVY RAIN                5     RAIN                       6
LIGHT RAIN               32     FREEZING RAIN              0
LT FREEZING RAIN          0     HAIL                       0
HEAVY SNOW                0     SNOW                       0
LIGHT SNOW                2     SLEET                      0
FOG                      39     FOG W/VIS <= 1/4 MILE      1
HAZE                     29

-  INDICATES NEGATIVE NUMBERS.
R  INDICATES RECORD WAS SET OR TIED.
MM INDICATES DATA IS MISSING.
T  INDICATES TRACE AMOUNT.

$$
