000
CXUS51 KCLE 021259
CLMCAK


CLIMATE REPORT
NATIONAL WEATHER SERVICE CLEVELAND OH
759 AM EST MON DEC 2 2013

...................................

...THE AKRON CANTON OH CLIMATE SUMMARY FOR THE MONTH OF NOVEMBER 2013...

CLIMATE NORMAL PERIOD 1981 TO 2010
CLIMATE RECORD PERIOD 1887 TO 2013

WEATHER         OBSERVED          NORMAL  DEPART  LAST YEAR`S
                 VALUE   DATE(S)  VALUE   FROM    VALUE
                                          NORMAL
.............................................................
TEMPERATURE (F)
RECORD
 HIGH              80   11/03/1961
 LOW                    11/30/1958
HIGHEST            65   11/06
LOWEST             16   11/28
AVG. MAXIMUM     45.7              49.2    -3.5     48.0
AVG. MINIMUM     31.3              33.9    -2.6     31.0
MEAN             38.5              41.5    -3.0     39.5
DAYS MAX >= 90      0               0.0     0.0        0
DAYS MAX <= 32      4               1.7     2.3        1
DAYS MIN <= 32     18              13.2     4.8       18
DAYS MIN <= 0       0               0.0     0.0        0

PRECIPITATION (INCHES)
RECORD
 MAXIMUM         9.39   1985
 MINIMUM         0.41   1939
TOTALS           3.14              3.30   -0.16     0.75
DAYS >= .01        14              13.8     0.2        7
DAYS >= .10         9               7.6     1.4        2
DAYS >= .50         2               1.9     0.1        0
DAYS >= 1.00        0               0.5    -0.5        0
GREATEST
 24 HR. TOTAL    0.96   11/17 TO 11/17              0.46

SNOWFALL (INCHES)
RECORDS
 TOTAL           22.3   1950
TOTALS           10.7               3.0     7.7      0.5
SINCE 7/1        10.7               3.4     7.3      0.5
DAYS >= 1.0         3               1.1     1.9        0
GREATEST
 24 HR TOTAL      5.6   MM

DEGREE_DAYS
HEATING TOTAL     786               704      82      759
 SINCE 7/1       1250              1259      -9     1294
COOLING TOTAL       0                 0       0        0
 SINCE 1/1        829               652     177     1046
..............................................................

WIND (MPH)
AVERAGE WIND SPEED              10.3
HIGHEST WIND SPEED/DIRECTION    35/270    DATE  11/17
HIGHEST GUST SPEED/DIRECTION    52/270    DATE  11/17

SKY COVER
AVERAGE SKY COVER           0.70

AVERAGE RH (PERCENT)     69

WEATHER CONDITIONS. NUMBER OF DAYS WITH
THUNDERSTORM              0     MIXED PRECIP               0
HEAVY RAIN                1     RAIN                       2
LIGHT RAIN                9     FREEZING RAIN              0
LT FREEZING RAIN          0     HAIL                       0
HEAVY SNOW                0     SNOW                       2
LIGHT SNOW               10     SLEET                      1
FOG                      14     FOG W/VIS <= 1/4 MILE      5
HAZE                      1

-  INDICATES NEGATIVE NUMBERS.
R  INDICATES RECORD WAS SET OR TIED.
MM INDICATES DATA IS MISSING.
T  INDICATES TRACE AMOUNT.

$$
