000
CXUS51 KCLE 011412
CLMCAK
CLIMATE REPORT
NATIONAL WEATHER SERVICE CLEVELAND, OH
1012 AM EDT MON MAY 01 2023
...................................
...THE AKRON CANTON OH CLIMATE SUMMARY FOR THE MONTH OF APRIL 2023...
CLIMATE NORMAL PERIOD 1991 TO 2020
CLIMATE RECORD PERIOD 1887 TO 2023
WEATHER OBSERVED NORMAL DEPART LAST YEAR`S
VALUE DATE(S) VALUE FROM VALUE
NORMAL
..............................................................
TEMPERATURE (F)
RECORD
HIGH 89 04/26/1915
LOW 10 04/01/1964
HIGHEST 83 04/14
LOWEST 28 04/02
04/08
AVG. MAXIMUM 63.4 61.8 1.6 58.4
AVG. MINIMUM 40.5 39.8 0.7 39.9
MEAN 52.0 50.8 1.2 49.1
DAYS MAX >= 90 0 0.0 0.0 0
DAYS MAX <= 32 0 0.2 -0.2 0
DAYS MIN <= 32 6 7.8 -1.8 7
DAYS MIN <= 0 0 0.0 0.0 0
PRECIPITATION (INCHES)
RECORD
MAXIMUM 7.58 1929
MINIMUM 0.83 1941
TOTALS 4.01 3.86 0.15 3.08
DAYS >= .01 12 14.6 -2.6 20
DAYS >= .10 7 9.0 -2.0 9
DAYS >= .50 4 2.3 1.7 2
DAYS >= 1.00 1 0.8 0.2 0
GREATEST
24 HR. TOTAL 1.12 04/21 TO 04/22 0.68
SNOWFALL (INCHES)
RECORDS
TOTAL 20.9 1987
TOTALS 0.1 1.7 -1.6 1.3
SINCE 7/1 21.3 47.2 -25.9 52.0
DAYS >= 1.0 0 0.6 -0.6 0
GREATEST
24 HR TOTAL 0.1 04/17 TO 04/17
DEGREE DAYS
HEATING TOTAL 401 434 -33 486
SINCE 7/1 4734 5492 -758 5048
COOLING TOTAL 15 8 7 18
SINCE 1/1 15 9 6 18
..............................................................
WIND (MPH)
AVERAGE WIND SPEED 9.2
HIGHEST WIND SPEED/DIRECTION 44/250 DATE 04/01
HIGHEST GUST SPEED/DIRECTION 60/260 DATE 04/01
SKY COVER
AVERAGE SKY COVER 0.60
AVERAGE RH (PERCENT) 60
WEATHER CONDITIONS. NUMBER OF DAYS WITH
THUNDERSTORM 5 MIXED PRECIP 1
HEAVY RAIN 2 RAIN 7
LIGHT RAIN 14 FREEZING RAIN 0
LT FREEZING RAIN 0 HAIL 1
HEAVY SNOW 0 SNOW 1
LIGHT SNOW 4 SLEET 1
FOG 13 FOG W/VIS <= 1/4 MILE 0
HAZE 4
- INDICATES NEGATIVE NUMBERS.
R INDICATES RECORD WAS SET OR TIED.
MM INDICATES DATA IS MISSING.
T INDICATES TRACE AMOUNT.
$$