000
CXUS51 KCLE 011350
CLMCAK


CLIMATE REPORT
NATIONAL WEATHER SERVICE CLEVELAND OH
948 AM EDT TUE NOV 1 2016

...................................

...THE AKRON CANTON OH CLIMATE SUMMARY FOR THE MONTH OF OCTOBER 2016...

CLIMATE NORMAL PERIOD 1981 TO 2010
CLIMATE RECORD PERIOD 1887 TO 2016

WEATHER         OBSERVED          NORMAL  DEPART  LAST YEAR`S
                 VALUE   DATE(S)  VALUE   FROM    VALUE
                                          NORMAL
.............................................................
TEMPERATURE (F)
RECORD
 HIGH              89   10/01/1927
                        10/05/1922
 LOW               20   10/20/1952
HIGHEST            79   10/18
                        10/17
                        10/07
LOWEST             33   10/25
AVG. MAXIMUM     66.0              61.0     5.0     63.4
AVG. MINIMUM     47.0              42.5     4.5     44.3
MEAN             56.5              51.7     4.8     53.8
DAYS MAX >= 90      0               0.0     0.0        0
DAYS MAX <= 32      0               0.0     0.0        0
DAYS MIN <= 32      0               2.8    -2.8        2
DAYS MIN <= 0       0               0.0     0.0        0

PRECIPITATION (INCHES)
RECORD
 MAXIMUM         8.42   1954
 MINIMUM         0.22   1924
TOTALS           3.76              2.83    0.93     2.68
DAYS >= .01        13              10.9     2.1       11
DAYS >= .10         5               6.2    -1.2        5
DAYS >= .50         2               1.9     0.1        2
DAYS >= 1.00        1               0.4     0.6        1
GREATEST
 24 HR. TOTAL    1.74   10/20 TO 10/21              1.23

SNOWFALL (INCHES)
RECORDS
 TOTAL            6.8   1952
TOTALS            0.0               0.4    -0.4      0.0
SINCE 7/1         0.0               0.4    -0.4      0.0
DAYS >= 1.0         0               0.1    -0.1        0
GREATEST
 24 HR TOTAL      0.0   10/31 TO 10/31

DEGREE_DAYS
HEATING TOTAL     277               416    -139      337
 SINCE 7/1        310               555    -245      378
COOLING TOTAL      21                 6      15        0
 SINCE 1/1       1130               652     478      953
..............................................................

WIND (MPH)
AVERAGE WIND SPEED              8.7
HIGHEST WIND SPEED/DIRECTION    28/220    DATE  10/18
HIGHEST GUST SPEED/DIRECTION    34/350    DATE  10/21

SKY COVER
AVERAGE SKY COVER           0.50

AVERAGE RH (PERCENT)     71

WEATHER CONDITIONS. NUMBER OF DAYS WITH
THUNDERSTORM              0     MIXED PRECIP               0
HEAVY RAIN                2     RAIN                       7
LIGHT RAIN               13     FREEZING RAIN              0
LT FREEZING RAIN          0     HAIL                       0
HEAVY SNOW                0     SNOW                       0
LIGHT SNOW                0     SLEET                      0
FOG                      16     FOG W/VIS <= 1/4 MILE      0
HAZE                      3

-  INDICATES NEGATIVE NUMBERS.
R  INDICATES RECORD WAS SET OR TIED.
MM INDICATES DATA IS MISSING.
T  INDICATES TRACE AMOUNT.

$$
