000
CXUS51 KCLE 041950
CLMCAK


CLIMATE REPORT
NATIONAL WEATHER SERVICE CLEVELAND OH
350 PM EDT MON MAY 4 2015

...................................

...THE AKRON CANTON OH CLIMATE SUMMARY FOR THE MONTH OF APRIL 2015...

CLIMATE NORMAL PERIOD 1981 TO 2010
CLIMATE RECORD PERIOD 1887 TO 2015

WEATHER         OBSERVED          NORMAL  DEPART  LAST YEAR`S
                 VALUE   DATE(S)  VALUE   FROM    VALUE
                                          NORMAL
.............................................................
TEMPERATURE (F)
RECORD
 HIGH              89   04/26/1915
 LOW               10   04/01/1964
HIGHEST            80   04/13
LOWEST             26   04/01
AVG. MAXIMUM     61.5              59.6     1.9     61.8
AVG. MINIMUM     41.4              38.8     2.6     40.3
MEAN             51.5              49.2     2.3     51.0
DAYS MAX >= 90      0               0.0     0.0        0
DAYS MAX <= 32      0               0.2    -0.2        0
DAYS MIN <= 32      4               7.4    -3.4        3
DAYS MIN <= 0       0               0.0     0.0        0

PRECIPITATION (INCHES)
RECORD
 MAXIMUM         7.58   1929
 MINIMUM         0.83   1941
TOTALS           3.84              3.55    0.29     5.96
DAYS >= .01        15              14.3     0.7       12
DAYS >= .10        12               8.2     3.8       11
DAYS >= .50         2               2.1    -0.1        4
DAYS >= 1.00        0               0.8    -0.8        3
GREATEST
 24 HR. TOTAL    0.86   04/09 TO 04/09              1.45
                        04/08 TO 04/09
                        04/09 TO 04/09

SNOWFALL (INCHES)
RECORDS
 TOTAL           26.6   1901
                        0
TOTALS              T               2.7    -2.7      0.9
SINCE 7/1        59.8              47.4    12.4     69.9
DAYS >= 1.0         0               0.7    -0.7        0
GREATEST
 24 HR TOTAL        T   04/22 TO 04/22

DEGREE_DAYS
HEATING TOTAL     402               481     -79      412
 SINCE 7/1       6173              5876     297     6251
COOLING TOTAL       2                 6      -4        3
 SINCE 1/1          2                 6      -4        3
..............................................................

WIND (MPH)
AVERAGE WIND SPEED              10.5
HIGHEST WIND SPEED/DIRECTION    40/170    DATE  04/08
HIGHEST GUST SPEED/DIRECTION    49/280    DATE  04/21

SKY COVER
AVERAGE SKY COVER           0.70

AVERAGE RH (PERCENT)     61

WEATHER CONDITIONS. NUMBER OF DAYS WITH
THUNDERSTORM              0     MIXED PRECIP               0
HEAVY RAIN                3     RAIN                       8
LIGHT RAIN               18     FREEZING RAIN              0
LT FREEZING RAIN          0     HAIL                       0
HEAVY SNOW                0     SNOW                       1
LIGHT SNOW                1     SLEET                      1
FOG                      15     FOG W/VIS <= 1/4 MILE      1
HAZE                      8

-  INDICATES NEGATIVE NUMBERS.
R  INDICATES RECORD WAS SET OR TIED.
MM INDICATES DATA IS MISSING.
T  INDICATES TRACE AMOUNT.

$$
