976
CXUS51 KCLE 040444
CLMCAK


CLIMATE REPORT
NATIONAL WEATHER SERVICE CLEVELAND OH
1141 PM EST FRI MAR 3 2017

...................................

...THE AKRON CANTON OH CLIMATE SUMMARY FOR THE MONTH OF FEBRUARY 2017...

CLIMATE NORMAL PERIOD 1981 TO 2010
CLIMATE RECORD PERIOD 1887 TO 2017

WEATHER         OBSERVED          NORMAL  DEPART  LAST YEAR`S
                 VALUE   DATE(S)  VALUE   FROM    VALUE
                                          NORMAL
.............................................................
TEMPERATURE (F)
RECORD
 HIGH              76   02/24/2017
 LOW              -20   02/10/1899
HIGHEST            76R  02/24
LOWEST             10   02/10
AVG. MAXIMUM     49.2              36.7    12.5     41.1
AVG. MINIMUM     30.7              21.3     9.4     23.2
MEAN             40.0              29.0    11.0     32.2
DAYS MAX >= 90      0               0.0     0.0        0
DAYS MAX <= 32      5              10.1    -5.1        8
DAYS MIN <= 32     19              23.6    -4.6       24
DAYS MIN <= 0       0               0.9    -0.9        2

PRECIPITATION (INCHES)
RECORD
 MAXIMUM         5.79   1893
 MINIMUM         0.31   1987
TOTALS           2.37              2.31    0.06     3.38
DAYS >= .01        11              14.1    -3.1       17
DAYS >= .10         6               6.3    -0.3        9
DAYS >= .50         2               1.1     0.9        1
DAYS >= 1.00        0               0.2    -0.2        1
GREATEST
 24 HR. TOTAL    0.89   02/06 TO 02/07              1.38

SNOWFALL (INCHES)
RECORDS
 TOTAL           37.2   2010
TOTALS            4.2              10.5    -6.3     16.4
SINCE 7/1        21.2              36.5   -15.3     22.7
DAYS >= 1.0         2               3.3    -1.3        8
GREATEST
 24 HR TOTAL      1.5   02/08 TO 02/08

DEGREE_DAYS
HEATING TOTAL     696              1008    -312      947
 SINCE 7/1       3600              4544    -944     3647
COOLING TOTAL       2                 0       2        0
 SINCE 1/1          2                 0       2        0
..............................................................

WIND (MPH)
AVERAGE WIND SPEED              10.9
HIGHEST WIND SPEED/DIRECTION    35/300    DATE  02/12
HIGHEST GUST SPEED/DIRECTION    48/280    DATE  02/12

SKY COVER
AVERAGE SKY COVER           0.70

AVERAGE RH (PERCENT)     65

WEATHER CONDITIONS. NUMBER OF DAYS WITH
THUNDERSTORM              0     MIXED PRECIP               0
HEAVY RAIN                1     RAIN                       3
LIGHT RAIN                9     FREEZING RAIN              0
LT FREEZING RAIN          0     HAIL                       0
HEAVY SNOW                1     SNOW                       2
LIGHT SNOW               11     SLEET                      0
FOG                      12     FOG W/VIS <= 1/4 MILE      2
HAZE                     11

-  INDICATES NEGATIVE NUMBERS.
R  INDICATES RECORD WAS SET OR TIED.
MM INDICATES DATA IS MISSING.
T  INDICATES TRACE AMOUNT.

$$
