000
CXUS51 KCLE 010530
CLMCAK


CLIMATE REPORT
NATIONAL WEATHER SERVICE CLEVELAND OH
1230 AM EST SAT MAR 1 2014

...................................

...THE AKRON CANTON OH CLIMATE SUMMARY FOR THE MONTH OF FEBRUARY 2014...

CLIMATE NORMAL PERIOD 1981 TO 2010
CLIMATE RECORD PERIOD 1887 TO 2014

WEATHER         OBSERVED          NORMAL  DEPART  LAST YEAR`S
                 VALUE   DATE(S)  VALUE   FROM    VALUE
                                          NORMAL
.............................................................
TEMPERATURE (F)
RECORD
 HIGH              72   02/26/2000
 LOW              -20   02/10/1899
HIGHEST            52   02/20
LOWEST             -4   02/17
AVG. MAXIMUM     31.1              36.7    -5.6     34.8
AVG. MINIMUM     14.5              21.3    -6.8     20.9
MEAN             22.8              29.0    -6.2     27.8
DAYS MAX >= 90      0               0.0     0.0        0
DAYS MAX <= 32     19              10.1     8.9       10
DAYS MIN <= 32     27              23.6     3.4       26
DAYS MIN <= 0       4               0.9     3.1        0

PRECIPITATION (INCHES)
RECORD
 MAXIMUM         5.79   1893
 MINIMUM         0.31   1987
TOTALS           1.59              2.31   -0.72     2.03
DAYS >= .01        17              14.1     2.9       14
DAYS >= .10         5               6.3    -1.3        6
DAYS >= .50         0               1.1    -1.1        1
DAYS >= 1.00        0               0.2    -0.2        0
GREATEST
 24 HR. TOTAL    0.37   02/17 TO 02/18              0.94

SNOWFALL (INCHES)
RECORDS
 TOTAL           37.2   2010
TOTALS           17.0              10.5     6.5     11.2
SINCE 7/1        59.3              36.5    22.8     36.4
DAYS >= 1.0         5               3.3     1.7        3
GREATEST
 24 HR TOTAL      3.2   MM

DEGREE_DAYS
HEATING TOTAL    1178              1008     170     1033
 SINCE 7/1       4823              4544     279     4261
COOLING TOTAL       0                 0       0        0
 SINCE 1/1          0                 0       0        0
..............................................................

WIND (MPH)
AVERAGE WIND SPEED              9.1
HIGHEST WIND SPEED/DIRECTION    31/300    DATE  02/27
HIGHEST GUST SPEED/DIRECTION    31/300    DATE  02/27

SKY COVER
AVERAGE SKY COVER           0.70

AVERAGE RH (PERCENT)     71

WEATHER CONDITIONS. NUMBER OF DAYS WITH
THUNDERSTORM              0     MIXED PRECIP               2
HEAVY RAIN                0     RAIN                       2
LIGHT RAIN                6     FREEZING RAIN              0
LT FREEZING RAIN          5     HAIL                       0
HEAVY SNOW                1     SNOW                       3
LIGHT SNOW               19     SLEET                      3
FOG                      20     FOG W/VIS <= 1/4 MILE      3
HAZE                      2

-  INDICATES NEGATIVE NUMBERS.
R  INDICATES RECORD WAS SET OR TIED.
MM INDICATES DATA IS MISSING.
T  INDICATES TRACE AMOUNT.

$$
