000
CXUS51 KCLE 011926
CLMCAK


CLIMATE REPORT
NATIONAL WEATHER SERVICE CLEVELAND OH
320 PM EDT TUE APR 1 2014

...................................

...THE AKRON CANTON OH CLIMATE SUMMARY FOR THE MONTH OF MARCH 2014...

CLIMATE NORMAL PERIOD 1981 TO 2010
CLIMATE RECORD PERIOD 1887 TO 2014

WEATHER         OBSERVED          NORMAL  DEPART  LAST YEAR`S
                 VALUE   DATE(S)  VALUE   FROM    VALUE
                                          NORMAL
.............................................................
TEMPERATURE (F)
RECORD
 HIGH              83   03/22/2012
 LOW               -6   03/12/1948
HIGHEST            65   03/11
LOWEST              1   03/04
AVG. MAXIMUM     42.2              46.6    -4.4     41.5
AVG. MINIMUM     21.8              28.5    -6.7     27.1
MEAN             32.0              37.6    -5.6     34.3
DAYS MAX >= 90      0               0.0     0.0        0
DAYS MAX <= 32      8               3.6     4.4        5
DAYS MIN <= 32     26              20.4     5.6       27
DAYS MIN <= 0       0               0.0     0.0        0

PRECIPITATION (INCHES)
RECORD
 MAXIMUM        10.46   1913
 MINIMUM         0.49   1910
TOTALS           2.58              2.98   -0.40     2.06
DAYS >= .01        13              14.0    -1.0       15
DAYS >= .10         6               7.4    -1.4        5
DAYS >= .50         1               1.7    -0.7        1
DAYS >= 1.00        1               0.3     0.7        0
GREATEST
 24 HR. TOTAL    1.07   03/29 TO 03/29              0.52

SNOWFALL (INCHES)
RECORDS
 TOTAL           20.9   1960
                        0
TOTALS            9.7               8.2     1.5     10.5
SINCE 7/1        69.0              44.7    24.3     46.9
DAYS >= 1.0         6               2.7     3.3        4
GREATEST
 24 HR TOTAL      2.6   MM

DEGREE_DAYS
HEATING TOTAL    1016               851     165      943
 SINCE 7/1       5839              5395     444     5204
COOLING TOTAL       0                 0       0        0
 SINCE 1/1          0                 0       0        0
..............................................................

WIND (MPH)
AVERAGE WIND SPEED              9.8
HIGHEST WIND SPEED/DIRECTION    35/220    DATE  03/14
HIGHEST GUST SPEED/DIRECTION    35/220    DATE  03/14

SKY COVER
AVERAGE SKY COVER           0.70

AVERAGE RH (PERCENT)     64

WEATHER CONDITIONS. NUMBER OF DAYS WITH
THUNDERSTORM              0     MIXED PRECIP               1
HEAVY RAIN                0     RAIN                       1
LIGHT RAIN                8     FREEZING RAIN              0
LT FREEZING RAIN          0     HAIL                       0
HEAVY SNOW                1     SNOW                       3
LIGHT SNOW               14     SLEET                      1
FOG                      15     FOG W/VIS <= 1/4 MILE      4
HAZE                      5

-  INDICATES NEGATIVE NUMBERS.
R  INDICATES RECORD WAS SET OR TIED.
MM INDICATES DATA IS MISSING.
T  INDICATES TRACE AMOUNT.

$$
