000
CXUS51 KCLE 021131
CLMCAK


CLIMATE REPORT
NATIONAL WEATHER SERVICE CLEVELAND OH
727 AM EDT FRI AUG 2 2013

...................................

...THE AKRON CANTON OH CLIMATE SUMMARY FOR THE MONTH OF JULY 2013...

CLIMATE NORMAL PERIOD 1981 TO 2010
CLIMATE RECORD PERIOD 1887 TO 2013

WEATHER         OBSERVED          NORMAL  DEPART  LAST YEAR`S
                 VALUE   DATE(S)  VALUE   FROM    VALUE
                                          NORMAL
.............................................................
TEMPERATURE (F)
RECORD
 HIGH             102   07/14/1936
 LOW               41   07/05/1904
                        07/04/1904
HIGHEST            93   07/18
LOWEST             52   07/25
AVG. MAXIMUM     81.8              82.0    -0.2     88.7
AVG. MINIMUM     64.9              61.9     3.0     66.3
MEAN             73.4              72.0     1.4     77.5
DAYS MAX >= 90      5               2.5     2.5       13
DAYS MAX <= 32      0               0.0     0.0        0
DAYS MIN <= 32      0               0.0     0.0        0
DAYS MIN <= 0       0               0.0     0.0        0

PRECIPITATION (INCHES)
RECORD
 MAXIMUM        12.55   2003
 MINIMUM         0.67   1991
TOTALS           7.11              4.08    3.03     3.96
DAYS >= .01        14              11.3     2.7        9
DAYS >= .10        12               6.8     5.2        7
DAYS >= .50         4               2.9     1.1        3
DAYS >= 1.00        4               1.0     3.0        2
GREATEST
 24 HR. TOTAL    2.30   07/09 TO 07/10              1.21

SNOWFALL (INCHES)
RECORDS
 TOTAL            0.0
TOTALS            0.0               0.0     0.0      0.0
SINCE 7/1         0.0               0.0     0.0      0.0
DAYS >= 1.0         0               0.0     0.0        0
GREATEST
 24 HR TOTAL      0.0   07/31 TO 07/31

DEGREE_DAYS
HEATING TOTAL       5                 6      -1        0
 SINCE 7/1          5                 6      -1        0
COOLING TOTAL     272               222      50      396
 SINCE 1/1        539               399     140      746
..............................................................

WIND (MPH)
AVERAGE WIND SPEED              6.4
HIGHEST WIND SPEED/DIRECTION    38/340    DATE  07/10
HIGHEST GUST SPEED/DIRECTION    49/340    DATE  07/10

SKY COVER
AVERAGE SKY COVER           0.60

AVERAGE RH (PERCENT)     74

WEATHER CONDITIONS. NUMBER OF DAYS WITH
THUNDERSTORM              0     MIXED PRECIP               0
HEAVY RAIN                6     RAIN                       8
LIGHT RAIN               15     FREEZING RAIN              0
LT FREEZING RAIN          0     HAIL                       0
HEAVY SNOW                0     SNOW                       0
LIGHT SNOW                0     SLEET                      0
FOG                      23     FOG W/VIS <= 1/4 MILE      1
HAZE                     20

-  INDICATES NEGATIVE NUMBERS.
R  INDICATES RECORD WAS SET OR TIED.
MM INDICATES DATA IS MISSING.
T  INDICATES TRACE AMOUNT.

$$
