000
CXUS51 KCLE 031628
CLMCAK


CLIMATE REPORT
NATIONAL WEATHER SERVICE CLEVELAND OH
1128 AM EST FRI JAN 3 2014

...................................

...THE AKRON CANTON OH CLIMATE SUMMARY FOR THE MONTH OF DECEMBER 2013...

CLIMATE NORMAL PERIOD 1981 TO 2010
CLIMATE RECORD PERIOD 1887 TO 2014

WEATHER         OBSERVED          NORMAL  DEPART  LAST YEAR`S
                 VALUE   DATE(S)  VALUE   FROM    VALUE
                                          NORMAL
.............................................................
TEMPERATURE (F)
RECORD
 HIGH              76   12/03/1982
 LOW              -16   12/22/1989
HIGHEST            64   12/22
LOWEST              9   12/12
AVG. MAXIMUM     37.9              37.0     0.9     43.6
AVG. MINIMUM     25.2              23.9     1.3     31.0
MEAN             31.5              30.4     1.1     37.3
DAYS MAX >= 90      0               0.0     0.0        0
DAYS MAX <= 32     13              10.6     2.4        6
DAYS MIN <= 32     24              24.9    -0.9       17
DAYS MIN <= 0       0               0.6    -0.6        0

PRECIPITATION (INCHES)
RECORD
 MAXIMUM         6.72   1990
 MINIMUM         0.31   1955
TOTALS           3.49              2.84    0.65     4.21
DAYS >= .01        19              16.2     2.8       18
DAYS >= .10         6               7.6    -1.6       11
DAYS >= .50         2               1.4     0.6        3
DAYS >= 1.00        1               0.4     0.6        0
GREATEST
 24 HR. TOTAL    1.50   12/21 TO 12/22              0.58

SNOWFALL (INCHES)
RECORDS
 TOTAL           29.4   1974
TOTALS           12.5              10.2     2.3     13.8
SINCE 7/1        23.2              13.6     9.6     14.3
DAYS >= 1.0         5               3.7     1.3        4
GREATEST
 24 HR TOTAL      3.5   12/14 TO 12/14

DEGREE_DAYS
HEATING TOTAL    1029              1071     -42      852
 SINCE 7/1       2279              2330     -51     2146
COOLING TOTAL       0                 0       0        0
 SINCE 1/1        829               652     177     1046
..............................................................

WIND (MPH)
AVERAGE WIND SPEED              9.8
HIGHEST WIND SPEED/DIRECTION    28/180    DATE  12/22
HIGHEST GUST SPEED/DIRECTION    28/180    DATE  12/22

SKY COVER
AVERAGE SKY COVER           0.80

AVERAGE RH (PERCENT)     74

WEATHER CONDITIONS. NUMBER OF DAYS WITH
THUNDERSTORM              0     MIXED PRECIP               1
HEAVY RAIN                1     RAIN                       6
LIGHT RAIN                8     FREEZING RAIN              0
LT FREEZING RAIN          4     HAIL                       0
HEAVY SNOW                0     SNOW                       3
LIGHT SNOW               18     SLEET                      2
FOG                      21     FOG W/VIS <= 1/4 MILE      6
HAZE                      4

-  INDICATES NEGATIVE NUMBERS.
R  INDICATES RECORD WAS SET OR TIED.
MM INDICATES DATA IS MISSING.
T  INDICATES TRACE AMOUNT.

$$
