000
CXUS51 KCLE 040535
CLMCAK


CLIMATE REPORT
NATIONAL WEATHER SERVICE CLEVELAND OH
1231 AM EST MON JAN 4 2016

...................................

...THE AKRON CANTON OH CLIMATE SUMMARY FOR THE MONTH OF DECEMBER 2015...

CLIMATE NORMAL PERIOD 1981 TO 2010
CLIMATE RECORD PERIOD 1887 TO 2016

WEATHER         OBSERVED          NORMAL  DEPART  LAST YEAR`S
                 VALUE   DATE(S)  VALUE   FROM    VALUE
                                          NORMAL
.............................................................
TEMPERATURE (F)
RECORD
 HIGH              76   12/03/1982
 LOW              -16   12/22/1989
HIGHEST            68   12/12
LOWEST             20   12/20
AVG. MAXIMUM     51.3              37.0    14.3     40.9
AVG. MINIMUM     36.2              23.9    12.3     29.1
MEAN             43.7              30.4    13.3     35.0
DAYS MAX >= 90      0               0.0     0.0        0
DAYS MAX <= 32      1              10.6    -9.6        7
DAYS MIN <= 32     11              24.9   -13.9       22
DAYS MIN <= 0       0               0.6    -0.6        0

PRECIPITATION (INCHES)
RECORD
 MAXIMUM         6.72   1990
 MINIMUM         0.31   1955
TOTALS           3.70              2.84    0.86     2.31
DAYS >= .01        12              16.2    -4.2       16
DAYS >= .10         8               7.6     0.4        6
DAYS >= .50         2               1.4     0.6        1
DAYS >= 1.00        0               0.4    -0.4        0
GREATEST
 24 HR. TOTAL    1.40   12/26 TO 12/27              1.03

SNOWFALL (INCHES)
RECORDS
 TOTAL           29.4   1974
TOTALS            0.2              10.2   -10.0      0.5
SINCE 7/1         0.2              13.6   -13.4      8.5
DAYS >= 1.0         0               3.7    -3.7        0
GREATEST
 24 HR TOTAL      0.2

DEGREE_DAYS
HEATING TOTAL     652              1071    -419      922
 SINCE 7/1       1532              2330    -798     2205
COOLING TOTAL       0                 0       0        0
 SINCE 1/1        958               652     306      719
..............................................................

WIND (MPH)
AVERAGE WIND SPEED              9.9
HIGHEST WIND SPEED/DIRECTION    29/230    DATE  12/29
HIGHEST GUST SPEED/DIRECTION    38/280    DATE  12/14

SKY COVER
AVERAGE SKY COVER           0.80

AVERAGE RH (PERCENT)     75

WEATHER CONDITIONS. NUMBER OF DAYS WITH
THUNDERSTORM              0     MIXED PRECIP               0
HEAVY RAIN                2     RAIN                       7
LIGHT RAIN               16     FREEZING RAIN              0
LT FREEZING RAIN          1     HAIL                       0
HEAVY SNOW                0     SNOW                       0
LIGHT SNOW                5     SLEET                      1
FOG                      24     FOG W/VIS <= 1/4 MILE      5
HAZE                     18

-  INDICATES NEGATIVE NUMBERS.
R  INDICATES RECORD WAS SET OR TIED.
MM INDICATES DATA IS MISSING.
T  INDICATES TRACE AMOUNT.

$$
