000
CXUS51 KCLE 011554
CLMCAK


CLIMATE REPORT
NATIONAL WEATHER SERVICE CLEVELAND OH
1145 AM EDT FRI NOV 1 2013

...................................

...THE AKRON CANTON OH CLIMATE SUMMARY FOR THE MONTH OF OCTOBER 2013...

CLIMATE NORMAL PERIOD 1981 TO 2010
CLIMATE RECORD PERIOD 1887 TO 2013

WEATHER         OBSERVED          NORMAL  DEPART  LAST YEAR`S
                 VALUE   DATE(S)  VALUE   FROM    VALUE
                                          NORMAL
.............................................................
TEMPERATURE (F)
RECORD
 HIGH              89   10/01/1927
                        10/05/1922
 LOW               20   10/20/1952
HIGHEST            82   10/02
LOWEST             30   10/28
AVG. MAXIMUM     63.5              61.0     2.5     60.7
AVG. MINIMUM     45.3              42.5     2.8     44.4
MEAN             54.4              51.7     2.7     52.5
DAYS MAX >= 90      0               0.0     0.0        0
DAYS MAX <= 32      0               0.0     0.0        0
DAYS MIN <= 32      3               2.8     0.2        1
DAYS MIN <= 0       0               0.0     0.0        0

PRECIPITATION (INCHES)
RECORD
 MAXIMUM         8.42   1954
 MINIMUM         0.22   1924
TOTALS           5.29              2.83    2.46     5.29
DAYS >= .01        10              10.9    -0.9       20
DAYS >= .10         8               6.2     1.8       10
DAYS >= .50         5               1.9     3.1        4
DAYS >= 1.00        2               0.4     1.6        1
GREATEST
 24 HR. TOTAL    5.00   10/31 TO 10/31              1.35

SNOWFALL (INCHES)
RECORDS
 TOTAL            6.8   1952
TOTALS              T               0.4    -0.4        T
SINCE 7/1           T               0.4    -0.4        T
DAYS >= 1.0         0               0.1    -0.1        0
GREATEST
 24 HR TOTAL        T   10/24 TO 10/24

DEGREE_DAYS
HEATING TOTAL     349               416     -67      388
 SINCE 7/1        464               555     -91      535
COOLING TOTAL      28                 6      22        8
 SINCE 1/1        829               652     177     1046
..............................................................

WIND (MPH)
AVERAGE WIND SPEED              7.6
HIGHEST WIND SPEED/DIRECTION    32/220    DATE  10/06
HIGHEST GUST SPEED/DIRECTION    43/220    DATE  10/06

SKY COVER
AVERAGE SKY COVER           0.60

AVERAGE RH (PERCENT)     72

WEATHER CONDITIONS. NUMBER OF DAYS WITH
THUNDERSTORM              0     MIXED PRECIP               0
HEAVY RAIN                4     RAIN                       4
LIGHT RAIN               16     FREEZING RAIN              0
LT FREEZING RAIN          0     HAIL                       0
HEAVY SNOW                0     SNOW                       1
LIGHT SNOW                0     SLEET                      0
FOG                      17     FOG W/VIS <= 1/4 MILE      5
HAZE                     11

-  INDICATES NEGATIVE NUMBERS.
R  INDICATES RECORD WAS SET OR TIED.
MM INDICATES DATA IS MISSING.
T  INDICATES TRACE AMOUNT.

$$
