000
CXUS51 KCLE 061941
CLMCAK


CLIMATE REPORT
NATIONAL WEATHER SERVICE CLEVELAND OH
340 PM EDT THU AUG 6 2015

...................................

...THE AKRON CANTON OH CLIMATE SUMMARY FOR THE MONTH OF JULY 2015...

CLIMATE NORMAL PERIOD 1981 TO 2010
CLIMATE RECORD PERIOD 1887 TO 2015

WEATHER         OBSERVED          NORMAL  DEPART  LAST YEAR`S
                 VALUE   DATE(S)  VALUE   FROM    VALUE
                                          NORMAL
.............................................................
TEMPERATURE (F)
RECORD
 HIGH             102   07/14/1936
 LOW               41   07/05/1904
                        07/04/1904
HIGHEST            91   07/29
                        07/18
LOWEST             51   07/16
AVG. MAXIMUM     82.8              82.0     0.8     79.8
AVG. MINIMUM     62.2              61.9     0.3     60.5
MEAN             72.5              72.0     0.5     70.1
DAYS MAX >= 90      2               2.5    -0.5        1
DAYS MAX <= 32      0               0.0     0.0        0
DAYS MIN <= 32      0               0.0     0.0        0
DAYS MIN <= 0       0               0.0     0.0        0

PRECIPITATION (INCHES)
RECORD
 MAXIMUM        12.55   2003
 MINIMUM         0.67   1991
TOTALS           3.86              4.08   -0.22     4.16
DAYS >= .01        12              11.3     0.7       13
DAYS >= .10         6               6.8    -0.8       10
DAYS >= .50         3               2.9     0.1        4
DAYS >= 1.00        2               1.0     1.0        0
GREATEST
 24 HR. TOTAL    1.13   07/07 TO 07/08              1.11

SNOWFALL (INCHES)
RECORDS
 TOTAL             MM   MM
TOTALS            0.0               0.0     0.0      0.0
SINCE 7/1         0.0               0.0     0.0      0.0
DAYS >= 1.0         0               0.0     0.0        0
GREATEST
 24 HR TOTAL      0.0   07/31 TO 07/31

DEGREE_DAYS
HEATING TOTAL       0                 6      -6       10
 SINCE 7/1          0                 6      -6       10
COOLING TOTAL     240               222      18      177
 SINCE 1/1        570               399     171      436
..............................................................

WIND (MPH)
AVERAGE WIND SPEED              6.6
HIGHEST WIND SPEED/DIRECTION    26/310    DATE  07/14
HIGHEST GUST SPEED/DIRECTION    36/310    DATE  07/14

SKY COVER
AVERAGE SKY COVER           0.60

AVERAGE RH (PERCENT)     68

WEATHER CONDITIONS. NUMBER OF DAYS WITH
THUNDERSTORM              0     MIXED PRECIP               0
HEAVY RAIN                2     RAIN                       5
LIGHT RAIN               13     FREEZING RAIN              0
LT FREEZING RAIN          0     HAIL                       0
HEAVY SNOW                0     SNOW                       0
LIGHT SNOW                0     SLEET                      0
FOG                      16     FOG W/VIS <= 1/4 MILE      0
HAZE                     14

-  INDICATES NEGATIVE NUMBERS.
R  INDICATES RECORD WAS SET OR TIED.
MM INDICATES DATA IS MISSING.
T  INDICATES TRACE AMOUNT.

$$
