000
CXUS51 KCLE 070201 CCA
CLMCAK

CLIMATE REPORT
NATIONAL WEATHER SERVICE CLEVELAND OH
858 PM EST SAT DEC 6 2014

...................................

...THE AKRON CANTON OH CLIMATE SUMMARY FOR THE MONTH OF NOVEMBER 2014...

CLIMATE NORMAL PERIOD 1981 TO 2010
CLIMATE RECORD PERIOD 1887 TO 2014

WEATHER         OBSERVED          NORMAL  DEPART  LAST YEAR`S
                 VALUE   DATE(S)  VALUE   FROM    VALUE
                                          NORMAL
.............................................................
TEMPERATURE (F)
RECORD
 HIGH              80   11/03/1961
 LOW                    11/30/1958
HIGHEST            68   11/11
LOWEST              7   11/19
AVG. MAXIMUM     45.0              49.2    -4.2     45.7
AVG. MINIMUM     29.5              33.9    -4.4     31.3
MEAN             37.2              41.5    -4.3     38.5
DAYS MAX >= 90      0               0.0     0.0        0
DAYS MAX <= 32      4               1.7     2.3        4
DAYS MIN <= 32     19              13.2     5.8       18
DAYS MIN <= 0       0               0.0     0.0        0

PRECIPITATION (INCHES)
RECORD
 MAXIMUM         9.39   1985
 MINIMUM         0.41   1939
TOTALS           2.57              3.30   -0.73     3.14
DAYS >= .01        13              13.8    -0.8       14
DAYS >= .10         5               7.6    -2.6        9
DAYS >= .50         2               1.9     0.1        2
DAYS >= 1.00        0               0.5    -0.5        0
GREATEST
 24 HR. TOTAL    0.72   11/06 TO 11/07              0.96

SNOWFALL (INCHES)
RECORDS
 TOTAL           22.3   1950
TOTALS            8.0               3.0     5.0     10.7
SINCE 7/1         8.0               3.4     4.6     10.7
DAYS >= 1.0         1               1.1    -0.1        3
GREATEST
 24 HR TOTAL      6.1   11/17

DEGREE_DAYS
HEATING TOTAL     825               704     121      786
 SINCE 7/1       1283              1259      24     1250
COOLING TOTAL       0                 0       0        0
 SINCE 1/1        719               652      67      829
..............................................................

WIND (MPH)
AVERAGE WIND SPEED              11.3
HIGHEST WIND SPEED/DIRECTION    45/240    DATE  11/24
HIGHEST GUST SPEED/DIRECTION    62/250    DATE  11/24

SKY COVER
AVERAGE SKY COVER           0.80

AVERAGE RH (PERCENT)     68

WEATHER CONDITIONS. NUMBER OF DAYS WITH
THUNDERSTORM              0     MIXED PRECIP               0
HEAVY RAIN                2     RAIN                       3
LIGHT RAIN               11     FREEZING RAIN              1
LT FREEZING RAIN          1     HAIL                       0
HEAVY SNOW                1     SNOW                       1
LIGHT SNOW               11     SLEET                      0
FOG                      14     FOG W/VIS <= 1/4 MILE      1
HAZE                     10

-  INDICATES NEGATIVE NUMBERS.
R  INDICATES RECORD WAS SET OR TIED.
MM INDICATES DATA IS MISSING.
T  INDICATES TRACE AMOUNT.

$$
