000
CXUS51 KCLE 011908
CLMCAK


CLIMATE REPORT
NATIONAL WEATHER SERVICE CLEVELAND OH
305 PM EDT SAT OCT 1 2016

...................................

...THE AKRON CANTON OH CLIMATE SUMMARY FOR THE MONTH OF SEPTEMBER 2016...

CLIMATE NORMAL PERIOD 1981 TO 2010
CLIMATE RECORD PERIOD 1887 TO 2016

WEATHER         OBSERVED          NORMAL  DEPART  LAST YEAR`S
                 VALUE   DATE(S)  VALUE   FROM    VALUE
                                          NORMAL
.............................................................
TEMPERATURE (F)
RECORD
 HIGH              99   10/07/5881
                        10/07/5881
 LOW               29   10/07/5881
HIGHEST            92   09/06
LOWEST             46   09/27
AVG. MAXIMUM     79.3              73.0     6.3     79.8
AVG. MINIMUM     58.5              53.3     5.2     58.8
MEAN             68.9              63.1     5.8     69.3
DAYS MAX >= 90      2               0.3     1.7        5
DAYS MAX <= 32      0               0.0     0.0        0
DAYS MIN <= 32      0               0.0     0.0        0
DAYS MIN <= 0       0               0.0     0.0        0

PRECIPITATION (INCHES)
RECORD
 MAXIMUM        11.98   1926
 MINIMUM         0.20   1960
TOTALS           6.54              3.45    3.09     3.75
DAYS >= .01        10              10.2    -0.2        8
DAYS >= .10         9               6.1     2.9        7
DAYS >= .50         6               2.1     3.9        3
DAYS >= 1.00        3               0.9     2.1        1
GREATEST
 24 HR. TOTAL    1.71   09/17 TO 09/18              1.74

SNOWFALL (INCHES)
RECORDS
 TOTAL             MM   MM
TOTALS            0.0               0.0     0.0      0.0
SINCE 7/1         0.0               0.0     0.0      0.0
DAYS >= 1.0         0               0.0     0.0        0
GREATEST
 24 HR TOTAL      0.0   09/30 TO 09/30

DEGREE_DAYS
HEATING TOTAL      30               119     -89       32
 SINCE 7/1         33               139    -106       41
COOLING TOTAL     155                64      91      169
 SINCE 1/1       1109               646     463      953
..............................................................

WIND (MPH)
AVERAGE WIND SPEED              6.9
HIGHEST WIND SPEED/DIRECTION    30/280    DATE  09/10
HIGHEST GUST SPEED/DIRECTION    40/290    DATE  09/10

SKY COVER
AVERAGE SKY COVER           0.40

AVERAGE RH (PERCENT)     68

WEATHER CONDITIONS. NUMBER OF DAYS WITH
THUNDERSTORM              0     MIXED PRECIP               0
HEAVY RAIN                5     RAIN                       7
LIGHT RAIN               10     FREEZING RAIN              0
LT FREEZING RAIN          0     HAIL                       0
HEAVY SNOW                0     SNOW                       0
LIGHT SNOW                0     SLEET                      0
FOG                      12     FOG W/VIS <= 1/4 MILE      1
HAZE                      7

-  INDICATES NEGATIVE NUMBERS.
R  INDICATES RECORD WAS SET OR TIED.
MM INDICATES DATA IS MISSING.
T  INDICATES TRACE AMOUNT.

$$
