000
CXUS51 KCLE 041443
CLMCAK


CLIMATE REPORT
NATIONAL WEATHER SERVICE CLEVELAND OH
1042 AM EDT SAT APR 4 2015

...................................

...THE AKRON CANTON OH CLIMATE SUMMARY FOR THE MONTH OF MARCH 2015...

CLIMATE NORMAL PERIOD 1981 TO 2010
CLIMATE RECORD PERIOD 1887 TO 2015

WEATHER         OBSERVED          NORMAL  DEPART  LAST YEAR`S
                 VALUE   DATE(S)  VALUE   FROM    VALUE
                                          NORMAL
.............................................................
TEMPERATURE (F)
RECORD
 HIGH              83   03/22/2012
 LOW               -6   03/12/1948
HIGHEST            64   03/16
LOWEST              0   03/06
AVG. MAXIMUM     44.8              46.6    -1.8     42.2
AVG. MINIMUM     24.9              28.5    -3.6     21.8
MEAN             34.8              37.6    -2.8     32.0
DAYS MAX >= 90      0               0.0     0.0        0
DAYS MAX <= 32      4               3.6     0.4        8
DAYS MIN <= 32     20              20.4    -0.4       26
DAYS MIN <= 0       1               0.0     1.0        0

PRECIPITATION (INCHES)
RECORD
 MAXIMUM        10.46   1913
 MINIMUM         0.49   1910
TOTALS           2.76              2.98   -0.22     2.58
DAYS >= .01        12              14.0    -2.0       13
DAYS >= .10         7               7.4    -0.4        6
DAYS >= .50         2               1.7     0.3        1
DAYS >= 1.00        0               0.3    -0.3        1
GREATEST
 24 HR. TOTAL    0.70   03/14 TO 03/14              1.07

SNOWFALL (INCHES)
RECORDS
 TOTAL           20.9   1960
                        0
TOTALS            6.9               8.2    -1.3      9.7
SINCE 7/1        59.8              44.7    15.1     69.0
DAYS >= 1.0         1               2.7    -1.7        6
GREATEST
 24 HR TOTAL      5.7   MM

DEGREE_DAYS
HEATING TOTAL     928               851      77     1016
 SINCE 7/1       5771              5395     376     5839
COOLING TOTAL       0                 0       0        0
 SINCE 1/1          0                 0       0        0
..............................................................

WIND (MPH)
AVERAGE WIND SPEED              9.4
HIGHEST WIND SPEED/DIRECTION    36/210    DATE  03/29
HIGHEST GUST SPEED/DIRECTION    46/240    DATE  03/29

SKY COVER
AVERAGE SKY COVER           0.70

AVERAGE RH (PERCENT)     64

WEATHER CONDITIONS. NUMBER OF DAYS WITH
THUNDERSTORM              0     MIXED PRECIP               1
HEAVY RAIN                0     RAIN                       3
LIGHT RAIN               13     FREEZING RAIN              0
LT FREEZING RAIN          1     HAIL                       0
HEAVY SNOW                0     SNOW                       2
LIGHT SNOW                9     SLEET                      1
FOG                      15     FOG W/VIS <= 1/4 MILE      2
HAZE                     16

-  INDICATES NEGATIVE NUMBERS.
R  INDICATES RECORD WAS SET OR TIED.
MM INDICATES DATA IS MISSING.
T  INDICATES TRACE AMOUNT.

$$
