000
CDUS41 KCLE 072118
CLICLE


CLIMATE REPORT
NATIONAL WEATHER SERVICE CLEVELAND OH
518 PM EDT MON JUL 7 2014


...................................

...THE CLEVELAND OH CLIMATE SUMMARY FOR JULY 7 2014...
VALID TODAY AS OF 0500 PM LOCAL TIME.

CLIMATE NORMAL PERIOD 1981 TO 2010
CLIMATE RECORD PERIOD 1871 TO 2014


WEATHER ITEM   OBSERVED TIME   RECORD YEAR NORMAL DEPARTURE LAST
                VALUE   (LST)  VALUE       VALUE  FROM      YEAR
                                                  NORMAL
..................................................................
TEMPERATURE (F)
 TODAY
  MAXIMUM         82   1220 PM  99    1988  83     -1       81
  MINIMUM         71    656 AM  45    1968  64      7       69
  AVERAGE         77                        73      4       75

PRECIPITATION (IN)
  TODAY            T                         0.11  -0.11     0.01
  MONTH TO DATE    T                         0.77  -0.77     0.59
  SINCE JUN 1      6.26                      4.20   2.06     8.49
  SINCE JAN 1     22.53                     19.34   3.19    21.08

SNOWFALL (IN)
  TODAY            0.0                       0.0    0.0      0.0
  MONTH TO DATE    0.0                       0.0    0.0      0.0
  SINCE JUN 1      0.0                       0.0    0.0      0.0
  SINCE JUL 1      0.0                       0.0    0.0      0.0
  SNOW DEPTH       0

DEGREE DAYS
 HEATING
  TODAY            0                         0      0        0
  MONTH TO DATE    2                         0      2        0
  SINCE JUN 1     22                        42    -20       39
  SINCE JUL 1      2                         0      2        0

 COOLING
  TODAY           12                         9      3       10
  MONTH TO DATE   50                        58     -8       65
  SINCE JUN 1    232                       226      6      229
  SINCE JAN 1    298                       285     13      343
..................................................................


WIND (MPH)
  HIGHEST WIND SPEED    24   HIGHEST WIND DIRECTION    SW (230)
  HIGHEST GUST SPEED    30   HIGHEST GUST DIRECTION     S (200)


SKY COVER
  POSSIBLE SUNSHINE  MM
  AVERAGE SKY COVER 0.9


WEATHER CONDITIONS
 THE FOLLOWING WEATHER WAS RECORDED TODAY.
  THUNDERSTORM
  LIGHT RAIN


RELATIVE HUMIDITY (PERCENT)
 HIGHEST    73           800 AM
 LOWEST     54           200 AM
 AVERAGE    64

..........................................................


THE CLEVELAND OH CLIMATE NORMALS FOR TOMORROW
                         NORMAL    RECORD    YEAR
 MAXIMUM TEMPERATURE (F)   83        99      1988
 MINIMUM TEMPERATURE (F)   64        45      1984


SUNRISE AND SUNSET
JULY  7 2014..........SUNRISE   601 AM EDT   SUNSET   903 PM EDT
JULY  8 2014..........SUNRISE   602 AM EDT   SUNSET   903 PM EDT


-  INDICATES NEGATIVE NUMBERS.
R  INDICATES RECORD WAS SET OR TIED.
MM INDICATES DATA IS MISSING.
T  INDICATES TRACE AMOUNT.




$$
