258
CDUS41 KCLE 220527
CLICLE


CLIMATE REPORT
NATIONAL WEATHER SERVICE CLEVELAND OH
1227 AM EST WED FEB 22 2017


...................................

...THE CLEVELAND OH CLIMATE SUMMARY FOR FEBRUARY 21 2017...

CLIMATE NORMAL PERIOD 1981 TO 2010
CLIMATE RECORD PERIOD 1871 TO 2017


WEATHER ITEM   OBSERVED TIME   RECORD YEAR NORMAL DEPARTURE LAST
                VALUE   (LST)  VALUE       VALUE  FROM      YEAR
                                                  NORMAL
..................................................................
TEMPERATURE (F)
 YESTERDAY
  MAXIMUM         67    313 PM  70    1997  39     28       47
  MINIMUM         45   1208 AM  -2    1885  24     21       31
  AVERAGE         56                        32     24       39

PRECIPITATION (IN)
  YESTERDAY        T                         0.09  -0.09     0.00
  MONTH TO DATE    2.10                      1.72   0.38     1.82
  SINCE DEC 1      9.53                      7.54   1.99     6.15
  SINCE JAN 1      6.88                      4.44   2.44     3.19

SNOWFALL (IN)
  YESTERDAY        0.0                       0.5   -0.5      0.0
  MONTH TO DATE    2.9                      11.3   -8.4     11.8
  SINCE DEC 1     24.0                      44.1  -20.1     19.7
  SINCE JUL 1     24.9                      48.6  -23.7     20.6
  SNOW DEPTH       0

DEGREE DAYS
 HEATING
  YESTERDAY        9                        33    -24       26
  MONTH TO DATE  554                       737   -183      723
  SINCE DEC 1   2491                      2894   -403     2509
  SINCE JUL 1   3207                      3989   -782     3374

 COOLING
  YESTERDAY        0                         0      0        0
  MONTH TO DATE    0                         0      0        0
  SINCE DEC 1      0                         0      0        0
  SINCE JAN 1      0                         0      0        0
..................................................................


WIND (MPH)
  HIGHEST WIND SPEED    14   HIGHEST WIND DIRECTION     S (200)
  HIGHEST GUST SPEED    18   HIGHEST GUST DIRECTION     S (200)
  AVERAGE WIND SPEED     7.1


SKY COVER
  POSSIBLE SUNSHINE  MM
  AVERAGE SKY COVER 1.0


WEATHER CONDITIONS
 THE FOLLOWING WEATHER WAS RECORDED YESTERDAY.
  NO SIGNIFICANT WEATHER WAS OBSERVED.


RELATIVE HUMIDITY (PERCENT)
 HIGHEST    83          1100 PM
 LOWEST     40          1200 PM
 AVERAGE    62

..........................................................


THE CLEVELAND OH CLIMATE NORMALS FOR TODAY
                         NORMAL    RECORD    YEAR
 MAXIMUM TEMPERATURE (F)   39        72      1930
 MINIMUM TEMPERATURE (F)   25        -8      1963


SUNRISE AND SUNSET
FEBRUARY 22 2017......SUNRISE   712 AM EST   SUNSET   610 PM EST
FEBRUARY 23 2017......SUNRISE   711 AM EST   SUNSET   611 PM EST


-  INDICATES NEGATIVE NUMBERS.
R  INDICATES RECORD WAS SET OR TIED.
MM INDICATES DATA IS MISSING.
T  INDICATES TRACE AMOUNT.




$$
