000
CDUS41 KCLE 230531
CLICLE


CLIMATE REPORT
NATIONAL WEATHER SERVICE CLEVELAND OH
1229 AM EST TUE DEC 23 2014


...................................

...THE CLEVELAND OH CLIMATE SUMMARY FOR DECEMBER 22 2014...

CLIMATE NORMAL PERIOD 1981 TO 2010
CLIMATE RECORD PERIOD 1871 TO 2014


WEATHER ITEM   OBSERVED TIME   RECORD YEAR NORMAL DEPARTURE LAST
                VALUE   (LST)  VALUE       VALUE  FROM      YEAR
                                                  NORMAL
..................................................................
TEMPERATURE (F)
 YESTERDAY
  MAXIMUM         44    353 PM  64    1949  36      8       63
  MINIMUM         23    750 AM -15    1989  24     -1       37
  AVERAGE         34                        30      4       50

PRECIPITATION (IN)
  YESTERDAY        0.00                      0.10  -0.10     0.30
  MONTH TO DATE    1.46                      2.21  -0.75     3.74
  SINCE DEC 1      1.46                      2.21  -0.75     3.74
  SINCE JAN 1     43.56                     38.25   5.31    41.49

SNOWFALL (IN)
  YESTERDAY        0.0                       0.5   -0.5       T
  MONTH TO DATE    0.9                       9.3   -8.4     11.9
  SINCE DEC 1      0.9                       9.3   -8.4     11.9
  SINCE JUL 1     20.3                      13.8    6.5     16.6
  SNOW DEPTH       0

DEGREE DAYS
 HEATING
  YESTERDAY       31                        35     -4       15
  MONTH TO DATE  653                       690    -37      701
  SINCE DEC 1    653                       690    -37      701
  SINCE JUL 1   1987                      1785    202     1850

 COOLING
  YESTERDAY        0                         0      0        0
  MONTH TO DATE    0                         0      0        0
  SINCE DEC 1      0                         0      0        0
  SINCE JAN 1    657                       817   -160      889
..................................................................


WIND (MPH)
  HIGHEST WIND SPEED    14   HIGHEST WIND DIRECTION    SE (120)
  HIGHEST GUST SPEED    18   HIGHEST GUST DIRECTION    SE (140)
  AVERAGE WIND SPEED     6.4


SKY COVER
  POSSIBLE SUNSHINE  MM
  AVERAGE SKY COVER 0.7


WEATHER CONDITIONS
 THE FOLLOWING WEATHER WAS RECORDED YESTERDAY.
  FOG
  HAZE


RELATIVE HUMIDITY (PERCENT)
 HIGHEST    88           600 AM
 LOWEST     62           200 PM
 AVERAGE    75

..........................................................


THE CLEVELAND OH CLIMATE NORMALS FOR TODAY
                         NORMAL    RECORD    YEAR
 MAXIMUM TEMPERATURE (F)   36        61      1933
 MINIMUM TEMPERATURE (F)   24        -7      1960


SUNRISE AND SUNSET
DECEMBER 23 2014......SUNRISE   751 AM EST   SUNSET   502 PM EST
DECEMBER 24 2014......SUNRISE   751 AM EST   SUNSET   503 PM EST


-  INDICATES NEGATIVE NUMBERS.
R  INDICATES RECORD WAS SET OR TIED.
MM INDICATES DATA IS MISSING.
T  INDICATES TRACE AMOUNT.




$$
