297
CDUS41 KCLE 200528
CLICLE


CLIMATE REPORT
NATIONAL WEATHER SERVICE CLEVELAND OH
1227 AM EST MON NOV 20 2017


...................................

...THE CLEVELAND OH CLIMATE SUMMARY FOR NOVEMBER 19 2017...

CLIMATE NORMAL PERIOD 1981 TO 2010
CLIMATE RECORD PERIOD 1871 TO 2017


WEATHER ITEM   OBSERVED TIME   RECORD YEAR NORMAL DEPARTURE LAST
                VALUE   (LST)  VALUE       VALUE  FROM      YEAR
                                                  NORMAL
..................................................................
TEMPERATURE (F)
 YESTERDAY
  MAXIMUM         41    425 AM  72    1908  49     -8       68
  MINIMUM         32   1159 PM   4    1880  36     -4       34
  AVERAGE         37                        43     -6       51

PRECIPITATION (IN)
  YESTERDAY        0.14                      0.12   0.02     0.42
  MONTH TO DATE    5.67                      2.29   3.38     1.14
  SINCE SEP 1     10.16                      9.17   0.99     9.48
  SINCE JAN 1     41.79                     34.71   7.08    32.85

SNOWFALL (IN)
  YESTERDAY        0.6                       0.2    0.4      0.6
  MONTH TO DATE    0.8                       2.0   -1.2      0.6
  SINCE SEP 1      0.8                       2.2   -1.4      0.6
  SINCE JUL 1      0.8                       2.2   -1.4      0.6
  SNOW DEPTH       0

DEGREE DAYS
 HEATING
  YESTERDAY       28                        22      6       14
  MONTH TO DATE  391                       362     29      234
  SINCE SEP 1    649                       810   -161      463
  SINCE JUL 1    651                       822   -171      463

 COOLING
  YESTERDAY        0                         0      0        0
  MONTH TO DATE    0                         0      0        8
  SINCE SEP 1    222                       101    121      236
  SINCE JAN 1   1113                       816    297     1320
..................................................................


WIND (MPH)
  HIGHEST WIND SPEED    26   HIGHEST WIND DIRECTION    NW (300)
  HIGHEST GUST SPEED    38   HIGHEST GUST DIRECTION    NW (320)
  AVERAGE WIND SPEED    16.6


SKY COVER
  POSSIBLE SUNSHINE  MM
  AVERAGE SKY COVER 1.0


WEATHER CONDITIONS
 THE FOLLOWING WEATHER WAS RECORDED YESTERDAY.
  LIGHT RAIN
  SNOW
  LIGHT SNOW
  FOG


RELATIVE HUMIDITY (PERCENT)
 HIGHEST    92          1200 AM
 LOWEST     63          1100 PM
 AVERAGE    78

..........................................................


THE CLEVELAND OH CLIMATE NORMALS FOR TODAY
                         NORMAL    RECORD    YEAR
 MAXIMUM TEMPERATURE (F)   49        73      1931
 MINIMUM TEMPERATURE (F)   36        15      1951
                                             1880


SUNRISE AND SUNSET
NOVEMBER 20 2017......SUNRISE   722 AM EST   SUNSET   504 PM EST
NOVEMBER 21 2017......SUNRISE   723 AM EST   SUNSET   503 PM EST


-  INDICATES NEGATIVE NUMBERS.
R  INDICATES RECORD WAS SET OR TIED.
MM INDICATES DATA IS MISSING.
T  INDICATES TRACE AMOUNT.




$$
