000
CDUS41 KCLE 180545
CLICLE


CLIMATE REPORT
NATIONAL WEATHER SERVICE CLEVELAND OH
145 AM EDT WED OCT 18 2017


...................................

...THE CLEVELAND OH CLIMATE SUMMARY FOR OCTOBER 17 2017...

CLIMATE NORMAL PERIOD 1981 TO 2010
CLIMATE RECORD PERIOD 1871 TO 2017


WEATHER ITEM   OBSERVED TIME   RECORD YEAR NORMAL DEPARTURE LAST
                VALUE   (LST)  VALUE       VALUE  FROM      YEAR
                                                  NORMAL
..................................................................
TEMPERATURE (F)
 YESTERDAY
  MAXIMUM         67    358 PM  82    2016  62      5       82
                                      1953
                                      1950
  MINIMUM         40    226 AM  32    1981  45     -5       66
                                      1943
  AVERAGE         54                        53      1       74

PRECIPITATION (IN)
  YESTERDAY        0.00                      0.09  -0.09      T
  MONTH TO DATE    2.94                      1.74   1.20     0.60
  SINCE SEP 1      3.75                      5.55  -1.80     5.98
  SINCE JAN 1     35.38                     31.09   4.29    29.35

SNOWFALL (IN)
  YESTERDAY        0.0                       0.0    0.0      0.0
  MONTH TO DATE    0.0                       0.0    0.0      0.0
  SINCE SEP 1      0.0                       0.0    0.0      0.0
  SINCE JUL 1      0.0                       0.0    0.0      0.0
  SNOW DEPTH       0

DEGREE DAYS
 HEATING
  YESTERDAY       11                        12     -1        0
  MONTH TO DATE   39                       161   -122       72
  SINCE SEP 1     87                       252   -165       83
  SINCE JUL 1     89                       264   -175       83

 COOLING
  YESTERDAY        0                         0      0        9
  MONTH TO DATE   44                        10     34       32
  SINCE SEP 1    221                        99    122      217
  SINCE JAN 1   1112                       814    298     1301
..................................................................


WIND (MPH)
  HIGHEST WIND SPEED    21   HIGHEST WIND DIRECTION    SW (240)
  HIGHEST GUST SPEED    28   HIGHEST GUST DIRECTION     W (250)
  AVERAGE WIND SPEED    10.1


SKY COVER
  POSSIBLE SUNSHINE  MM
  AVERAGE SKY COVER 0.1


WEATHER CONDITIONS
 THE FOLLOWING WEATHER WAS RECORDED YESTERDAY.
  NO SIGNIFICANT WEATHER WAS OBSERVED.


RELATIVE HUMIDITY (PERCENT)
 HIGHEST    85           200 AM
 LOWEST     37           100 PM
 AVERAGE    61

..........................................................


THE CLEVELAND OH CLIMATE NORMALS FOR TODAY
                         NORMAL    RECORD    YEAR
 MAXIMUM TEMPERATURE (F)   62        84      1950
 MINIMUM TEMPERATURE (F)   45        28      1876


SUNRISE AND SUNSET
OCTOBER 18 2017.......SUNRISE   743 AM EDT   SUNSET   641 PM EDT
OCTOBER 19 2017.......SUNRISE   744 AM EDT   SUNSET   640 PM EDT


-  INDICATES NEGATIVE NUMBERS.
R  INDICATES RECORD WAS SET OR TIED.
MM INDICATES DATA IS MISSING.
T  INDICATES TRACE AMOUNT.




$$
