000
CDUS41 KCLE 130527
CLICLE


CLIMATE REPORT
NATIONAL WEATHER SERVICE CLEVELAND OH
127 AM EDT SUN APR 13 2014


...................................

...THE CLEVELAND OH CLIMATE SUMMARY FOR APRIL 12 2014...

CLIMATE NORMAL PERIOD 1981 TO 2010
CLIMATE RECORD PERIOD 1871 TO 2014


WEATHER ITEM   OBSERVED TIME   RECORD YEAR NORMAL DEPARTURE LAST
                VALUE   (LST)  VALUE       VALUE  FROM      YEAR
                                                  NORMAL
..................................................................
TEMPERATURE (F)
 YESTERDAY
  MAXIMUM         74    426 PM  82    2001  58     16       48
                                      1977
                                      1896
  MINIMUM         47   1226 AM  20    1939  39      8       41
  AVERAGE         61                        48     13       45

PRECIPITATION (IN)
  YESTERDAY        0.00                      0.13  -0.13     0.29
  MONTH TO DATE    2.71                      1.47   1.24     2.03
  SINCE MAR 1      4.91                      4.40   0.51     4.28
  SINCE JAN 1      9.94                      9.46   0.48     8.75

SNOWFALL (IN)
  YESTERDAY        0.0                       0.1   -0.1      0.0
  MONTH TO DATE    0.0                       2.2   -2.2      0.2
  SINCE MAR 1     15.1                      14.8    0.3     10.9
  SINCE JUL 1     84.8                      67.0   17.8     51.6
  SNOW DEPTH       0

DEGREE DAYS
 HEATING
  YESTERDAY        4                        17    -13       20
  MONTH TO DATE  184                       226    -42      235
  SINCE MAR 1   1193                      1052    141     1195
  SINCE JUL 1   5874                      5269    605     5374

 COOLING
  YESTERDAY        0                         0      0        0
  MONTH TO DATE    0                         0      0        0
  SINCE MAR 1      0                         1     -1        0
  SINCE JAN 1      0                         1     -1        0
..................................................................


WIND (MPH)
  HIGHEST WIND SPEED    23   HIGHEST WIND DIRECTION     S (160)
  HIGHEST GUST SPEED    27   HIGHEST GUST DIRECTION     S (190)
  AVERAGE WIND SPEED    10.1


SKY COVER
  POSSIBLE SUNSHINE  MM
  AVERAGE SKY COVER 0.4


WEATHER CONDITIONS
 THE FOLLOWING WEATHER WAS RECORDED YESTERDAY.
  NO SIGNIFICANT WEATHER WAS OBSERVED.


RELATIVE HUMIDITY (PERCENT)
 HIGHEST    66           600 AM
 LOWEST     27           300 PM
 AVERAGE    47

..........................................................


THE CLEVELAND OH CLIMATE NORMALS FOR TODAY
                         NORMAL    RECORD    YEAR
 MAXIMUM TEMPERATURE (F)   58        83      1941
 MINIMUM TEMPERATURE (F)   40        20      1950


SUNRISE AND SUNSET
APRIL 13 2014.........SUNRISE   651 AM EDT   SUNSET   806 PM EDT
APRIL 14 2014.........SUNRISE   649 AM EDT   SUNSET   807 PM EDT


-  INDICATES NEGATIVE NUMBERS.
R  INDICATES RECORD WAS SET OR TIED.
MM INDICATES DATA IS MISSING.
T  INDICATES TRACE AMOUNT.




$$
