000
CDUS41 KCLE 010538
CLICLE


CLIMATE REPORT
NATIONAL WEATHER SERVICE CLEVELAND OH
1235 AM EST SUN MAR 1 2015


...................................

...THE CLEVELAND OH CLIMATE SUMMARY FOR FEBRUARY 28 2015...

CLIMATE NORMAL PERIOD 1981 TO 2010
CLIMATE RECORD PERIOD 1871 TO 2015


WEATHER ITEM   OBSERVED TIME   RECORD YEAR NORMAL DEPARTURE LAST
                VALUE   (LST)  VALUE       VALUE  FROM      YEAR
                                                  NORMAL
..................................................................
TEMPERATURE (F)
 YESTERDAY
  MAXIMUM         25    249 PM  67    1939  41    -16       24
  MINIMUM         -9R   733 AM   0    1884  26    -35        1
  AVERAGE          8                        33    -25       13

PRECIPITATION (IN)
  YESTERDAY        T                         0.09  -0.09      T
  MONTH TO DATE    1.86                      2.34  -0.48     3.03
  SINCE DEC 1      6.75                      8.16  -1.41     9.13
  SINCE JAN 1      4.80                      5.06  -0.26     5.03

SNOWFALL (IN)
  YESTERDAY        T                         0.5   -0.5       T
  MONTH TO DATE   24.9                      14.9   10.0     23.8
  SINCE DEC 1     40.9                      47.7   -6.8     65.0
  SINCE JUL 1     60.3                      52.2    8.1     69.7
  SNOW DEPTH       8

DEGREE DAYS
 HEATING
  YESTERDAY       57                        32     25       52
  MONTH TO DATE 1414                       964    450     1183
  SINCE DEC 1   3616                      3122    494     3532
  SINCE JUL 1   4950                      4217    733     4681

 COOLING
  YESTERDAY        0                         0      0        0
  MONTH TO DATE    0                         0      0        0
  SINCE DEC 1      0                         0      0        0
  SINCE JAN 1      0                         0      0        0
..................................................................


WIND (MPH)
  HIGHEST WIND SPEED    10   HIGHEST WIND DIRECTION    NE (40)
  HIGHEST GUST SPEED    10   HIGHEST GUST DIRECTION    NE (40)
  AVERAGE WIND SPEED     3.2


SKY COVER
  POSSIBLE SUNSHINE  MM
  AVERAGE SKY COVER 0.3


WEATHER CONDITIONS
 THE FOLLOWING WEATHER WAS RECORDED YESTERDAY.
  LIGHT SNOW


RELATIVE HUMIDITY (PERCENT)
 HIGHEST    82           400 AM
 LOWEST     35           300 PM
 AVERAGE    59

..........................................................


THE CLEVELAND OH CLIMATE NORMALS FOR TODAY
                         NORMAL    RECORD    YEAR
 MAXIMUM TEMPERATURE (F)   41        69      1972
 MINIMUM TEMPERATURE (F)   26        -2      1884


SUNRISE AND SUNSET
MARCH  1 2015.........SUNRISE   702 AM EST   SUNSET   618 PM EST
MARCH  2 2015.........SUNRISE   701 AM EST   SUNSET   619 PM EST


-  INDICATES NEGATIVE NUMBERS.
R  INDICATES RECORD WAS SET OR TIED.
MM INDICATES DATA IS MISSING.
T  INDICATES TRACE AMOUNT.




$$
